{"id":690,"date":"2023-11-27T19:01:35","date_gmt":"2023-11-27T18:01:35","guid":{"rendered":"https:\/\/estudiowebperu.com\/ta\/?post_type=product&#038;p=690"},"modified":"2023-11-28T18:54:08","modified_gmt":"2023-11-28T17:54:08","slug":"rabbit-felix-30-funciones","status":"publish","type":"product","link":"https:\/\/tiendasamor.com\/index.php\/producto\/rabbit-felix-30-funciones\/","title":{"rendered":"Rabbit Felix 30 funciones"},"content":{"rendered":"<p>Este suave vibrador rabbit de silicona tiene 30 funciones de vibraci\u00f3n para brindarte un intenso nivel de placer cuando lo desees. Este bonito vibrador har\u00e1 cosquillas a tu cl\u00edtoris con sus intensas y poderosas orejas. El eje curvo del vibrador est\u00e1 dise\u00f1ado para masajear su punto G con su caracter\u00edstica giratoria \u00fanica dentro del eje. El juguete est\u00e1 hecho con una silicona de tacto suave de alta calidad que proporciona una sensaci\u00f3n sexy y sedosa para dejarte completamente satisfecho durante toda la noche.<\/p>\n<ul>\n<li>Material: Silicona, ABS<\/li>\n<li>30 funciones de vibraci\u00f3n<\/li>\n<li>Control de voz<\/li>\n<li>Estimula Punto G y cl\u00edtoris<\/li>\n<li>Motor potente pero silencioso<\/li>\n<li>Requiere 2 pilas AAA (No incluido)<\/li>\n<li>Largo total: 20.5 cm \u2013 Insertable: 13 cm \u2013\u00a0 Ancho 3.2 cm<\/li>\n<\/ul>\n","protected":false},"excerpt":{"rendered":"<p>SKU:\u00a0<span class=\"sku\">BI-014243<\/span><\/p>\n","protected":false},"featured_media":691,"comment_status":"open","ping_status":"closed","template":"","meta":[],"product_brand":[],"product_cat":[18,27],"product_tag":[],"class_list":{"0":"post-690","1":"product","2":"type-product","3":"status-publish","4":"has-post-thumbnail","6":"product_cat-juguetes","7":"product_cat-vibradores","9":"first","10":"instock","11":"shipping-taxable","12":"purchasable","13":"product-type-simple"},"_links":{"self":[{"href":"https:\/\/tiendasamor.com\/index.php\/wp-json\/wp\/v2\/product\/690","targetHints":{"allow":["GET"]}}],"collection":[{"href":"https:\/\/tiendasamor.com\/index.php\/wp-json\/wp\/v2\/product"}],"about":[{"href":"https:\/\/tiendasamor.com\/index.php\/wp-json\/wp\/v2\/types\/product"}],"replies":[{"embeddable":true,"href":"https:\/\/tiendasamor.com\/index.php\/wp-json\/wp\/v2\/comments?post=690"}],"wp:featuredmedia":[{"embeddable":true,"href":"https:\/\/tiendasamor.com\/index.php\/wp-json\/wp\/v2\/media\/691"}],"wp:attachment":[{"href":"https:\/\/tiendasamor.com\/index.php\/wp-json\/wp\/v2\/media?parent=690"}],"wp:term":[{"taxonomy":"product_brand","embeddable":true,"href":"https:\/\/tiendasamor.com\/index.php\/wp-json\/wp\/v2\/product_brand?post=690"},{"taxonomy":"product_cat","embeddable":true,"href":"https:\/\/tiendasamor.com\/index.php\/wp-json\/wp\/v2\/product_cat?post=690"},{"taxonomy":"product_tag","embeddable":true,"href":"https:\/\/tiendasamor.com\/index.php\/wp-json\/wp\/v2\/product_tag?post=690"}],"curies":[{"name":"wp","href":"https:\/\/api.w.org\/{rel}","templated":true}]}}