{"id":679,"date":"2023-11-27T18:49:40","date_gmt":"2023-11-27T17:49:40","guid":{"rendered":"https:\/\/estudiowebperu.com\/ta\/?post_type=product&#038;p=679"},"modified":"2024-05-15T13:05:34","modified_gmt":"2024-05-15T18:05:34","slug":"pretty-love-doreen-electric-shock","status":"publish","type":"product","link":"https:\/\/tiendasamor.com\/index.php\/producto\/pretty-love-doreen-electric-shock\/","title":{"rendered":"Pretty Love Doreen Electric Shock"},"content":{"rendered":"<ul class=\"goods_bnt_box goods_bnt_box_on\">\n<li><strong>Peso:<\/strong>\u00a060 gramos<\/li>\n<li class=\"clearfix\"><strong>Funci\u00f3n:<\/strong>\n<div>\n<div class=\"catt\">12 funciones de vibraci\u00f3n\u00a0 \/ 3 funciones de descarga el\u00e9ctrica\u00a0 \/ Control remoto de aplicaci\u00f3n m\u00f3vil<\/div>\n<\/div>\n<\/li>\n<li class=\"clearfix\"><strong>Poder:<\/strong>\n<div>\n<div class=\"catt\">USB recargable<\/div>\n<\/div>\n<\/li>\n<li class=\"clearfix\"><strong>Material:<\/strong>\n<div>\n<div class=\"catt\">ABS de\u00a0silicona<\/div>\n<\/div>\n<h4>PRETTY LOVE<br \/>\n\u00bfBusca un juguete que sea vers\u00e1til y f\u00e1cil de usar?<\/h4>\n<p>Este vibrador de huevo recargable es una gran adici\u00f3n a su juego en solitario, pero tambi\u00e9n tiene el tama\u00f1o de agarre perfecto para el juego en pareja.<\/p>\n<p>Hecho de silicona violeta con un cord\u00f3n flexible, el huevo es ideal para estimulaci\u00f3n externa, pero tambi\u00e9n es adecuado para usarlo internamente.<\/p>\n<p>\u00bfPor qu\u00e9 no intentar usar este huevo estimulante durante los juegos previos con su pareja, o incluso insertarlo para un viaje travieso a las tiendas?<\/p>\n<p>12 patrones de vibraci\u00f3n y tres patrones de descargas el\u00e9ctricas que env\u00edan sensaciones intensas por todo el cuerpo, o crean las suyas propias con la aplicaci\u00f3n gratuita controlada por tel\u00e9fono m\u00f3vil, ideal para un juguete por primera vez.<\/li>\n<\/ul>\n","protected":false},"excerpt":{"rendered":"<p>SKU: BI-014609HP-1<\/p>\n","protected":false},"featured_media":680,"comment_status":"open","ping_status":"closed","template":"","meta":[],"product_brand":[],"product_cat":[40,18,27],"product_tag":[],"class_list":{"0":"post-679","1":"product","2":"type-product","3":"status-publish","4":"has-post-thumbnail","6":"product_cat-bolas-chinas","7":"product_cat-juguetes","8":"product_cat-vibradores","10":"first","11":"instock","12":"shipping-taxable","13":"purchasable","14":"product-type-simple"},"_links":{"self":[{"href":"https:\/\/tiendasamor.com\/index.php\/wp-json\/wp\/v2\/product\/679","targetHints":{"allow":["GET"]}}],"collection":[{"href":"https:\/\/tiendasamor.com\/index.php\/wp-json\/wp\/v2\/product"}],"about":[{"href":"https:\/\/tiendasamor.com\/index.php\/wp-json\/wp\/v2\/types\/product"}],"replies":[{"embeddable":true,"href":"https:\/\/tiendasamor.com\/index.php\/wp-json\/wp\/v2\/comments?post=679"}],"wp:featuredmedia":[{"embeddable":true,"href":"https:\/\/tiendasamor.com\/index.php\/wp-json\/wp\/v2\/media\/680"}],"wp:attachment":[{"href":"https:\/\/tiendasamor.com\/index.php\/wp-json\/wp\/v2\/media?parent=679"}],"wp:term":[{"taxonomy":"product_brand","embeddable":true,"href":"https:\/\/tiendasamor.com\/index.php\/wp-json\/wp\/v2\/product_brand?post=679"},{"taxonomy":"product_cat","embeddable":true,"href":"https:\/\/tiendasamor.com\/index.php\/wp-json\/wp\/v2\/product_cat?post=679"},{"taxonomy":"product_tag","embeddable":true,"href":"https:\/\/tiendasamor.com\/index.php\/wp-json\/wp\/v2\/product_tag?post=679"}],"curies":[{"name":"wp","href":"https:\/\/api.w.org\/{rel}","templated":true}]}}