{"id":5934,"date":"2026-04-08T17:22:14","date_gmt":"2026-04-08T22:22:14","guid":{"rendered":"https:\/\/tiendasamor.com\/?post_type=product&#038;p=5934"},"modified":"2026-04-08T17:22:29","modified_gmt":"2026-04-08T22:22:29","slug":"huevo-vibrador-nymph-control-a-distancia","status":"publish","type":"product","link":"https:\/\/tiendasamor.com\/index.php\/producto\/huevo-vibrador-nymph-control-a-distancia\/","title":{"rendered":"Huevo Vibrador Nymph Control a Distancia"},"content":{"rendered":"<p>M\u00e1s diversi\u00f3n y m\u00e1s exploraci\u00f3n para ti y tu pareja. Este huevo vibrador controlado por app es perfecto para un placer silencioso y discreto, y un entrenamiento eficaz del suelo p\u00e9lvico. Se controla f\u00e1cilmente a trav\u00e9s de la app desde cualquier lugar. Los 12 modos se ajustan f\u00e1cilmente con el bot\u00f3n del tel\u00e9fono para momentos de placer sorprendentes y emocionantes juegos de control. La bala vibradora est\u00e1 recubierta de silicona suave, que proporciona una agradable sensaci\u00f3n al tacto durante el placer y el entrenamiento, y solo necesita una pila AAA para funcionar<\/p>\n<table border=\"0\" width=\"100%\" cellspacing=\"1\" cellpadding=\"3\" bgcolor=\"#dddddd\">\n<tbody>\n<tr>\n<td align=\"left\" width=\"30%\">Funci\u00f3n<\/td>\n<td align=\"left\" width=\"70%\">12 funciones de vibraci\u00f3n Aplicaci\u00f3n m\u00f3vil Control a larga distancia<\/td>\n<\/tr>\n<tr>\n<td align=\"left\" width=\"30%\">Material<\/td>\n<td align=\"left\" width=\"70%\">abdominales<\/td>\n<\/tr>\n<tr>\n<td align=\"left\" width=\"30%\">Fuerza<\/td>\n<td align=\"left\" width=\"70%\">1 pila AAA<\/td>\n<\/tr>\n<\/tbody>\n<\/table>\n","protected":false},"excerpt":{"rendered":"<p>M\u00e1s diversi\u00f3n y m\u00e1s exploraci\u00f3n para ti y tu pareja. Este huevo vibrador controlado por app es perfecto para un placer silencioso y discreto, y un entrenamiento eficaz del suelo p\u00e9lvico. Se controla f\u00e1cilmente a trav\u00e9s de la app desde cualquier lugar. Los 12 modos se ajustan f\u00e1cilmente con el bot\u00f3n del tel\u00e9fono para momentos [&hellip;]<\/p>\n","protected":false},"featured_media":5935,"comment_status":"open","ping_status":"closed","template":"","meta":[],"product_brand":[],"product_cat":[40,44,27],"product_tag":[],"class_list":{"0":"post-5934","1":"product","2":"type-product","3":"status-publish","4":"has-post-thumbnail","6":"product_cat-bolas-chinas","7":"product_cat-clitorales","8":"product_cat-vibradores","10":"first","11":"instock","12":"shipping-taxable","13":"purchasable","14":"product-type-simple"},"_links":{"self":[{"href":"https:\/\/tiendasamor.com\/index.php\/wp-json\/wp\/v2\/product\/5934","targetHints":{"allow":["GET"]}}],"collection":[{"href":"https:\/\/tiendasamor.com\/index.php\/wp-json\/wp\/v2\/product"}],"about":[{"href":"https:\/\/tiendasamor.com\/index.php\/wp-json\/wp\/v2\/types\/product"}],"replies":[{"embeddable":true,"href":"https:\/\/tiendasamor.com\/index.php\/wp-json\/wp\/v2\/comments?post=5934"}],"wp:featuredmedia":[{"embeddable":true,"href":"https:\/\/tiendasamor.com\/index.php\/wp-json\/wp\/v2\/media\/5935"}],"wp:attachment":[{"href":"https:\/\/tiendasamor.com\/index.php\/wp-json\/wp\/v2\/media?parent=5934"}],"wp:term":[{"taxonomy":"product_brand","embeddable":true,"href":"https:\/\/tiendasamor.com\/index.php\/wp-json\/wp\/v2\/product_brand?post=5934"},{"taxonomy":"product_cat","embeddable":true,"href":"https:\/\/tiendasamor.com\/index.php\/wp-json\/wp\/v2\/product_cat?post=5934"},{"taxonomy":"product_tag","embeddable":true,"href":"https:\/\/tiendasamor.com\/index.php\/wp-json\/wp\/v2\/product_tag?post=5934"}],"curies":[{"name":"wp","href":"https:\/\/api.w.org\/{rel}","templated":true}]}}