{"id":5867,"date":"2026-04-08T11:51:51","date_gmt":"2026-04-08T16:51:51","guid":{"rendered":"https:\/\/tiendasamor.com\/?post_type=product&#038;p=5867"},"modified":"2026-04-08T11:51:51","modified_gmt":"2026-04-08T16:51:51","slug":"funda-add-2-pleasure-x-tender-penis-sleeve-brown","status":"publish","type":"product","link":"https:\/\/tiendasamor.com\/index.php\/producto\/funda-add-2-pleasure-x-tender-penis-sleeve-brown\/","title":{"rendered":"FUNDA Add 2 Pleasure X Tender Penis Sleeve Brown"},"content":{"rendered":"<p>\u00a1Intensifique el placer para ambos y agrega cm al instante con la funda Pleasure X-Tender de LOVETOY!<\/p>\n<p>Esta extensi\u00f3n realista es superel\u00e1stica para acomodarse a diferentes tama\u00f1os del pene, lo suficientemente apretada para ayudarlo a durar m\u00e1s tiempo, y el material supersuave se siente como una segunda piel, \u00a1solo que mejor!<\/p>\n<p>La superficie externa est\u00e1 texturizada con venas realistas y presenta una cabeza bulbosa para garantizar que tu pareja experimente sensaciones placenteras. \u00a1Experimenta sin tener que involucrar a otros con The LoveToy\u00a0 Pleasure Extension!<\/p>\n<p>Para una diversi\u00f3n a la temperatura corporal y superrealista, remoje la extensi\u00f3n en agua tibia antes de jugar.<\/p>\n<ul>\n<li>\n<p class=\"mb-2\">Cautiva, con su dise\u00f1o realista y textura suave.<\/p>\n<ul>\n<li>Color: Caf\u00e9 medio<\/li>\n<li>Tama\u00f1o:<\/li>\n<li>Longitud (Manga) 18 cm<\/li>\n<li>Longitud (Manga interior) 14 cm<\/li>\n<li>Ancho (manga) 4 cm<\/li>\n<li>Funciones de modelo: Funda para pene<\/li>\n<li>Certificaci\u00f3n: CE<\/li>\n<li>Aprueba de agua: Si<\/li>\n<\/ul>\n<\/li>\n<\/ul>\n<table>\n<tbody>\n<tr>\n<td>\n<ul>\n<li><strong>Cuidado y limpieza:<\/strong>\u00a0Jab\u00f3n suave o limpiador de juguetes.<\/li>\n<li><strong>Confidencialidad:<\/strong>\u00a0Tus pedidos se env\u00edan en una caja o sobre totalmente sellado y opaco sin ning\u00fan tipo de marcas externas. Para nosotros es muy importante tu privacidad.<\/li>\n<\/ul>\n<\/td>\n<\/tr>\n<\/tbody>\n<\/table>\n<ul>\n<li>Confidencialidad: Tus pedidos se env\u00edan en una caja o sobre totalmente sellado opaco sin ning\u00fan tipo de marcas externas. Para nosotros es muy importante tu privacidad..<\/li>\n<\/ul>\n","protected":false},"excerpt":{"rendered":"<p>\u00a1Intensifique el placer para ambos y agrega cm al instante con la funda Pleasure X-Tender de LOVETOY! Esta extensi\u00f3n realista es superel\u00e1stica para acomodarse a diferentes tama\u00f1os del pene, lo suficientemente apretada para ayudarlo a durar m\u00e1s tiempo, y el material supersuave se siente como una segunda piel, \u00a1solo que mejor! La superficie externa est\u00e1 [&hellip;]<\/p>\n","protected":false},"featured_media":5868,"comment_status":"open","ping_status":"closed","template":"","meta":[],"product_brand":[],"product_cat":[45],"product_tag":[],"class_list":{"0":"post-5867","1":"product","2":"type-product","3":"status-publish","4":"has-post-thumbnail","6":"product_cat-fundas-extensoras","8":"first","9":"instock","10":"shipping-taxable","11":"purchasable","12":"product-type-simple"},"_links":{"self":[{"href":"https:\/\/tiendasamor.com\/index.php\/wp-json\/wp\/v2\/product\/5867","targetHints":{"allow":["GET"]}}],"collection":[{"href":"https:\/\/tiendasamor.com\/index.php\/wp-json\/wp\/v2\/product"}],"about":[{"href":"https:\/\/tiendasamor.com\/index.php\/wp-json\/wp\/v2\/types\/product"}],"replies":[{"embeddable":true,"href":"https:\/\/tiendasamor.com\/index.php\/wp-json\/wp\/v2\/comments?post=5867"}],"wp:featuredmedia":[{"embeddable":true,"href":"https:\/\/tiendasamor.com\/index.php\/wp-json\/wp\/v2\/media\/5868"}],"wp:attachment":[{"href":"https:\/\/tiendasamor.com\/index.php\/wp-json\/wp\/v2\/media?parent=5867"}],"wp:term":[{"taxonomy":"product_brand","embeddable":true,"href":"https:\/\/tiendasamor.com\/index.php\/wp-json\/wp\/v2\/product_brand?post=5867"},{"taxonomy":"product_cat","embeddable":true,"href":"https:\/\/tiendasamor.com\/index.php\/wp-json\/wp\/v2\/product_cat?post=5867"},{"taxonomy":"product_tag","embeddable":true,"href":"https:\/\/tiendasamor.com\/index.php\/wp-json\/wp\/v2\/product_tag?post=5867"}],"curies":[{"name":"wp","href":"https:\/\/api.w.org\/{rel}","templated":true}]}}