{"id":5857,"date":"2026-03-10T19:41:50","date_gmt":"2026-03-11T00:41:50","guid":{"rendered":"https:\/\/tiendasamor.com\/?post_type=product&#038;p=5857"},"modified":"2026-03-10T19:42:24","modified_gmt":"2026-03-11T00:42:24","slug":"corset-modelador-con-encaje-y-liguero","status":"publish","type":"product","link":"https:\/\/tiendasamor.com\/index.php\/producto\/corset-modelador-con-encaje-y-liguero\/","title":{"rendered":"Corset modelador  con encaje y liguero"},"content":{"rendered":"<p>Incre\u00edblemente sexy y elegante, modelando un oso negro.<br \/>\nConfeccionado en c\u00f3modo tejido el\u00e1stico con inserciones de encaje.<\/p>\n","protected":false},"excerpt":{"rendered":"<p>Incre\u00edblemente sexy y elegante, modelando un oso negro. Confeccionado en c\u00f3modo tejido el\u00e1stico con inserciones de encaje.<\/p>\n","protected":false},"featured_media":5859,"comment_status":"open","ping_status":"closed","template":"","meta":[],"product_brand":[],"product_cat":[52],"product_tag":[],"class_list":{"0":"post-5857","1":"product","2":"type-product","3":"status-publish","4":"has-post-thumbnail","6":"product_cat-corset","8":"first","9":"instock","10":"shipping-taxable","11":"purchasable","12":"product-type-simple"},"_links":{"self":[{"href":"https:\/\/tiendasamor.com\/index.php\/wp-json\/wp\/v2\/product\/5857","targetHints":{"allow":["GET"]}}],"collection":[{"href":"https:\/\/tiendasamor.com\/index.php\/wp-json\/wp\/v2\/product"}],"about":[{"href":"https:\/\/tiendasamor.com\/index.php\/wp-json\/wp\/v2\/types\/product"}],"replies":[{"embeddable":true,"href":"https:\/\/tiendasamor.com\/index.php\/wp-json\/wp\/v2\/comments?post=5857"}],"wp:featuredmedia":[{"embeddable":true,"href":"https:\/\/tiendasamor.com\/index.php\/wp-json\/wp\/v2\/media\/5859"}],"wp:attachment":[{"href":"https:\/\/tiendasamor.com\/index.php\/wp-json\/wp\/v2\/media?parent=5857"}],"wp:term":[{"taxonomy":"product_brand","embeddable":true,"href":"https:\/\/tiendasamor.com\/index.php\/wp-json\/wp\/v2\/product_brand?post=5857"},{"taxonomy":"product_cat","embeddable":true,"href":"https:\/\/tiendasamor.com\/index.php\/wp-json\/wp\/v2\/product_cat?post=5857"},{"taxonomy":"product_tag","embeddable":true,"href":"https:\/\/tiendasamor.com\/index.php\/wp-json\/wp\/v2\/product_tag?post=5857"}],"curies":[{"name":"wp","href":"https:\/\/api.w.org\/{rel}","templated":true}]}}