{"id":5800,"date":"2026-03-07T13:03:06","date_gmt":"2026-03-07T18:03:06","guid":{"rendered":"https:\/\/tiendasamor.com\/?post_type=product&#038;p=5800"},"modified":"2026-03-07T13:03:06","modified_gmt":"2026-03-07T18:03:06","slug":"pretty-love-tiemeyer","status":"publish","type":"product","link":"https:\/\/tiendasamor.com\/index.php\/producto\/pretty-love-tiemeyer\/","title":{"rendered":"Pretty Love Tiemeyer"},"content":{"rendered":"<p><span dir=\"auto\">Otro fant\u00e1stico consolador de nuestra gama de juguetes sexuales realistas, hecho de material TPR realista con dise\u00f1o de n\u00facleo vertebral. Este consolador super realista tiene una cabeza generosa y una piel deslizante para mayores sensaciones y un realismo extra. Un consolador grande con ventosa en la base para los juegos en solitario m\u00e1s incre\u00edbles. \u00a1Es una bestia, el dise\u00f1o de n\u00facleo vertebral te permite encontrar siempre el punto perfecto!<\/span><\/p>\n<ul>\n<li>Funci\u00f3n: Base de succi\u00f3n<\/li>\n<li>Impermeable<\/li>\n<li>Material: TPR<\/li>\n<\/ul>\n","protected":false},"excerpt":{"rendered":"<p>Otro fant\u00e1stico consolador de nuestra gama de juguetes sexuales realistas, hecho de material TPR realista con dise\u00f1o de n\u00facleo vertebral. Este consolador super realista tiene una cabeza generosa y una piel deslizante para mayores sensaciones y un realismo extra. Un consolador grande con ventosa en la base para los juegos en solitario m\u00e1s incre\u00edbles. \u00a1Es [&hellip;]<\/p>\n","protected":false},"featured_media":5801,"comment_status":"open","ping_status":"closed","template":"","meta":[],"product_brand":[],"product_cat":[29],"product_tag":[],"class_list":{"0":"post-5800","1":"product","2":"type-product","3":"status-publish","4":"has-post-thumbnail","6":"product_cat-consoladores-y-dildos","8":"first","9":"instock","10":"shipping-taxable","11":"purchasable","12":"product-type-simple"},"_links":{"self":[{"href":"https:\/\/tiendasamor.com\/index.php\/wp-json\/wp\/v2\/product\/5800","targetHints":{"allow":["GET"]}}],"collection":[{"href":"https:\/\/tiendasamor.com\/index.php\/wp-json\/wp\/v2\/product"}],"about":[{"href":"https:\/\/tiendasamor.com\/index.php\/wp-json\/wp\/v2\/types\/product"}],"replies":[{"embeddable":true,"href":"https:\/\/tiendasamor.com\/index.php\/wp-json\/wp\/v2\/comments?post=5800"}],"wp:featuredmedia":[{"embeddable":true,"href":"https:\/\/tiendasamor.com\/index.php\/wp-json\/wp\/v2\/media\/5801"}],"wp:attachment":[{"href":"https:\/\/tiendasamor.com\/index.php\/wp-json\/wp\/v2\/media?parent=5800"}],"wp:term":[{"taxonomy":"product_brand","embeddable":true,"href":"https:\/\/tiendasamor.com\/index.php\/wp-json\/wp\/v2\/product_brand?post=5800"},{"taxonomy":"product_cat","embeddable":true,"href":"https:\/\/tiendasamor.com\/index.php\/wp-json\/wp\/v2\/product_cat?post=5800"},{"taxonomy":"product_tag","embeddable":true,"href":"https:\/\/tiendasamor.com\/index.php\/wp-json\/wp\/v2\/product_tag?post=5800"}],"curies":[{"name":"wp","href":"https:\/\/api.w.org\/{rel}","templated":true}]}}