{"id":5281,"date":"2026-01-31T18:07:57","date_gmt":"2026-01-31T23:07:57","guid":{"rendered":"https:\/\/tiendasamor.com\/?post_type=product&#038;p=5281"},"modified":"2026-01-31T18:07:57","modified_gmt":"2026-01-31T23:07:57","slug":"pretty-love-lamar-2","status":"publish","type":"product","link":"https:\/\/tiendasamor.com\/index.php\/producto\/pretty-love-lamar-2\/","title":{"rendered":"Pretty Love Lamar"},"content":{"rendered":"<p>Este vibrador est\u00e1 dise\u00f1ado con un eje curvo ideal para la estimulaci\u00f3n del punto G, mientras que su forma s\u00f3lida permite una mayor sensaci\u00f3n al entrar y salir del cuerpo. El s\u00f3lido vibrador de conejo externo permite al usuario obtener una estimulaci\u00f3n del cl\u00edtoris enfocada. Tiene una pantalla LCD digital f\u00e1cil de usar que muestra la configuraci\u00f3n y el nivel de la bater\u00eda. Es el complemento perfecto para el dormitorio de las parejas que disfrutan de un contacto vibratorio intenso, sensual y pleno.<\/p>\n<ul>\n<li>Material: Silicona Medica<\/li>\n<li>10 funciones de vibraci\u00f3n<\/li>\n<li>9 niveles de velocidad<\/li>\n<li>Libre de ftalatos y l\u00e1tex<\/li>\n<li>Impermeable<\/li>\n<li>Recargable: Cable USB Incluido<\/li>\n<li>Largo total: 22.6 cm \u2013 Ancho: 3.5 cm.<\/li>\n<\/ul>\n","protected":false},"excerpt":{"rendered":"<p>Este vibrador est\u00e1 dise\u00f1ado con un eje curvo ideal para la estimulaci\u00f3n del punto G, mientras que su forma s\u00f3lida permite una mayor sensaci\u00f3n al entrar y salir del cuerpo. El s\u00f3lido vibrador de conejo externo permite al usuario obtener una estimulaci\u00f3n del cl\u00edtoris enfocada. Tiene una pantalla LCD digital f\u00e1cil de usar que muestra [&hellip;]<\/p>\n","protected":false},"featured_media":5282,"comment_status":"open","ping_status":"closed","template":"","meta":[],"product_brand":[],"product_cat":[44,43,27],"product_tag":[],"class_list":{"0":"post-5281","1":"product","2":"type-product","3":"status-publish","4":"has-post-thumbnail","6":"product_cat-clitorales","7":"product_cat-rabbit","8":"product_cat-vibradores","10":"first","11":"instock","12":"shipping-taxable","13":"purchasable","14":"product-type-simple"},"_links":{"self":[{"href":"https:\/\/tiendasamor.com\/index.php\/wp-json\/wp\/v2\/product\/5281","targetHints":{"allow":["GET"]}}],"collection":[{"href":"https:\/\/tiendasamor.com\/index.php\/wp-json\/wp\/v2\/product"}],"about":[{"href":"https:\/\/tiendasamor.com\/index.php\/wp-json\/wp\/v2\/types\/product"}],"replies":[{"embeddable":true,"href":"https:\/\/tiendasamor.com\/index.php\/wp-json\/wp\/v2\/comments?post=5281"}],"wp:featuredmedia":[{"embeddable":true,"href":"https:\/\/tiendasamor.com\/index.php\/wp-json\/wp\/v2\/media\/5282"}],"wp:attachment":[{"href":"https:\/\/tiendasamor.com\/index.php\/wp-json\/wp\/v2\/media?parent=5281"}],"wp:term":[{"taxonomy":"product_brand","embeddable":true,"href":"https:\/\/tiendasamor.com\/index.php\/wp-json\/wp\/v2\/product_brand?post=5281"},{"taxonomy":"product_cat","embeddable":true,"href":"https:\/\/tiendasamor.com\/index.php\/wp-json\/wp\/v2\/product_cat?post=5281"},{"taxonomy":"product_tag","embeddable":true,"href":"https:\/\/tiendasamor.com\/index.php\/wp-json\/wp\/v2\/product_tag?post=5281"}],"curies":[{"name":"wp","href":"https:\/\/api.w.org\/{rel}","templated":true}]}}