{"id":5252,"date":"2026-01-31T17:28:54","date_gmt":"2026-01-31T22:28:54","guid":{"rendered":"https:\/\/tiendasamor.com\/?post_type=product&#038;p=5252"},"modified":"2026-01-31T17:28:54","modified_gmt":"2026-01-31T22:28:54","slug":"pretty-love-perdrta-3-in-1-multi-function","status":"publish","type":"product","link":"https:\/\/tiendasamor.com\/index.php\/producto\/pretty-love-perdrta-3-in-1-multi-function\/","title":{"rendered":"Pretty Love Perdrta 3 in 1 Multi Function"},"content":{"rendered":"<p><span dir=\"auto\">Un mundo de placer te espera con este vibrador conejo multifunci\u00f3n! Experimenta lo mejor de ambos mundos con los 7 potentes modos de vibraci\u00f3n y las 7 configuraciones de pulsaci\u00f3n de este estimulador con forma de conejo. Sum\u00e9rgete en una suave estimulaci\u00f3n con revestimiento de silicona para una experiencia totalmente impermeable que te excitar\u00e1 dentro y fuera de la cama. Adem\u00e1s, siempre est\u00e1 listo para usar gracias a su carga magn\u00e9tica USB: \u00a1la diversi\u00f3n nunca tiene fin!<\/span><\/p>\n<table border=\"0\" width=\"100%\" cellspacing=\"1\" cellpadding=\"3\" bgcolor=\"#dddddd\">\n<tbody>\n<tr>\n<td align=\"left\" width=\"30%\"><span dir=\"auto\">Funci\u00f3n<\/span><\/td>\n<td align=\"left\" width=\"70%\"><span dir=\"auto\">7 funciones de golpeteo 7 funciones de golpeteo<\/span><\/td>\n<\/tr>\n<tr>\n<td align=\"left\" width=\"30%\"><span dir=\"auto\">Material<\/span><\/td>\n<td align=\"left\" width=\"70%\"><span dir=\"auto\">Silicona<\/span><\/td>\n<\/tr>\n<tr>\n<td align=\"left\" width=\"30%\"><span dir=\"auto\">Fuerza<\/span><\/td>\n<td align=\"left\" width=\"70%\"><span dir=\"auto\">Carga USB magn\u00e9tica<\/span><\/td>\n<\/tr>\n<\/tbody>\n<\/table>\n","protected":false},"excerpt":{"rendered":"<p>Un mundo de placer te espera con este vibrador conejo multifunci\u00f3n! Experimenta lo mejor de ambos mundos con los 7 potentes modos de vibraci\u00f3n y las 7 configuraciones de pulsaci\u00f3n de este estimulador con forma de conejo. Sum\u00e9rgete en una suave estimulaci\u00f3n con revestimiento de silicona para una experiencia totalmente impermeable que te excitar\u00e1 dentro [&hellip;]<\/p>\n","protected":false},"featured_media":5254,"comment_status":"open","ping_status":"closed","template":"","meta":[],"product_brand":[],"product_cat":[44,43,27],"product_tag":[],"class_list":{"0":"post-5252","1":"product","2":"type-product","3":"status-publish","4":"has-post-thumbnail","6":"product_cat-clitorales","7":"product_cat-rabbit","8":"product_cat-vibradores","10":"first","11":"instock","12":"shipping-taxable","13":"purchasable","14":"product-type-simple"},"_links":{"self":[{"href":"https:\/\/tiendasamor.com\/index.php\/wp-json\/wp\/v2\/product\/5252","targetHints":{"allow":["GET"]}}],"collection":[{"href":"https:\/\/tiendasamor.com\/index.php\/wp-json\/wp\/v2\/product"}],"about":[{"href":"https:\/\/tiendasamor.com\/index.php\/wp-json\/wp\/v2\/types\/product"}],"replies":[{"embeddable":true,"href":"https:\/\/tiendasamor.com\/index.php\/wp-json\/wp\/v2\/comments?post=5252"}],"wp:featuredmedia":[{"embeddable":true,"href":"https:\/\/tiendasamor.com\/index.php\/wp-json\/wp\/v2\/media\/5254"}],"wp:attachment":[{"href":"https:\/\/tiendasamor.com\/index.php\/wp-json\/wp\/v2\/media?parent=5252"}],"wp:term":[{"taxonomy":"product_brand","embeddable":true,"href":"https:\/\/tiendasamor.com\/index.php\/wp-json\/wp\/v2\/product_brand?post=5252"},{"taxonomy":"product_cat","embeddable":true,"href":"https:\/\/tiendasamor.com\/index.php\/wp-json\/wp\/v2\/product_cat?post=5252"},{"taxonomy":"product_tag","embeddable":true,"href":"https:\/\/tiendasamor.com\/index.php\/wp-json\/wp\/v2\/product_tag?post=5252"}],"curies":[{"name":"wp","href":"https:\/\/api.w.org\/{rel}","templated":true}]}}