{"id":5156,"date":"2026-01-03T18:04:41","date_gmt":"2026-01-03T23:04:41","guid":{"rendered":"https:\/\/tiendasamor.com\/?post_type=product&#038;p=5156"},"modified":"2026-01-03T18:04:42","modified_gmt":"2026-01-03T23:04:42","slug":"funda-brave-man","status":"publish","type":"product","link":"https:\/\/tiendasamor.com\/index.php\/producto\/funda-brave-man\/","title":{"rendered":"Funda Brave Man"},"content":{"rendered":"<p>Dale m\u00e1s potencia a tu pene con este extensor el\u00e1stico. \u00a1Esta funda para el pene extiende tu pene y aumenta tu circunferencia por todos lados! A tu pareja le encantar\u00e1 tu nuevo yo. Su material realista fue desarrollado para imitar la sensaci\u00f3n del cuerpo humano. \u00dasalo con este vibrador de contacto que est\u00e1 hecho para satisfacerte a ti y a tu pareja enviando esas dulces vibraciones. Para disfrutarlo, simplemente est\u00edralo sobre tu pene erecto, recorta la base para un ajuste perfecto e introd\u00facelo en tu pareja.<\/p>\n<table border=\"0\" width=\"100%\" cellspacing=\"1\" cellpadding=\"3\" bgcolor=\"#dddddd\">\n<tbody>\n<tr>\n<td align=\"left\" width=\"30%\"><span dir=\"auto\">Funci\u00f3n<\/span><\/td>\n<td align=\"left\" width=\"70%\"><span dir=\"auto\">Vibraci\u00f3n<\/span><\/td>\n<\/tr>\n<tr>\n<td align=\"left\" width=\"30%\"><span dir=\"auto\">Material<\/span><\/td>\n<td align=\"left\" width=\"70%\"><span dir=\"auto\">TPR<\/span><\/td>\n<\/tr>\n<tr>\n<td align=\"left\" width=\"30%\"><span dir=\"auto\">Fuerza<\/span><\/td>\n<td align=\"left\" width=\"70%\"><span dir=\"auto\">2 pilas LR1130 + 3 pilas LR41<\/span><\/td>\n<\/tr>\n<\/tbody>\n<\/table>\n","protected":false},"excerpt":{"rendered":"<p>Dale m\u00e1s potencia a tu pene con este extensor el\u00e1stico. \u00a1Esta funda para el pene extiende tu pene y aumenta tu circunferencia por todos lados! A tu pareja le encantar\u00e1 tu nuevo yo. Su material realista fue desarrollado para imitar la sensaci\u00f3n del cuerpo humano. \u00dasalo con este vibrador de contacto que est\u00e1 hecho para [&hellip;]<\/p>\n","protected":false},"featured_media":5157,"comment_status":"open","ping_status":"closed","template":"","meta":[],"product_brand":[],"product_cat":[45,46],"product_tag":[],"class_list":{"0":"post-5156","1":"product","2":"type-product","3":"status-publish","4":"has-post-thumbnail","6":"product_cat-fundas-extensoras","7":"product_cat-protesis","9":"first","10":"instock","11":"shipping-taxable","12":"purchasable","13":"product-type-simple"},"_links":{"self":[{"href":"https:\/\/tiendasamor.com\/index.php\/wp-json\/wp\/v2\/product\/5156","targetHints":{"allow":["GET"]}}],"collection":[{"href":"https:\/\/tiendasamor.com\/index.php\/wp-json\/wp\/v2\/product"}],"about":[{"href":"https:\/\/tiendasamor.com\/index.php\/wp-json\/wp\/v2\/types\/product"}],"replies":[{"embeddable":true,"href":"https:\/\/tiendasamor.com\/index.php\/wp-json\/wp\/v2\/comments?post=5156"}],"wp:featuredmedia":[{"embeddable":true,"href":"https:\/\/tiendasamor.com\/index.php\/wp-json\/wp\/v2\/media\/5157"}],"wp:attachment":[{"href":"https:\/\/tiendasamor.com\/index.php\/wp-json\/wp\/v2\/media?parent=5156"}],"wp:term":[{"taxonomy":"product_brand","embeddable":true,"href":"https:\/\/tiendasamor.com\/index.php\/wp-json\/wp\/v2\/product_brand?post=5156"},{"taxonomy":"product_cat","embeddable":true,"href":"https:\/\/tiendasamor.com\/index.php\/wp-json\/wp\/v2\/product_cat?post=5156"},{"taxonomy":"product_tag","embeddable":true,"href":"https:\/\/tiendasamor.com\/index.php\/wp-json\/wp\/v2\/product_tag?post=5156"}],"curies":[{"name":"wp","href":"https:\/\/api.w.org\/{rel}","templated":true}]}}