{"id":5076,"date":"2025-12-18T18:45:52","date_gmt":"2025-12-18T23:45:52","guid":{"rendered":"https:\/\/tiendasamor.com\/?post_type=product&#038;p=5076"},"modified":"2025-12-18T18:45:52","modified_gmt":"2025-12-18T23:45:52","slug":"fuda-pretty-love-penis-sleeve-brad","status":"publish","type":"product","link":"https:\/\/tiendasamor.com\/index.php\/producto\/fuda-pretty-love-penis-sleeve-brad\/","title":{"rendered":"Fuda Pretty Love Penis Sleeve Brad"},"content":{"rendered":"<p><span dir=\"auto\">Divi\u00e9rtete de verdad con esta funda vibradora para el pene. Esta funda para el pene, que mejora la erecci\u00f3n y promete placer, est\u00e1 hecha de TPE suave y se fija en su lugar mediante un lazo para bolas. Un peque\u00f1o y potente vibrador en el centro y la parte de extensi\u00f3n de la funda le brindan placer adicional. La funda el\u00e1stica se ajusta a tu pene para una erecci\u00f3n m\u00e1s fuerte y duradera, lo que te da m\u00e1s tiempo para disfrutar<\/span><\/p>\n<table border=\"0\" width=\"100%\" cellspacing=\"1\" cellpadding=\"3\" bgcolor=\"#dddddd\">\n<tbody>\n<tr>\n<td align=\"left\" width=\"30%\"><span dir=\"auto\">Funci\u00f3n<\/span><\/td>\n<td align=\"left\" width=\"70%\"><span dir=\"auto\">Vibraci\u00f3n<\/span><\/td>\n<\/tr>\n<tr>\n<td align=\"left\" width=\"30%\"><span dir=\"auto\">Material<\/span><\/td>\n<td align=\"left\" width=\"70%\"><span dir=\"auto\">TPE<\/span><\/td>\n<\/tr>\n<tr>\n<td align=\"left\" width=\"30%\"><span dir=\"auto\">Alimentaci\u00f3n<\/span><\/td>\n<td align=\"left\" width=\"70%\"><span dir=\"auto\">3 bater\u00edas L936F<\/span><\/td>\n<\/tr>\n<\/tbody>\n<\/table>\n","protected":false},"excerpt":{"rendered":"<p>Divi\u00e9rtete de verdad con esta funda vibradora para el pene. Esta funda para el pene, que mejora la erecci\u00f3n y promete placer, est\u00e1 hecha de TPE suave y se fija en su lugar mediante un lazo para bolas. Un peque\u00f1o y potente vibrador en el centro y la parte de extensi\u00f3n de la funda le [&hellip;]<\/p>\n","protected":false},"featured_media":5077,"comment_status":"open","ping_status":"closed","template":"","meta":[],"product_brand":[],"product_cat":[45,46],"product_tag":[],"class_list":{"0":"post-5076","1":"product","2":"type-product","3":"status-publish","4":"has-post-thumbnail","6":"product_cat-fundas-extensoras","7":"product_cat-protesis","9":"first","10":"instock","11":"shipping-taxable","12":"purchasable","13":"product-type-simple"},"_links":{"self":[{"href":"https:\/\/tiendasamor.com\/index.php\/wp-json\/wp\/v2\/product\/5076","targetHints":{"allow":["GET"]}}],"collection":[{"href":"https:\/\/tiendasamor.com\/index.php\/wp-json\/wp\/v2\/product"}],"about":[{"href":"https:\/\/tiendasamor.com\/index.php\/wp-json\/wp\/v2\/types\/product"}],"replies":[{"embeddable":true,"href":"https:\/\/tiendasamor.com\/index.php\/wp-json\/wp\/v2\/comments?post=5076"}],"wp:featuredmedia":[{"embeddable":true,"href":"https:\/\/tiendasamor.com\/index.php\/wp-json\/wp\/v2\/media\/5077"}],"wp:attachment":[{"href":"https:\/\/tiendasamor.com\/index.php\/wp-json\/wp\/v2\/media?parent=5076"}],"wp:term":[{"taxonomy":"product_brand","embeddable":true,"href":"https:\/\/tiendasamor.com\/index.php\/wp-json\/wp\/v2\/product_brand?post=5076"},{"taxonomy":"product_cat","embeddable":true,"href":"https:\/\/tiendasamor.com\/index.php\/wp-json\/wp\/v2\/product_cat?post=5076"},{"taxonomy":"product_tag","embeddable":true,"href":"https:\/\/tiendasamor.com\/index.php\/wp-json\/wp\/v2\/product_tag?post=5076"}],"curies":[{"name":"wp","href":"https:\/\/api.w.org\/{rel}","templated":true}]}}