{"id":5061,"date":"2025-12-18T18:23:18","date_gmt":"2025-12-18T23:23:18","guid":{"rendered":"https:\/\/tiendasamor.com\/?post_type=product&#038;p=5061"},"modified":"2025-12-18T18:23:18","modified_gmt":"2025-12-18T23:23:18","slug":"pretty-love-peirre","status":"publish","type":"product","link":"https:\/\/tiendasamor.com\/index.php\/producto\/pretty-love-peirre\/","title":{"rendered":"PRETTY LOVE PEIRRE"},"content":{"rendered":"<p>\u00a1Cambia las cosas con esta funda para el pene y los test\u00edculos! Disfruta de los sensacionales beneficios de un extensor de test\u00edculos, mientras envuelves tu pene en una funda que agrega longitud, circunferencia y textura. Los anillos ajustados aumentar\u00e1n la sensibilidad en tu pene y test\u00edculos. Este potenciador del pene es una manera f\u00e1cil de follar a tu pareja con una polla grande y dura y cumplir todas tus fantas\u00edas.<\/p>\n<p>Esta funda el\u00e1stica agrega longitud, circunferencia y textura y se adapta a la mayor\u00eda de los tama\u00f1os de pene.<\/p>\n","protected":false},"excerpt":{"rendered":"<p>\u00a1Cambia las cosas con esta funda para el pene y los test\u00edculos! Disfruta de los sensacionales beneficios de un extensor de test\u00edculos, mientras envuelves tu pene en una funda que agrega longitud, circunferencia y textura. Los anillos ajustados aumentar\u00e1n la sensibilidad en tu pene y test\u00edculos. Este potenciador del pene es una manera f\u00e1cil de [&hellip;]<\/p>\n","protected":false},"featured_media":5062,"comment_status":"open","ping_status":"closed","template":"","meta":[],"product_brand":[],"product_cat":[45,46],"product_tag":[],"class_list":{"0":"post-5061","1":"product","2":"type-product","3":"status-publish","4":"has-post-thumbnail","6":"product_cat-fundas-extensoras","7":"product_cat-protesis","9":"first","10":"instock","11":"shipping-taxable","12":"purchasable","13":"product-type-simple"},"_links":{"self":[{"href":"https:\/\/tiendasamor.com\/index.php\/wp-json\/wp\/v2\/product\/5061","targetHints":{"allow":["GET"]}}],"collection":[{"href":"https:\/\/tiendasamor.com\/index.php\/wp-json\/wp\/v2\/product"}],"about":[{"href":"https:\/\/tiendasamor.com\/index.php\/wp-json\/wp\/v2\/types\/product"}],"replies":[{"embeddable":true,"href":"https:\/\/tiendasamor.com\/index.php\/wp-json\/wp\/v2\/comments?post=5061"}],"wp:featuredmedia":[{"embeddable":true,"href":"https:\/\/tiendasamor.com\/index.php\/wp-json\/wp\/v2\/media\/5062"}],"wp:attachment":[{"href":"https:\/\/tiendasamor.com\/index.php\/wp-json\/wp\/v2\/media?parent=5061"}],"wp:term":[{"taxonomy":"product_brand","embeddable":true,"href":"https:\/\/tiendasamor.com\/index.php\/wp-json\/wp\/v2\/product_brand?post=5061"},{"taxonomy":"product_cat","embeddable":true,"href":"https:\/\/tiendasamor.com\/index.php\/wp-json\/wp\/v2\/product_cat?post=5061"},{"taxonomy":"product_tag","embeddable":true,"href":"https:\/\/tiendasamor.com\/index.php\/wp-json\/wp\/v2\/product_tag?post=5061"}],"curies":[{"name":"wp","href":"https:\/\/api.w.org\/{rel}","templated":true}]}}