{"id":5029,"date":"2025-12-11T18:37:49","date_gmt":"2025-12-11T23:37:49","guid":{"rendered":"https:\/\/tiendasamor.com\/?post_type=product&#038;p=5029"},"modified":"2025-12-11T18:38:33","modified_gmt":"2025-12-11T23:38:33","slug":"crazy-bull-emma","status":"publish","type":"product","link":"https:\/\/tiendasamor.com\/index.php\/producto\/crazy-bull-emma\/","title":{"rendered":"Crazy Bull EMMA"},"content":{"rendered":"<p>Dise\u00f1ado con la innovadora tecnolog\u00eda Sort Skin, este estimulador de precisi\u00f3n anat\u00f3mica ofrece una textura hiperrealista y una resistencia excepcional. Proporciona una autenticidad fisiol\u00f3gica sin precedentes para experiencias en solitario inmersivas. Su n\u00facleo con peso garantiza la estabilidad durante el uso, mientras que el material TPR asegura una higiene segura para el cuerpo.<\/p>\n<ul>\n<li class=\"cvGsUA direction-ltr align-center para-style-body\"><span class=\"a_GcMg font-feature-liga-off font-feature-clig-off font-feature-calt-off text-decoration-none text-strikethrough-none\">Largo: 36 cm<\/span><\/li>\n<li class=\"cvGsUA direction-ltr align-center para-style-body\"><span class=\"a_GcMg font-feature-liga-off font-feature-clig-off font-feature-calt-off text-decoration-none text-strikethrough-none\">Ancho: 36 cm<\/span><\/li>\n<li class=\"cvGsUA direction-ltr align-center para-style-body\"><span class=\"a_GcMg font-feature-liga-off font-feature-clig-off font-feature-calt-off text-decoration-none text-strikethrough-none\">Alto: 15 cm<\/span><\/li>\n<li class=\"cvGsUA direction-ltr align-center para-style-body\"><span class=\"a_GcMg font-feature-liga-off font-feature-clig-off font-feature-calt-off text-decoration-none text-strikethrough-none\">Cuenta con Anal y Vaginal<\/span><\/li>\n<li class=\"cvGsUA direction-ltr align-center para-style-body\"><span class=\"a_GcMg font-feature-liga-off font-feature-clig-off font-feature-calt-off text-decoration-none text-strikethrough-none\">TPR\/ Peso 4.8 kilos<\/span><\/li>\n<\/ul>\n","protected":false},"excerpt":{"rendered":"<p>Dise\u00f1ado con la innovadora tecnolog\u00eda Sort Skin, este estimulador de precisi\u00f3n anat\u00f3mica ofrece una textura hiperrealista y una resistencia excepcional. Proporciona una autenticidad fisiol\u00f3gica sin precedentes para experiencias en solitario inmersivas. Su n\u00facleo con peso garantiza la estabilidad durante el uso, mientras que el material TPR asegura una higiene segura para el cuerpo. Largo: 36 [&hellip;]<\/p>\n","protected":false},"featured_media":5031,"comment_status":"open","ping_status":"closed","template":"","meta":[],"product_brand":[],"product_cat":[30,47],"product_tag":[],"class_list":{"0":"post-5029","1":"product","2":"type-product","3":"status-publish","4":"has-post-thumbnail","6":"product_cat-masturbadores","7":"product_cat-munecas","9":"first","10":"instock","11":"shipping-taxable","12":"purchasable","13":"product-type-simple"},"_links":{"self":[{"href":"https:\/\/tiendasamor.com\/index.php\/wp-json\/wp\/v2\/product\/5029","targetHints":{"allow":["GET"]}}],"collection":[{"href":"https:\/\/tiendasamor.com\/index.php\/wp-json\/wp\/v2\/product"}],"about":[{"href":"https:\/\/tiendasamor.com\/index.php\/wp-json\/wp\/v2\/types\/product"}],"replies":[{"embeddable":true,"href":"https:\/\/tiendasamor.com\/index.php\/wp-json\/wp\/v2\/comments?post=5029"}],"wp:featuredmedia":[{"embeddable":true,"href":"https:\/\/tiendasamor.com\/index.php\/wp-json\/wp\/v2\/media\/5031"}],"wp:attachment":[{"href":"https:\/\/tiendasamor.com\/index.php\/wp-json\/wp\/v2\/media?parent=5029"}],"wp:term":[{"taxonomy":"product_brand","embeddable":true,"href":"https:\/\/tiendasamor.com\/index.php\/wp-json\/wp\/v2\/product_brand?post=5029"},{"taxonomy":"product_cat","embeddable":true,"href":"https:\/\/tiendasamor.com\/index.php\/wp-json\/wp\/v2\/product_cat?post=5029"},{"taxonomy":"product_tag","embeddable":true,"href":"https:\/\/tiendasamor.com\/index.php\/wp-json\/wp\/v2\/product_tag?post=5029"}],"curies":[{"name":"wp","href":"https:\/\/api.w.org\/{rel}","templated":true}]}}