{"id":4839,"date":"2025-10-30T22:19:38","date_gmt":"2025-10-31T03:19:38","guid":{"rendered":"https:\/\/tiendasamor.com\/?post_type=product&#038;p=4839"},"modified":"2025-10-30T22:19:38","modified_gmt":"2025-10-31T03:19:38","slug":"harness-briefs-stark","status":"publish","type":"product","link":"https:\/\/tiendasamor.com\/index.php\/producto\/harness-briefs-stark\/","title":{"rendered":"Harness Briefs Stark"},"content":{"rendered":"<p>Este arn\u00e9s perfecto incluye un cuerpo hueco y venoso para una experiencia de estimulaci\u00f3n y penetraci\u00f3n inolvidable. Las correas ajustables garantizan una experiencia c\u00f3moda y un ajuste seguro durante el uso. El glande de TPR supersuave ofrece estimulaci\u00f3n adicional y un consolador hueco te da un toque extra en la cama y realza tu virilidad.<\/p>\n<ul class=\"lte-list\">\n<li>Color: Rosa claro<\/li>\n<li>Tama\u00f1o:\n<ul class=\"lte-list\">\n<li>Longitud total 17,5 cm<\/li>\n<li>Longitud total interna 12,5 cm<\/li>\n<li>Di\u00e1metro Max. interno 3,5 cm<\/li>\n<\/ul>\n<\/li>\n<\/ul>\n","protected":false},"excerpt":{"rendered":"<p>Este arn\u00e9s perfecto incluye un cuerpo hueco y venoso para una experiencia de estimulaci\u00f3n y penetraci\u00f3n inolvidable. Las correas ajustables garantizan una experiencia c\u00f3moda y un ajuste seguro durante el uso. El glande de TPR supersuave ofrece estimulaci\u00f3n adicional y un consolador hueco te da un toque extra en la cama y realza tu virilidad. [&hellip;]<\/p>\n","protected":false},"featured_media":4840,"comment_status":"open","ping_status":"closed","template":"","meta":[],"product_brand":[],"product_cat":[45,46],"product_tag":[],"class_list":{"0":"post-4839","1":"product","2":"type-product","3":"status-publish","4":"has-post-thumbnail","6":"product_cat-fundas-extensoras","7":"product_cat-protesis","9":"first","10":"instock","11":"shipping-taxable","12":"purchasable","13":"product-type-simple"},"_links":{"self":[{"href":"https:\/\/tiendasamor.com\/index.php\/wp-json\/wp\/v2\/product\/4839","targetHints":{"allow":["GET"]}}],"collection":[{"href":"https:\/\/tiendasamor.com\/index.php\/wp-json\/wp\/v2\/product"}],"about":[{"href":"https:\/\/tiendasamor.com\/index.php\/wp-json\/wp\/v2\/types\/product"}],"replies":[{"embeddable":true,"href":"https:\/\/tiendasamor.com\/index.php\/wp-json\/wp\/v2\/comments?post=4839"}],"wp:featuredmedia":[{"embeddable":true,"href":"https:\/\/tiendasamor.com\/index.php\/wp-json\/wp\/v2\/media\/4840"}],"wp:attachment":[{"href":"https:\/\/tiendasamor.com\/index.php\/wp-json\/wp\/v2\/media?parent=4839"}],"wp:term":[{"taxonomy":"product_brand","embeddable":true,"href":"https:\/\/tiendasamor.com\/index.php\/wp-json\/wp\/v2\/product_brand?post=4839"},{"taxonomy":"product_cat","embeddable":true,"href":"https:\/\/tiendasamor.com\/index.php\/wp-json\/wp\/v2\/product_cat?post=4839"},{"taxonomy":"product_tag","embeddable":true,"href":"https:\/\/tiendasamor.com\/index.php\/wp-json\/wp\/v2\/product_tag?post=4839"}],"curies":[{"name":"wp","href":"https:\/\/api.w.org\/{rel}","templated":true}]}}