{"id":4721,"date":"2025-10-13T18:29:09","date_gmt":"2025-10-13T23:29:09","guid":{"rendered":"https:\/\/tiendasamor.com\/?post_type=product&#038;p=4721"},"modified":"2025-10-13T18:29:09","modified_gmt":"2025-10-13T23:29:09","slug":"masturbador-con-vibrador","status":"publish","type":"product","link":"https:\/\/tiendasamor.com\/index.php\/producto\/masturbador-con-vibrador\/","title":{"rendered":"Masturbador con vibrador"},"content":{"rendered":"<p><span dir=\"auto\">Experimenta el masturbador masculino ultrarealista con vibraci\u00f3n genuina. Desliza tu pene en una preciosa vagina rosada con un t\u00fanel del amor suave y estriado. Su extremo abierto permite penetraciones profundas y es f\u00e1cil de limpiar. Su dise\u00f1o compacto es discreto y muy port\u00e1til: un masturbador que te acompa\u00f1ar\u00e1 a donde vayas para tus noches de soledad.<\/span><\/p>\n","protected":false},"excerpt":{"rendered":"<p>Experimenta el masturbador masculino ultrarealista con vibraci\u00f3n genuina. Desliza tu pene en una preciosa vagina rosada con un t\u00fanel del amor suave y estriado. Su extremo abierto permite penetraciones profundas y es f\u00e1cil de limpiar. Su dise\u00f1o compacto es discreto y muy port\u00e1til: un masturbador que te acompa\u00f1ar\u00e1 a donde vayas para tus noches de [&hellip;]<\/p>\n","protected":false},"featured_media":4722,"comment_status":"open","ping_status":"closed","template":"","meta":[],"product_brand":[],"product_cat":[30],"product_tag":[],"class_list":{"0":"post-4721","1":"product","2":"type-product","3":"status-publish","4":"has-post-thumbnail","6":"product_cat-masturbadores","8":"first","9":"instock","10":"shipping-taxable","11":"purchasable","12":"product-type-simple"},"_links":{"self":[{"href":"https:\/\/tiendasamor.com\/index.php\/wp-json\/wp\/v2\/product\/4721","targetHints":{"allow":["GET"]}}],"collection":[{"href":"https:\/\/tiendasamor.com\/index.php\/wp-json\/wp\/v2\/product"}],"about":[{"href":"https:\/\/tiendasamor.com\/index.php\/wp-json\/wp\/v2\/types\/product"}],"replies":[{"embeddable":true,"href":"https:\/\/tiendasamor.com\/index.php\/wp-json\/wp\/v2\/comments?post=4721"}],"wp:featuredmedia":[{"embeddable":true,"href":"https:\/\/tiendasamor.com\/index.php\/wp-json\/wp\/v2\/media\/4722"}],"wp:attachment":[{"href":"https:\/\/tiendasamor.com\/index.php\/wp-json\/wp\/v2\/media?parent=4721"}],"wp:term":[{"taxonomy":"product_brand","embeddable":true,"href":"https:\/\/tiendasamor.com\/index.php\/wp-json\/wp\/v2\/product_brand?post=4721"},{"taxonomy":"product_cat","embeddable":true,"href":"https:\/\/tiendasamor.com\/index.php\/wp-json\/wp\/v2\/product_cat?post=4721"},{"taxonomy":"product_tag","embeddable":true,"href":"https:\/\/tiendasamor.com\/index.php\/wp-json\/wp\/v2\/product_tag?post=4721"}],"curies":[{"name":"wp","href":"https:\/\/api.w.org\/{rel}","templated":true}]}}