{"id":4584,"date":"2025-09-11T18:44:51","date_gmt":"2025-09-11T23:44:51","guid":{"rendered":"https:\/\/tiendasamor.com\/?post_type=product&#038;p=4584"},"modified":"2025-09-11T18:44:51","modified_gmt":"2025-09-11T23:44:51","slug":"vacuum-cup-masturbator-vagina-pretty-love","status":"publish","type":"product","link":"https:\/\/tiendasamor.com\/index.php\/producto\/vacuum-cup-masturbator-vagina-pretty-love\/","title":{"rendered":"Vacuum cup Masturbator Vagina Pretty Love"},"content":{"rendered":"<p><span dir=\"auto\">La nueva ventosa Pretty Love proporciona a los hombres una experiencia sexual realista, casi tan placentera como tener una mujer en la cama. Desde la creaci\u00f3n de este maravilloso juguete, ning\u00fan hombre se ha sentido solo.<\/span><\/p>\n<p><span dir=\"auto\">La nueva ventosa Pretty Love fue dise\u00f1ada para brindar a sus partes \u00edntimas la sensaci\u00f3n de una verdadera inserci\u00f3n vaginal.<\/span><\/p>\n<p><span dir=\"auto\">Es el juguete de emergencia perfecto para entre relaciones o noches solitarias en casa. Su discreto envase permite llevarlo a todas partes.\u00a0<\/span><span dir=\"auto\">Ya sea al gimnasio, al trabajo o al coche, un caballero puede usarla y darse placer sin que nadie se d\u00e9 cuenta.<\/span><\/p>\n","protected":false},"excerpt":{"rendered":"<p>La nueva ventosa Pretty Love proporciona a los hombres una experiencia sexual realista, casi tan placentera como tener una mujer en la cama. Desde la creaci\u00f3n de este maravilloso juguete, ning\u00fan hombre se ha sentido solo. La nueva ventosa Pretty Love fue dise\u00f1ada para brindar a sus partes \u00edntimas la sensaci\u00f3n de una verdadera inserci\u00f3n [&hellip;]<\/p>\n","protected":false},"featured_media":4585,"comment_status":"open","ping_status":"closed","template":"","meta":[],"product_brand":[],"product_cat":[30],"product_tag":[],"class_list":{"0":"post-4584","1":"product","2":"type-product","3":"status-publish","4":"has-post-thumbnail","6":"product_cat-masturbadores","8":"first","9":"instock","10":"shipping-taxable","11":"purchasable","12":"product-type-simple"},"_links":{"self":[{"href":"https:\/\/tiendasamor.com\/index.php\/wp-json\/wp\/v2\/product\/4584","targetHints":{"allow":["GET"]}}],"collection":[{"href":"https:\/\/tiendasamor.com\/index.php\/wp-json\/wp\/v2\/product"}],"about":[{"href":"https:\/\/tiendasamor.com\/index.php\/wp-json\/wp\/v2\/types\/product"}],"replies":[{"embeddable":true,"href":"https:\/\/tiendasamor.com\/index.php\/wp-json\/wp\/v2\/comments?post=4584"}],"wp:featuredmedia":[{"embeddable":true,"href":"https:\/\/tiendasamor.com\/index.php\/wp-json\/wp\/v2\/media\/4585"}],"wp:attachment":[{"href":"https:\/\/tiendasamor.com\/index.php\/wp-json\/wp\/v2\/media?parent=4584"}],"wp:term":[{"taxonomy":"product_brand","embeddable":true,"href":"https:\/\/tiendasamor.com\/index.php\/wp-json\/wp\/v2\/product_brand?post=4584"},{"taxonomy":"product_cat","embeddable":true,"href":"https:\/\/tiendasamor.com\/index.php\/wp-json\/wp\/v2\/product_cat?post=4584"},{"taxonomy":"product_tag","embeddable":true,"href":"https:\/\/tiendasamor.com\/index.php\/wp-json\/wp\/v2\/product_tag?post=4584"}],"curies":[{"name":"wp","href":"https:\/\/api.w.org\/{rel}","templated":true}]}}