{"id":4526,"date":"2025-08-29T19:39:16","date_gmt":"2025-08-30T00:39:16","guid":{"rendered":"https:\/\/tiendasamor.com\/?post_type=product&#038;p=4526"},"modified":"2025-08-29T19:39:16","modified_gmt":"2025-08-30T00:39:16","slug":"hi-basic-potente-estimulador-del-punto-g-rosa","status":"publish","type":"product","link":"https:\/\/tiendasamor.com\/index.php\/producto\/hi-basic-potente-estimulador-del-punto-g-rosa\/","title":{"rendered":"Hi-Basic Potente estimulador del punto G rosa"},"content":{"rendered":"<p>Vibrador discreto y potente. Facilita estimulaci\u00f3n superficial y penetraci\u00f3n, su curvatura favorecer\u00e1 la estimulaci\u00f3n de punto G.<\/p>\n<ul>\n<li>Material ABS<\/li>\n<li>1 Funci\u00f3n de vibraci\u00f3n<\/li>\n<li>Impermeable<\/li>\n<li>F\u00e1cil de usar y de limpiar<\/li>\n<li>Usa\u00a0 pilas AA (No incluido)<\/li>\n<li>Medidas: largo 12.5 cm, Di\u00e1metro 2.5 cm.<\/li>\n<\/ul>\n","protected":false},"excerpt":{"rendered":"<p>Vibrador discreto y potente. Facilita estimulaci\u00f3n superficial y penetraci\u00f3n, su curvatura favorecer\u00e1 la estimulaci\u00f3n de punto G. Material ABS 1 Funci\u00f3n de vibraci\u00f3n Impermeable F\u00e1cil de usar y de limpiar Usa\u00a0 pilas AA (No incluido) Medidas: largo 12.5 cm, Di\u00e1metro 2.5 cm.<\/p>\n","protected":false},"featured_media":4529,"comment_status":"open","ping_status":"closed","template":"","meta":[],"product_brand":[],"product_cat":[44,27],"product_tag":[],"class_list":{"0":"post-4526","1":"product","2":"type-product","3":"status-publish","4":"has-post-thumbnail","6":"product_cat-clitorales","7":"product_cat-vibradores","9":"first","10":"instock","11":"shipping-taxable","12":"purchasable","13":"product-type-simple"},"_links":{"self":[{"href":"https:\/\/tiendasamor.com\/index.php\/wp-json\/wp\/v2\/product\/4526","targetHints":{"allow":["GET"]}}],"collection":[{"href":"https:\/\/tiendasamor.com\/index.php\/wp-json\/wp\/v2\/product"}],"about":[{"href":"https:\/\/tiendasamor.com\/index.php\/wp-json\/wp\/v2\/types\/product"}],"replies":[{"embeddable":true,"href":"https:\/\/tiendasamor.com\/index.php\/wp-json\/wp\/v2\/comments?post=4526"}],"wp:featuredmedia":[{"embeddable":true,"href":"https:\/\/tiendasamor.com\/index.php\/wp-json\/wp\/v2\/media\/4529"}],"wp:attachment":[{"href":"https:\/\/tiendasamor.com\/index.php\/wp-json\/wp\/v2\/media?parent=4526"}],"wp:term":[{"taxonomy":"product_brand","embeddable":true,"href":"https:\/\/tiendasamor.com\/index.php\/wp-json\/wp\/v2\/product_brand?post=4526"},{"taxonomy":"product_cat","embeddable":true,"href":"https:\/\/tiendasamor.com\/index.php\/wp-json\/wp\/v2\/product_cat?post=4526"},{"taxonomy":"product_tag","embeddable":true,"href":"https:\/\/tiendasamor.com\/index.php\/wp-json\/wp\/v2\/product_tag?post=4526"}],"curies":[{"name":"wp","href":"https:\/\/api.w.org\/{rel}","templated":true}]}}