{"id":4386,"date":"2025-06-05T23:08:52","date_gmt":"2025-06-06T04:08:52","guid":{"rendered":"https:\/\/tiendasamor.com\/?post_type=product&#038;p=4386"},"modified":"2025-06-05T23:08:52","modified_gmt":"2025-06-06T04:08:52","slug":"masturbador-rain","status":"publish","type":"product","link":"https:\/\/tiendasamor.com\/index.php\/producto\/masturbador-rain\/","title":{"rendered":"Masturbador Rain"},"content":{"rendered":"<p>El\u00a0<strong>Masturbador Blush Rain<\/strong>\u00a0est\u00e1 hecho de X5 realista para el equilibrio perfecto entre suavidad y firmeza. X5 es un material avanzado que es suave, realista, el\u00e1stico y se calienta a la temperatura de su cuerpo. Tambi\u00e9n es duradero y f\u00e1cil de limpiar. Sus labios vaginales con detalles realistas y su canal de amor con nervaduras extralargas est\u00e1n listos para una penetraci\u00f3n profunda. La bala vibradora de una velocidad brinda a\u00fan m\u00e1s sensaci\u00f3n hacia arriba y hacia abajo de su eje.<\/p>\n<p>Disfruta de Rain solo o con tu pareja.<\/p>\n<ul>\n<li>Masturbador con Vibracion<\/li>\n<li><span class=\"colcolor1\">Marca:<\/span><span class=\"colcolor2\">Blush<\/span><\/li>\n<li><span class=\"colcolor1\">Color:<\/span><span class=\"colcolor2\">\u00a0 Piel<\/span><\/li>\n<li><span class=\"colcolor1\">Incluye 1 Bala vibradora (1<\/span><span class=\"colcolor2\">\u00a0Pila AAA no incluida)<\/span><\/li>\n<li><span class=\"colcolor1\">Materiales:<\/span>\u00a0<span class=\"colcolor2\">TPE<\/span><\/li>\n<li><span class=\"colcolor2\">Resistente al agua<\/span><\/li>\n<li>Se recomienda el uso de\u00a0<a href=\"https:\/\/www.placeresdealcoba.com\/categoria-producto\/lubricantes-y-dilatadores\/\"><strong>Lubricante<\/strong><\/a>\u00a0con sus juguetes sexuale<\/li>\n<\/ul>\n","protected":false},"excerpt":{"rendered":"<p>El\u00a0Masturbador Blush Rain\u00a0est\u00e1 hecho de X5 realista para el equilibrio perfecto entre suavidad y firmeza. X5 es un material avanzado que es suave, realista, el\u00e1stico y se calienta a la temperatura de su cuerpo. Tambi\u00e9n es duradero y f\u00e1cil de limpiar. Sus labios vaginales con detalles realistas y su canal de amor con nervaduras extralargas [&hellip;]<\/p>\n","protected":false},"featured_media":4391,"comment_status":"open","ping_status":"closed","template":"","meta":[],"product_brand":[],"product_cat":[30,47],"product_tag":[],"class_list":{"0":"post-4386","1":"product","2":"type-product","3":"status-publish","4":"has-post-thumbnail","6":"product_cat-masturbadores","7":"product_cat-munecas","9":"first","10":"instock","11":"shipping-taxable","12":"purchasable","13":"product-type-simple"},"_links":{"self":[{"href":"https:\/\/tiendasamor.com\/index.php\/wp-json\/wp\/v2\/product\/4386","targetHints":{"allow":["GET"]}}],"collection":[{"href":"https:\/\/tiendasamor.com\/index.php\/wp-json\/wp\/v2\/product"}],"about":[{"href":"https:\/\/tiendasamor.com\/index.php\/wp-json\/wp\/v2\/types\/product"}],"replies":[{"embeddable":true,"href":"https:\/\/tiendasamor.com\/index.php\/wp-json\/wp\/v2\/comments?post=4386"}],"wp:featuredmedia":[{"embeddable":true,"href":"https:\/\/tiendasamor.com\/index.php\/wp-json\/wp\/v2\/media\/4391"}],"wp:attachment":[{"href":"https:\/\/tiendasamor.com\/index.php\/wp-json\/wp\/v2\/media?parent=4386"}],"wp:term":[{"taxonomy":"product_brand","embeddable":true,"href":"https:\/\/tiendasamor.com\/index.php\/wp-json\/wp\/v2\/product_brand?post=4386"},{"taxonomy":"product_cat","embeddable":true,"href":"https:\/\/tiendasamor.com\/index.php\/wp-json\/wp\/v2\/product_cat?post=4386"},{"taxonomy":"product_tag","embeddable":true,"href":"https:\/\/tiendasamor.com\/index.php\/wp-json\/wp\/v2\/product_tag?post=4386"}],"curies":[{"name":"wp","href":"https:\/\/api.w.org\/{rel}","templated":true}]}}