{"id":4329,"date":"2025-05-22T18:04:29","date_gmt":"2025-05-22T23:04:29","guid":{"rendered":"https:\/\/tiendasamor.com\/?post_type=product&#038;p=4329"},"modified":"2025-05-22T18:10:58","modified_gmt":"2025-05-22T23:10:58","slug":"satisfyer-sweet-treat","status":"publish","type":"product","link":"https:\/\/tiendasamor.com\/index.php\/producto\/satisfyer-sweet-treat\/","title":{"rendered":"Satisfyer Sweet Treat"},"content":{"rendered":"<p>Date placer con una sensaci\u00f3n completamente nueva. Las suaves estr\u00edas giratorias de silicona excitan el cl\u00edtoris con una intensidad delicada pero firme. Usa este delicioso capricho con tu lubricante favorito y prep\u00e1rate para un estimulante viaje al \u00e9xtasis.<\/p>\n<table class=\"usp-table\" border=\"0\">\n<tbody>\n<tr>\n<td><img decoding=\"async\" id=\"tinymce-editor-image-805fb727-d6a5-43fb-b206-902f83a53132\" class=\"tinymce-editor-image tinymce-editor-image-805fb727-d6a5-43fb-b206-902f83a53132\" src=\"https:\/\/satisfyer.imb-images.com\/cdn-cgi\/image\/onerror=redirect%2Cformat=auto\/media\/vector\/cb\/f0\/b5\/Main-Feature-Icons_Gray_Rotation.svg\" alt=\"Main-Feature-Icons_Gray_Rotation\" width=\"105\" height=\"105\" data-src=\"media\/vector\/Main-Feature-Icons_Gray_Rotation.svg\" \/><\/td>\n<td>Las estr\u00edas giratorias proporcionan una estimulaci\u00f3n del cl\u00edtoris suave e intensa a la vez<\/td>\n<\/tr>\n<tr>\n<td><img decoding=\"async\" id=\"tinymce-editor-image-5472c680-6456-4735-b020-932f876180f0\" class=\"tinymce-editor-image tinymce-editor-image-5472c680-6456-4735-b020-932f876180f0\" src=\"https:\/\/satisfyer.imb-images.com\/cdn-cgi\/image\/onerror=redirect%2Cformat=auto\/media\/vector\/0a\/9a\/80\/Main-Feature-Icons_Gray_Silicone.svg\" alt=\"Main-Feature-Icons_Gray_Silicone\" width=\"105\" height=\"105\" data-src=\"media\/vector\/Main-Feature-Icons_Gray_Silicone.svg\" \/><\/td>\n<td>Fabricado con silicona de grado m\u00e9dico supersuave, agradable para la piel, suave al tacto y extremadamente higi\u00e9nica<\/td>\n<\/tr>\n<tr>\n<td><img decoding=\"async\" id=\"tinymce-editor-image-1d9c3435-c7fb-4cb5-a33d-0e8909adbbec\" class=\"tinymce-editor-image tinymce-editor-image-1d9c3435-c7fb-4cb5-a33d-0e8909adbbec\" src=\"https:\/\/satisfyer.imb-images.com\/cdn-cgi\/image\/onerror=redirect%2Cformat=auto\/media\/vector\/61\/40\/6a\/Main-Feature-Icons_Gray_Waterproof.svg\" alt=\"Main-Feature-Icons_Gray_Waterproof\" width=\"100\" height=\"100\" data-src=\"media\/vector\/Main-Feature-Icons_Gray_Waterproof.svg\" \/><\/td>\n<td>Gracias a su acabado impermeable (IPX7), este juguete se puede usar de forma segura en el agua, adem\u00e1s de ser f\u00e1cil de limpiar<\/td>\n<\/tr>\n<\/tbody>\n<\/table>\n<p>&nbsp;<\/p>\n<table class=\"prop-table\" border=\"0\">\n<tbody>\n<tr>\n<td>Garant\u00eda de 15 a\u00f1os<\/td>\n<td>Es timulaci\u00f3n del cl\u00edtoris mediante potente vibraci\u00f3n<\/td>\n<\/tr>\n<tr>\n<td>11 programas de rotaci\u00f3n<\/td>\n<td>Modo de susurro<\/td>\n<\/tr>\n<tr>\n<td>Estanco IPX7<\/td>\n<td>Bajo el agua<\/td>\n<\/tr>\n<tr>\n<td>F\u00e1cil de limpiarz<\/td>\n<td>Bater\u00eda de iones de litio<\/td>\n<\/tr>\n<tr>\n<td colspan=\"2\">Cable de carga magn\u00e9tico por USB<\/td>\n<\/tr>\n<\/tbody>\n<\/table>\n<h2><\/h2>\n<h2>\u00bfQu\u00e9 es el Satisfyer Sweet Treat?<\/h2>\n<p>El Satisfyer Sweet Treat es probablemente el m\u00e1s dulce de todos los vibradores para cl\u00edtoris, ya que la bola de helado sobre el discreto croissant lo tiene todo: Con sus l\u00e1minas giratorias, tu cl\u00edtoris llegar\u00e1 a unos orgasmos s\u00faper dulces nunca antes imaginados. La silicona, deliciosamente suave y agradable a la piel, envuelve la perla de placer y cuida de tu bienestar sexual con una gran devoci\u00f3n, sin importar d\u00f3nde est\u00e9s. El \u00a0seductor cono se adapta c\u00f3modamente a la mano, de modo que puedes controlar f\u00e1cilmente los 10 emocionantes niveles de vibraci\u00f3n, que constan de 4 ritmos de rotaci\u00f3n y 3 velocidades de derecha e izquierda cada uno, a trav\u00e9s de los botones +\/-.<\/p>\n<h2>\u00bfPor qu\u00e9 deber\u00eda elegir el Satisfyer Sweet Treat?<\/h2>\n<p>Este vibrador de contacto no solamente se puede disfrutar en la cama o en el sof\u00e1 de tu casa, sino que tambi\u00e9n puedes llev\u00e1rtelo contigo en tus aventuras en la ba\u00f1era. El Satisfyer Sweet Treat es resistente al agua (IPX7) y estimula la perla de placer incluso bajo el agua. Gracias a su reducido tama\u00f1o, cabe perfectamente en el neceser o bolso de mano y te puede acompa\u00f1ar sin problemas en cualquier viaje. As\u00ed que incluso los d\u00edas largos en la carretera pueden acabar en un orgasmo vibrante.<\/p>\n<p>Esta pieza de joyer\u00eda cuenta con una bater\u00eda de iones de litio, que se puede cargar f\u00e1cilmente y de forma respetuosa con el medio ambiente gracias al cable magn\u00e9tico por USB incluido. Adem\u00e1s, gracias a su superficie higi\u00e9nica de silicona, el Sweet Treat se puede limpiar f\u00e1cilmente con un poco de agua tibia y jab\u00f3n, as\u00ed como con un\u00a0limpiador de juguetes desinfectante. \u00a1Consigue ahora el Satisfyer Sweet Treat y convierte las relaciones sexuales a solas o en pareja en una nueva y s\u00faper dulce experiencia!<\/p>\n","protected":false},"excerpt":{"rendered":"<p>Date placer con una sensaci\u00f3n completamente nueva. Las suaves estr\u00edas giratorias de silicona excitan el cl\u00edtoris con una intensidad delicada pero firme. Usa este delicioso capricho con tu lubricante favorito y prep\u00e1rate para un estimulante viaje al \u00e9xtasis. Las estr\u00edas giratorias proporcionan una estimulaci\u00f3n del cl\u00edtoris suave e intensa a la vez Fabricado con silicona [&hellip;]<\/p>\n","protected":false},"featured_media":4331,"comment_status":"open","ping_status":"closed","template":"","meta":[],"product_brand":[],"product_cat":[35,44,27],"product_tag":[],"class_list":{"0":"post-4329","1":"product","2":"type-product","3":"status-publish","4":"has-post-thumbnail","6":"product_cat-anales","7":"product_cat-clitorales","8":"product_cat-vibradores","10":"first","11":"instock","12":"shipping-taxable","13":"purchasable","14":"product-type-simple"},"_links":{"self":[{"href":"https:\/\/tiendasamor.com\/index.php\/wp-json\/wp\/v2\/product\/4329","targetHints":{"allow":["GET"]}}],"collection":[{"href":"https:\/\/tiendasamor.com\/index.php\/wp-json\/wp\/v2\/product"}],"about":[{"href":"https:\/\/tiendasamor.com\/index.php\/wp-json\/wp\/v2\/types\/product"}],"replies":[{"embeddable":true,"href":"https:\/\/tiendasamor.com\/index.php\/wp-json\/wp\/v2\/comments?post=4329"}],"wp:featuredmedia":[{"embeddable":true,"href":"https:\/\/tiendasamor.com\/index.php\/wp-json\/wp\/v2\/media\/4331"}],"wp:attachment":[{"href":"https:\/\/tiendasamor.com\/index.php\/wp-json\/wp\/v2\/media?parent=4329"}],"wp:term":[{"taxonomy":"product_brand","embeddable":true,"href":"https:\/\/tiendasamor.com\/index.php\/wp-json\/wp\/v2\/product_brand?post=4329"},{"taxonomy":"product_cat","embeddable":true,"href":"https:\/\/tiendasamor.com\/index.php\/wp-json\/wp\/v2\/product_cat?post=4329"},{"taxonomy":"product_tag","embeddable":true,"href":"https:\/\/tiendasamor.com\/index.php\/wp-json\/wp\/v2\/product_tag?post=4329"}],"curies":[{"name":"wp","href":"https:\/\/api.w.org\/{rel}","templated":true}]}}