{"id":4238,"date":"2025-05-20T20:12:41","date_gmt":"2025-05-21T01:12:41","guid":{"rendered":"https:\/\/tiendasamor.com\/?post_type=product&#038;p=4238"},"modified":"2025-05-20T20:12:41","modified_gmt":"2025-05-21T01:12:41","slug":"pretty-love-bunion","status":"publish","type":"product","link":"https:\/\/tiendasamor.com\/index.php\/producto\/pretty-love-bunion\/","title":{"rendered":"PRETTY LOVE BUNION"},"content":{"rendered":"<p>Una funda para el pene muy recomendada que le da a tu pene un 35% m\u00e1s de textura. Para una apariencia natural, la base cuenta con un anillo de bola que abraza la base de sus bolas y mantendr\u00e1 el extensor en su lugar y proporcionar\u00e1 algunos efectos de prolongaci\u00f3n de la erecci\u00f3n.<\/p>\n<ul>\n<li>Material: TPR<\/li>\n<li>Impermeable<\/li>\n<li>Anillo para mejor agarre<\/li>\n<li>Largo total: 16.5 cm \u2013 Ancho: 3.8 cm<\/li>\n<li>Largo interno: 14 cm \u2013 Ancho: 2.4 cm<\/li>\n<\/ul>\n","protected":false},"excerpt":{"rendered":"<p>Una funda para el pene muy recomendada que le da a tu pene un 35% m\u00e1s de textura. Para una apariencia natural, la base cuenta con un anillo de bola que abraza la base de sus bolas y mantendr\u00e1 el extensor en su lugar y proporcionar\u00e1 algunos efectos de prolongaci\u00f3n de la erecci\u00f3n. Material: TPR [&hellip;]<\/p>\n","protected":false},"featured_media":4239,"comment_status":"open","ping_status":"closed","template":"","meta":[],"product_brand":[],"product_cat":[45,46],"product_tag":[],"class_list":{"0":"post-4238","1":"product","2":"type-product","3":"status-publish","4":"has-post-thumbnail","6":"product_cat-fundas-extensoras","7":"product_cat-protesis","9":"first","10":"instock","11":"shipping-taxable","12":"purchasable","13":"product-type-simple"},"_links":{"self":[{"href":"https:\/\/tiendasamor.com\/index.php\/wp-json\/wp\/v2\/product\/4238","targetHints":{"allow":["GET"]}}],"collection":[{"href":"https:\/\/tiendasamor.com\/index.php\/wp-json\/wp\/v2\/product"}],"about":[{"href":"https:\/\/tiendasamor.com\/index.php\/wp-json\/wp\/v2\/types\/product"}],"replies":[{"embeddable":true,"href":"https:\/\/tiendasamor.com\/index.php\/wp-json\/wp\/v2\/comments?post=4238"}],"wp:featuredmedia":[{"embeddable":true,"href":"https:\/\/tiendasamor.com\/index.php\/wp-json\/wp\/v2\/media\/4239"}],"wp:attachment":[{"href":"https:\/\/tiendasamor.com\/index.php\/wp-json\/wp\/v2\/media?parent=4238"}],"wp:term":[{"taxonomy":"product_brand","embeddable":true,"href":"https:\/\/tiendasamor.com\/index.php\/wp-json\/wp\/v2\/product_brand?post=4238"},{"taxonomy":"product_cat","embeddable":true,"href":"https:\/\/tiendasamor.com\/index.php\/wp-json\/wp\/v2\/product_cat?post=4238"},{"taxonomy":"product_tag","embeddable":true,"href":"https:\/\/tiendasamor.com\/index.php\/wp-json\/wp\/v2\/product_tag?post=4238"}],"curies":[{"name":"wp","href":"https:\/\/api.w.org\/{rel}","templated":true}]}}