{"id":4220,"date":"2025-05-20T19:42:27","date_gmt":"2025-05-21T00:42:27","guid":{"rendered":"https:\/\/tiendasamor.com\/?post_type=product&#038;p=4220"},"modified":"2025-05-20T19:42:27","modified_gmt":"2025-05-21T00:42:27","slug":"black-mont-boyfriend-beads","status":"publish","type":"product","link":"https:\/\/tiendasamor.com\/index.php\/producto\/black-mont-boyfriend-beads\/","title":{"rendered":"Black Mont Boyfriend Beads"},"content":{"rendered":"<p>Esta es la raz\u00f3n que necesitas para llevarte a Boyfriend Lover\u00b4s Beads 11.8\u2033 es que esta colita grande de color negro y material silicona m\u00e9dica (amigable con tu piel) tiene 10 niveles de pe ne tra ci\u00f3n para tu colita.<br \/>\nLargo total: 34cm.<br \/>\nNivel m\u00e1s peque\u00f1o: 0.5cm<br \/>\nNivel m\u00e1s grande: 2.5cm.<br \/>\nAtenci\u00f3n, su argollita final en forma de coraz\u00f3n ayudar\u00e1 que no se inserte por completo.<\/p>\n","protected":false},"excerpt":{"rendered":"<p>Esta es la raz\u00f3n que necesitas para llevarte a Boyfriend Lover\u00b4s Beads 11.8\u2033 es que esta colita grande de color negro y material silicona m\u00e9dica (amigable con tu piel) tiene 10 niveles de pe ne tra ci\u00f3n para tu colita. Largo total: 34cm. Nivel m\u00e1s peque\u00f1o: 0.5cm Nivel m\u00e1s grande: 2.5cm. Atenci\u00f3n, su argollita final [&hellip;]<\/p>\n","protected":false},"featured_media":4221,"comment_status":"open","ping_status":"closed","template":"","meta":[],"product_brand":[],"product_cat":[35,40],"product_tag":[],"class_list":{"0":"post-4220","1":"product","2":"type-product","3":"status-publish","4":"has-post-thumbnail","6":"product_cat-anales","7":"product_cat-bolas-chinas","9":"first","10":"instock","11":"shipping-taxable","12":"purchasable","13":"product-type-simple"},"_links":{"self":[{"href":"https:\/\/tiendasamor.com\/index.php\/wp-json\/wp\/v2\/product\/4220","targetHints":{"allow":["GET"]}}],"collection":[{"href":"https:\/\/tiendasamor.com\/index.php\/wp-json\/wp\/v2\/product"}],"about":[{"href":"https:\/\/tiendasamor.com\/index.php\/wp-json\/wp\/v2\/types\/product"}],"replies":[{"embeddable":true,"href":"https:\/\/tiendasamor.com\/index.php\/wp-json\/wp\/v2\/comments?post=4220"}],"wp:featuredmedia":[{"embeddable":true,"href":"https:\/\/tiendasamor.com\/index.php\/wp-json\/wp\/v2\/media\/4221"}],"wp:attachment":[{"href":"https:\/\/tiendasamor.com\/index.php\/wp-json\/wp\/v2\/media?parent=4220"}],"wp:term":[{"taxonomy":"product_brand","embeddable":true,"href":"https:\/\/tiendasamor.com\/index.php\/wp-json\/wp\/v2\/product_brand?post=4220"},{"taxonomy":"product_cat","embeddable":true,"href":"https:\/\/tiendasamor.com\/index.php\/wp-json\/wp\/v2\/product_cat?post=4220"},{"taxonomy":"product_tag","embeddable":true,"href":"https:\/\/tiendasamor.com\/index.php\/wp-json\/wp\/v2\/product_tag?post=4220"}],"curies":[{"name":"wp","href":"https:\/\/api.w.org\/{rel}","templated":true}]}}