{"id":4081,"date":"2025-05-17T18:21:05","date_gmt":"2025-05-17T23:21:05","guid":{"rendered":"https:\/\/tiendasamor.com\/?post_type=product&#038;p=4081"},"modified":"2025-05-17T18:22:28","modified_gmt":"2025-05-17T23:22:28","slug":"masturbador-luna","status":"publish","type":"product","link":"https:\/\/tiendasamor.com\/index.php\/producto\/masturbador-luna\/","title":{"rendered":"Masturbador Luna"},"content":{"rendered":"<p>Elige entre la vagina o el ano realistas de este masturbador de doble entrada. Dise\u00f1ado para verse y sentirse igual que uno real, te costar\u00e1 distinguir entre estos hermosos orificios y los que dejaste tras una penetraci\u00f3n. Al introducirte en cualquiera de los tentadores y estrechos orificios, te encontrar\u00e1s con texturas gloriosas que te seducir\u00e1n y estimular\u00e1n de pies a cabeza. Introduce el vibrador bala incluido para que tu mente y tu pene queden completamente alucinados mientras penetras profundamente.<\/p>\n<table border=\"0\" width=\"100%\" cellspacing=\"1\" cellpadding=\"3\" bgcolor=\"#dddddd\">\n<tbody>\n<tr>\n<td align=\"left\" width=\"30%\">Funci\u00f3n<\/td>\n<td align=\"left\" width=\"70%\">Vibraci\u00f3n de doble agujero<\/td>\n<\/tr>\n<tr>\n<td align=\"left\" width=\"30%\">Material<\/td>\n<td align=\"left\" width=\"70%\">TPR<\/td>\n<\/tr>\n<tr>\n<td align=\"left\" width=\"30%\">Fuerza<\/td>\n<td align=\"left\" width=\"70%\">2 pilas AA<\/td>\n<\/tr>\n<\/tbody>\n<\/table>\n","protected":false},"excerpt":{"rendered":"<p>Elige entre la vagina o el ano realistas de este masturbador de doble entrada. Dise\u00f1ado para verse y sentirse igual que uno real, te costar\u00e1 distinguir entre estos hermosos orificios y los que dejaste tras una penetraci\u00f3n. Al introducirte en cualquiera de los tentadores y estrechos orificios, te encontrar\u00e1s con texturas gloriosas que te seducir\u00e1n [&hellip;]<\/p>\n","protected":false},"featured_media":4083,"comment_status":"open","ping_status":"closed","template":"","meta":[],"product_brand":[],"product_cat":[30,47],"product_tag":[],"class_list":{"0":"post-4081","1":"product","2":"type-product","3":"status-publish","4":"has-post-thumbnail","6":"product_cat-masturbadores","7":"product_cat-munecas","9":"first","10":"instock","11":"shipping-taxable","12":"purchasable","13":"product-type-simple"},"_links":{"self":[{"href":"https:\/\/tiendasamor.com\/index.php\/wp-json\/wp\/v2\/product\/4081","targetHints":{"allow":["GET"]}}],"collection":[{"href":"https:\/\/tiendasamor.com\/index.php\/wp-json\/wp\/v2\/product"}],"about":[{"href":"https:\/\/tiendasamor.com\/index.php\/wp-json\/wp\/v2\/types\/product"}],"replies":[{"embeddable":true,"href":"https:\/\/tiendasamor.com\/index.php\/wp-json\/wp\/v2\/comments?post=4081"}],"wp:featuredmedia":[{"embeddable":true,"href":"https:\/\/tiendasamor.com\/index.php\/wp-json\/wp\/v2\/media\/4083"}],"wp:attachment":[{"href":"https:\/\/tiendasamor.com\/index.php\/wp-json\/wp\/v2\/media?parent=4081"}],"wp:term":[{"taxonomy":"product_brand","embeddable":true,"href":"https:\/\/tiendasamor.com\/index.php\/wp-json\/wp\/v2\/product_brand?post=4081"},{"taxonomy":"product_cat","embeddable":true,"href":"https:\/\/tiendasamor.com\/index.php\/wp-json\/wp\/v2\/product_cat?post=4081"},{"taxonomy":"product_tag","embeddable":true,"href":"https:\/\/tiendasamor.com\/index.php\/wp-json\/wp\/v2\/product_tag?post=4081"}],"curies":[{"name":"wp","href":"https:\/\/api.w.org\/{rel}","templated":true}]}}