{"id":3985,"date":"2025-05-16T20:06:07","date_gmt":"2025-05-17T01:06:07","guid":{"rendered":"https:\/\/tiendasamor.com\/?post_type=product&#038;p=3985"},"modified":"2025-05-16T20:06:07","modified_gmt":"2025-05-17T01:06:07","slug":"the-ultra-soft-dude-vibrating-8-5","status":"publish","type":"product","link":"https:\/\/tiendasamor.com\/index.php\/producto\/the-ultra-soft-dude-vibrating-8-5\/","title":{"rendered":"The Ultra Soft Dude \u2013 Vibrating 8.5"},"content":{"rendered":"<p><strong>THE ULTRA SOFT DUDE<\/strong>\u00a0es una colecci\u00f3n de lujosos consoladores dise\u00f1ados por expertos por Love toy. Explora cada uno de los canales del dildo The ultra Soft dude Satisfacerte con cada vena, curva y protuberancia de esta r\u00e9plica exacta que se ve y se siente como si tus fantas\u00edas se hicieran realidad.<\/p>\n<p>Este juguete tiene una base con Ventosa que puedes sujetar a cualquier superficie lisa y dura para disfrutar del viaje con las manos libres de tus sue\u00f1os. Simplemente cubra su longitud con lubricante a base de agua y desl\u00edcelo sobre \u00e9l, inclin\u00e1ndolo para estimular sus zonas er\u00f3genas para un placer incre\u00edble.<\/p>\n<ol>\n<li>100% piel cibern\u00e9tica suave<\/li>\n<li>10 velocidades y patrones de fuertes vibraciones.<\/li>\n<li>Tama\u00f1o: 8.5 \u00abde largo x 1.7\u00bb de ancho<\/li>\n<li>2 pilas AAA (no incluidas)<\/li>\n<li>Material: TPE<\/li>\n<li>Funci\u00f3n de retroceso de frecuencia f\u00e1cil de usar. Presione cada frecuencia 2 veces en un segundo hasta la \u00faltima frecuencia<\/li>\n<\/ol>\n","protected":false},"excerpt":{"rendered":"<p>THE ULTRA SOFT DUDE\u00a0es una colecci\u00f3n de lujosos consoladores dise\u00f1ados por expertos por Love toy. Explora cada uno de los canales del dildo The ultra Soft dude Satisfacerte con cada vena, curva y protuberancia de esta r\u00e9plica exacta que se ve y se siente como si tus fantas\u00edas se hicieran realidad. Este juguete tiene una [&hellip;]<\/p>\n","protected":false},"featured_media":3986,"comment_status":"open","ping_status":"closed","template":"","meta":[],"product_brand":[],"product_cat":[27],"product_tag":[],"class_list":{"0":"post-3985","1":"product","2":"type-product","3":"status-publish","4":"has-post-thumbnail","6":"product_cat-vibradores","8":"first","9":"instock","10":"shipping-taxable","11":"purchasable","12":"product-type-simple"},"_links":{"self":[{"href":"https:\/\/tiendasamor.com\/index.php\/wp-json\/wp\/v2\/product\/3985","targetHints":{"allow":["GET"]}}],"collection":[{"href":"https:\/\/tiendasamor.com\/index.php\/wp-json\/wp\/v2\/product"}],"about":[{"href":"https:\/\/tiendasamor.com\/index.php\/wp-json\/wp\/v2\/types\/product"}],"replies":[{"embeddable":true,"href":"https:\/\/tiendasamor.com\/index.php\/wp-json\/wp\/v2\/comments?post=3985"}],"wp:featuredmedia":[{"embeddable":true,"href":"https:\/\/tiendasamor.com\/index.php\/wp-json\/wp\/v2\/media\/3986"}],"wp:attachment":[{"href":"https:\/\/tiendasamor.com\/index.php\/wp-json\/wp\/v2\/media?parent=3985"}],"wp:term":[{"taxonomy":"product_brand","embeddable":true,"href":"https:\/\/tiendasamor.com\/index.php\/wp-json\/wp\/v2\/product_brand?post=3985"},{"taxonomy":"product_cat","embeddable":true,"href":"https:\/\/tiendasamor.com\/index.php\/wp-json\/wp\/v2\/product_cat?post=3985"},{"taxonomy":"product_tag","embeddable":true,"href":"https:\/\/tiendasamor.com\/index.php\/wp-json\/wp\/v2\/product_tag?post=3985"}],"curies":[{"name":"wp","href":"https:\/\/api.w.org\/{rel}","templated":true}]}}