{"id":3982,"date":"2025-05-16T20:01:50","date_gmt":"2025-05-17T01:01:50","guid":{"rendered":"https:\/\/tiendasamor.com\/?post_type=product&#038;p=3982"},"modified":"2025-05-16T20:02:41","modified_gmt":"2025-05-17T01:02:41","slug":"vibrador-con-control-ultra-soft-dude","status":"publish","type":"product","link":"https:\/\/tiendasamor.com\/index.php\/producto\/vibrador-con-control-ultra-soft-dude\/","title":{"rendered":"Vibrador con control Ultra Soft Dude"},"content":{"rendered":"<p>THE ULTRA SOFT DUDE es una colecci\u00f3n de consoladores de lujo dise\u00f1ados por expertos por Love toy..<\/p>\n<p>Explora cada rinc\u00f3n del consolador ultra suave. Satisfacete con cada vena, curva y bulto de esta r\u00e9plica exacta que luce y siente como si tus fantas\u00edas cobraran vida.<br \/>\nEste consolador es lo m\u00e1s parecido a una sesi\u00f3n t\u00f3rrida con la piel real m\u00e1s ultrasuave. El material es totalmente similar a la piel, especialmente si se calienta previamente en agua tibia, lo que significa que tienes garantizada una experiencia de llenado sensacional.<\/p>\n<p>Este juguete tiene una base con ventosa que puedes fijar a cualquier superficie dura y lisa para disfrutar del paseo con manos libres de tus sue\u00f1os. Simplemente cubra su longitud con lubricante a base de agua y desl\u00edcelo sobre \u00e9l, inclin\u00e1ndolo para estimular sus zonas er\u00f3genas para un placer incre\u00edble.<\/p>\n<p>Para una estimulaci\u00f3n a\u00fan mayor, viene con un delicado y hermoso controlador con cable que brinda 10 patrones de ondas y pulsos. Si desea volver a la \u00faltima frecuencia durante el uso. Presione cada frecuencia 2 veces por segundo, \u00a1muy f\u00e1cil de usar! \u00a1 Nunca te arrepentir\u00e1s de tener uno !<\/p>\n<p>Caracter\u00edsticas clave<br \/>\nPiel cibern\u00e9tica 100% suave.<br \/>\n10 velocidades y patrones de fuertes vibraciones.<br \/>\nTama\u00f1o: 8,8\u201dde largo x 1,7\u201d de ancho. Longitud insertable: 6,7\u00bb<br \/>\n2 pilas AAA (no incluidas)<br \/>\nMaterial: TPE<br \/>\nFunci\u00f3n de retroceso de frecuencia f\u00e1cil de usar. Presione cada frecuencia 2 veces en un segundo para volver a la \u00faltima frecuencia.<\/p>\n","protected":false},"excerpt":{"rendered":"<p>THE ULTRA SOFT DUDE es una colecci\u00f3n de consoladores de lujo dise\u00f1ados por expertos por Love toy.. Explora cada rinc\u00f3n del consolador ultra suave. Satisfacete con cada vena, curva y bulto de esta r\u00e9plica exacta que luce y siente como si tus fantas\u00edas cobraran vida. Este consolador es lo m\u00e1s parecido a una sesi\u00f3n t\u00f3rrida [&hellip;]<\/p>\n","protected":false},"featured_media":3983,"comment_status":"open","ping_status":"closed","template":"","meta":[],"product_brand":[],"product_cat":[27],"product_tag":[],"class_list":{"0":"post-3982","1":"product","2":"type-product","3":"status-publish","4":"has-post-thumbnail","6":"product_cat-vibradores","8":"first","9":"instock","10":"shipping-taxable","11":"purchasable","12":"product-type-simple"},"_links":{"self":[{"href":"https:\/\/tiendasamor.com\/index.php\/wp-json\/wp\/v2\/product\/3982","targetHints":{"allow":["GET"]}}],"collection":[{"href":"https:\/\/tiendasamor.com\/index.php\/wp-json\/wp\/v2\/product"}],"about":[{"href":"https:\/\/tiendasamor.com\/index.php\/wp-json\/wp\/v2\/types\/product"}],"replies":[{"embeddable":true,"href":"https:\/\/tiendasamor.com\/index.php\/wp-json\/wp\/v2\/comments?post=3982"}],"wp:featuredmedia":[{"embeddable":true,"href":"https:\/\/tiendasamor.com\/index.php\/wp-json\/wp\/v2\/media\/3983"}],"wp:attachment":[{"href":"https:\/\/tiendasamor.com\/index.php\/wp-json\/wp\/v2\/media?parent=3982"}],"wp:term":[{"taxonomy":"product_brand","embeddable":true,"href":"https:\/\/tiendasamor.com\/index.php\/wp-json\/wp\/v2\/product_brand?post=3982"},{"taxonomy":"product_cat","embeddable":true,"href":"https:\/\/tiendasamor.com\/index.php\/wp-json\/wp\/v2\/product_cat?post=3982"},{"taxonomy":"product_tag","embeddable":true,"href":"https:\/\/tiendasamor.com\/index.php\/wp-json\/wp\/v2\/product_tag?post=3982"}],"curies":[{"name":"wp","href":"https:\/\/api.w.org\/{rel}","templated":true}]}}