{"id":3608,"date":"2025-05-10T16:33:40","date_gmt":"2025-05-10T21:33:40","guid":{"rendered":"https:\/\/tiendasamor.com\/?post_type=product&#038;p=3608"},"modified":"2025-05-10T16:33:40","modified_gmt":"2025-05-10T21:33:40","slug":"crystal-jelly-embrace","status":"publish","type":"product","link":"https:\/\/tiendasamor.com\/index.php\/producto\/crystal-jelly-embrace\/","title":{"rendered":"Crystal Jelly Embrace"},"content":{"rendered":"<p>Vibrador rosa realista. Tiene una cabeza claramente definida y venas prominentes para una estimulaci\u00f3n adicional. Agradable al tacto, no tiene costuras. La vibraci\u00f3n est\u00e1 controlada por una rueda en la base. Tiene un modo de vibraci\u00f3n de varias velocidades y funciona con dos pilas AAA (no incluidas). Longitud total \u2013 19 cm, di\u00e1metro m\u00e1ximo \u2013 4,3 cm.<\/p>\n<ul>\n<li>Fabricante: Chisa<\/li>\n<li>Embalaje: Bl\u00edster<\/li>\n<li>N\u00famero de modos: varias velocidades<\/li>\n<li>Vibraci\u00f3n: S\u00ed<\/li>\n<li>Pilas: AAA (2 uds.) no incluidas<\/li>\n<li>Material: ABS, TPE<\/li>\n<li>Color: rosa<\/li>\n<li>Longitud total: 19cm.<\/li>\n<li>Ancho m\u00e1ximo: 4,3cm.<\/li>\n<\/ul>\n","protected":false},"excerpt":{"rendered":"<p>Vibrador rosa realista. Tiene una cabeza claramente definida y venas prominentes para una estimulaci\u00f3n adicional. Agradable al tacto, no tiene costuras. La vibraci\u00f3n est\u00e1 controlada por una rueda en la base. Tiene un modo de vibraci\u00f3n de varias velocidades y funciona con dos pilas AAA (no incluidas). Longitud total \u2013 19 cm, di\u00e1metro m\u00e1ximo \u2013 [&hellip;]<\/p>\n","protected":false},"featured_media":3610,"comment_status":"open","ping_status":"closed","template":"","meta":[],"product_brand":[],"product_cat":[27],"product_tag":[],"class_list":{"0":"post-3608","1":"product","2":"type-product","3":"status-publish","4":"has-post-thumbnail","6":"product_cat-vibradores","8":"first","9":"instock","10":"shipping-taxable","11":"purchasable","12":"product-type-simple"},"_links":{"self":[{"href":"https:\/\/tiendasamor.com\/index.php\/wp-json\/wp\/v2\/product\/3608","targetHints":{"allow":["GET"]}}],"collection":[{"href":"https:\/\/tiendasamor.com\/index.php\/wp-json\/wp\/v2\/product"}],"about":[{"href":"https:\/\/tiendasamor.com\/index.php\/wp-json\/wp\/v2\/types\/product"}],"replies":[{"embeddable":true,"href":"https:\/\/tiendasamor.com\/index.php\/wp-json\/wp\/v2\/comments?post=3608"}],"wp:featuredmedia":[{"embeddable":true,"href":"https:\/\/tiendasamor.com\/index.php\/wp-json\/wp\/v2\/media\/3610"}],"wp:attachment":[{"href":"https:\/\/tiendasamor.com\/index.php\/wp-json\/wp\/v2\/media?parent=3608"}],"wp:term":[{"taxonomy":"product_brand","embeddable":true,"href":"https:\/\/tiendasamor.com\/index.php\/wp-json\/wp\/v2\/product_brand?post=3608"},{"taxonomy":"product_cat","embeddable":true,"href":"https:\/\/tiendasamor.com\/index.php\/wp-json\/wp\/v2\/product_cat?post=3608"},{"taxonomy":"product_tag","embeddable":true,"href":"https:\/\/tiendasamor.com\/index.php\/wp-json\/wp\/v2\/product_tag?post=3608"}],"curies":[{"name":"wp","href":"https:\/\/api.w.org\/{rel}","templated":true}]}}