{"id":3451,"date":"2024-12-04T19:05:17","date_gmt":"2024-12-05T00:05:17","guid":{"rendered":"https:\/\/tiendasamor.com\/?post_type=product&#038;p=3451"},"modified":"2024-12-04T19:05:17","modified_gmt":"2024-12-05T00:05:17","slug":"crazy-bull-hailey","status":"publish","type":"product","link":"https:\/\/tiendasamor.com\/index.php\/producto\/crazy-bull-hailey\/","title":{"rendered":"Crazy Bull Hailey"},"content":{"rendered":"<p><span>Elige entre la vagina o el ano realistas de este masturbador de doble entrada. Dise\u00f1ado para verse y sentirse exactamente como el producto real, te resultar\u00e1 dif\u00edcil distinguir entre estos hermosos orificios y los orificios de la penetraci\u00f3n anterior. <\/span><\/p>\n<p><span>Una vez que ingreses en cualquiera de los tentadores orificios estrechos, te encontrar\u00e1s con texturas gloriosas que te seducir\u00e1n y estimular\u00e1n de la punta a la base. Inserta el vibrador de bala que lo acompa\u00f1a para que tu mente y tu pene exploten por completo mientras penetras profundamente.<\/span><\/p>\n<p>&nbsp;<\/p>\n","protected":false},"excerpt":{"rendered":"<p>Elige entre la vagina o el ano realistas de este masturbador de doble entrada. Dise\u00f1ado para verse y sentirse exactamente como el producto real, te resultar\u00e1 dif\u00edcil distinguir entre estos hermosos orificios y los orificios de la penetraci\u00f3n anterior. Una vez que ingreses en cualquiera de los tentadores orificios estrechos, te encontrar\u00e1s con texturas gloriosas [&hellip;]<\/p>\n","protected":false},"featured_media":3452,"comment_status":"open","ping_status":"closed","template":"","meta":[],"product_brand":[],"product_cat":[30],"product_tag":[],"class_list":{"0":"post-3451","1":"product","2":"type-product","3":"status-publish","4":"has-post-thumbnail","6":"product_cat-masturbadores","8":"first","9":"instock","10":"shipping-taxable","11":"purchasable","12":"product-type-simple"},"_links":{"self":[{"href":"https:\/\/tiendasamor.com\/index.php\/wp-json\/wp\/v2\/product\/3451","targetHints":{"allow":["GET"]}}],"collection":[{"href":"https:\/\/tiendasamor.com\/index.php\/wp-json\/wp\/v2\/product"}],"about":[{"href":"https:\/\/tiendasamor.com\/index.php\/wp-json\/wp\/v2\/types\/product"}],"replies":[{"embeddable":true,"href":"https:\/\/tiendasamor.com\/index.php\/wp-json\/wp\/v2\/comments?post=3451"}],"wp:featuredmedia":[{"embeddable":true,"href":"https:\/\/tiendasamor.com\/index.php\/wp-json\/wp\/v2\/media\/3452"}],"wp:attachment":[{"href":"https:\/\/tiendasamor.com\/index.php\/wp-json\/wp\/v2\/media?parent=3451"}],"wp:term":[{"taxonomy":"product_brand","embeddable":true,"href":"https:\/\/tiendasamor.com\/index.php\/wp-json\/wp\/v2\/product_brand?post=3451"},{"taxonomy":"product_cat","embeddable":true,"href":"https:\/\/tiendasamor.com\/index.php\/wp-json\/wp\/v2\/product_cat?post=3451"},{"taxonomy":"product_tag","embeddable":true,"href":"https:\/\/tiendasamor.com\/index.php\/wp-json\/wp\/v2\/product_tag?post=3451"}],"curies":[{"name":"wp","href":"https:\/\/api.w.org\/{rel}","templated":true}]}}