{"id":3426,"date":"2024-12-03T21:42:37","date_gmt":"2024-12-04T02:42:37","guid":{"rendered":"https:\/\/tiendasamor.com\/?post_type=product&#038;p=3426"},"modified":"2024-12-03T22:36:03","modified_gmt":"2024-12-04T03:36:03","slug":"mr-play-douche-anal-blueb","status":"publish","type":"product","link":"https:\/\/tiendasamor.com\/index.php\/producto\/mr-play-douche-anal-blueb\/","title":{"rendered":"MR PLAY Douche Anal Blueb"},"content":{"rendered":"<p>Prep\u00e1rate para disfrutar de un sexo anal limpio y seguro con nuestra ducha anal. Dise\u00f1ada para que elijas la profundidad y la sensaci\u00f3n de tu experiencia de ducha, la boquilla se puede insertar c\u00f3modamente mientras que la generosa pera contiene suficiente agua para una limpieza eficaz. Ducha anal con boquilla<\/p>\n<p>(7,5 cm de largo, \u00d8 0,9 cm).<\/p>\n<p>La bola de bomba suave se llena con agua<\/p>\n<p>(capacidad de 224 ml) \u00a1y comienza la diversi\u00f3n!<\/p>\n","protected":false},"excerpt":{"rendered":"<p>Prep\u00e1rate para disfrutar de un sexo anal limpio y seguro con nuestra ducha anal. Dise\u00f1ada para que elijas la profundidad y la sensaci\u00f3n de tu experiencia de ducha, la boquilla se puede insertar c\u00f3modamente mientras que la generosa pera contiene suficiente agua para una limpieza eficaz. Ducha anal con boquilla (7,5 cm de largo, \u00d8 [&hellip;]<\/p>\n","protected":false},"featured_media":3427,"comment_status":"open","ping_status":"closed","template":"","meta":[],"product_brand":[],"product_cat":[35],"product_tag":[],"class_list":{"0":"post-3426","1":"product","2":"type-product","3":"status-publish","4":"has-post-thumbnail","6":"product_cat-anales","8":"first","9":"instock","10":"shipping-taxable","11":"purchasable","12":"product-type-simple"},"_links":{"self":[{"href":"https:\/\/tiendasamor.com\/index.php\/wp-json\/wp\/v2\/product\/3426","targetHints":{"allow":["GET"]}}],"collection":[{"href":"https:\/\/tiendasamor.com\/index.php\/wp-json\/wp\/v2\/product"}],"about":[{"href":"https:\/\/tiendasamor.com\/index.php\/wp-json\/wp\/v2\/types\/product"}],"replies":[{"embeddable":true,"href":"https:\/\/tiendasamor.com\/index.php\/wp-json\/wp\/v2\/comments?post=3426"}],"wp:featuredmedia":[{"embeddable":true,"href":"https:\/\/tiendasamor.com\/index.php\/wp-json\/wp\/v2\/media\/3427"}],"wp:attachment":[{"href":"https:\/\/tiendasamor.com\/index.php\/wp-json\/wp\/v2\/media?parent=3426"}],"wp:term":[{"taxonomy":"product_brand","embeddable":true,"href":"https:\/\/tiendasamor.com\/index.php\/wp-json\/wp\/v2\/product_brand?post=3426"},{"taxonomy":"product_cat","embeddable":true,"href":"https:\/\/tiendasamor.com\/index.php\/wp-json\/wp\/v2\/product_cat?post=3426"},{"taxonomy":"product_tag","embeddable":true,"href":"https:\/\/tiendasamor.com\/index.php\/wp-json\/wp\/v2\/product_tag?post=3426"}],"curies":[{"name":"wp","href":"https:\/\/api.w.org\/{rel}","templated":true}]}}