{"id":3359,"date":"2024-10-09T16:06:05","date_gmt":"2024-10-09T21:06:05","guid":{"rendered":"https:\/\/tiendasamor.com\/?post_type=product&#038;p=3359"},"modified":"2024-10-09T16:06:05","modified_gmt":"2024-10-09T21:06:05","slug":"pruriency-lord-latin","status":"publish","type":"product","link":"https:\/\/tiendasamor.com\/index.php\/producto\/pruriency-lord-latin\/","title":{"rendered":"Pruriency Lord Latin"},"content":{"rendered":"<p>El tama\u00f1o de Pruriency Lord , est\u00e1 totalmente en la media para conseguir una r\u00e9plica de lo m\u00e1s realista. As\u00ed que, si llevas un tiempo ya buscando algo para poderte satisfacer t\u00fa sola y no has dado con el \u201cperfecto\u201d, acabas de encontrarlo.<\/p>\n<ul>\n<li>Material: TPE<\/li>\n<li>Alto: 17.5<\/li>\n<li>Insertable: 15cm<\/li>\n<li>Ancho: 4cm<\/li>\n<\/ul>\n","protected":false},"excerpt":{"rendered":"<p>El tama\u00f1o de Pruriency Lord , est\u00e1 totalmente en la media para conseguir una r\u00e9plica de lo m\u00e1s realista. As\u00ed que, si llevas un tiempo ya buscando algo para poderte satisfacer t\u00fa sola y no has dado con el \u201cperfecto\u201d, acabas de encontrarlo. Material: TPE Alto: 17.5 Insertable: 15cm Ancho: 4cm<\/p>\n","protected":false},"featured_media":3360,"comment_status":"open","ping_status":"closed","template":"","meta":[],"product_brand":[],"product_cat":[29],"product_tag":[],"class_list":{"0":"post-3359","1":"product","2":"type-product","3":"status-publish","4":"has-post-thumbnail","6":"product_cat-consoladores-y-dildos","8":"first","9":"instock","10":"shipping-taxable","11":"purchasable","12":"product-type-simple"},"_links":{"self":[{"href":"https:\/\/tiendasamor.com\/index.php\/wp-json\/wp\/v2\/product\/3359","targetHints":{"allow":["GET"]}}],"collection":[{"href":"https:\/\/tiendasamor.com\/index.php\/wp-json\/wp\/v2\/product"}],"about":[{"href":"https:\/\/tiendasamor.com\/index.php\/wp-json\/wp\/v2\/types\/product"}],"replies":[{"embeddable":true,"href":"https:\/\/tiendasamor.com\/index.php\/wp-json\/wp\/v2\/comments?post=3359"}],"wp:featuredmedia":[{"embeddable":true,"href":"https:\/\/tiendasamor.com\/index.php\/wp-json\/wp\/v2\/media\/3360"}],"wp:attachment":[{"href":"https:\/\/tiendasamor.com\/index.php\/wp-json\/wp\/v2\/media?parent=3359"}],"wp:term":[{"taxonomy":"product_brand","embeddable":true,"href":"https:\/\/tiendasamor.com\/index.php\/wp-json\/wp\/v2\/product_brand?post=3359"},{"taxonomy":"product_cat","embeddable":true,"href":"https:\/\/tiendasamor.com\/index.php\/wp-json\/wp\/v2\/product_cat?post=3359"},{"taxonomy":"product_tag","embeddable":true,"href":"https:\/\/tiendasamor.com\/index.php\/wp-json\/wp\/v2\/product_tag?post=3359"}],"curies":[{"name":"wp","href":"https:\/\/api.w.org\/{rel}","templated":true}]}}