{"id":3346,"date":"2024-10-09T14:04:51","date_gmt":"2024-10-09T19:04:51","guid":{"rendered":"https:\/\/tiendasamor.com\/?post_type=product&#038;p=3346"},"modified":"2024-10-09T14:04:51","modified_gmt":"2024-10-09T19:04:51","slug":"au-naturel-tomas","status":"publish","type":"product","link":"https:\/\/tiendasamor.com\/index.php\/producto\/au-naturel-tomas\/","title":{"rendered":"Au Naturel Tomas"},"content":{"rendered":"<p>Au Naturel Tomas es latino, moreno y muy sensual\u2026 Au Naturel Tomas es un vibrador perfectamente suave al tacto, mientras que su interior es firme para mantener su rigidez. Su dise\u00f1o permite que se sienta tal como un pene erecto. Si buscas un amante muy grueso, Au Naturel Tomas es para ti. Su cuerpo es de la talla perfecta para sentirte llena en tu interior, y presenta una potente vibraci\u00f3n. Su suavidad, forma y flexibilidad permiten su f\u00e1cil inserci\u00f3n. Juega con \u00e9l a solas o comp\u00e1rtelo con tu pareja. Regula la intensidad de sus vibraciones con el disco que presenta en la base, y Tomas se encargar\u00e1 del momento. Una vez que lo conozcas, nunca dejar\u00e1s de invitarlo\u2026<\/p>\n<p>Au Naturel Tomas fue moldeado a mano usando tecnolog\u00eda de doble densidad, por lo que se siente como real cuando lo tocas. Es firme por dentro, sin embargo, tiene una capa muy suave encima. Se siente como el que forma parte del cuerpo humano. Podr\u00eda decirse que a\u00fan mejor\u2026<\/p>\n<h5><strong>Caracter\u00edsticas:<\/strong><\/h5>\n<ul>\n<li>Vibrador realista multi velocidades<\/li>\n<li>Suave y flexible<\/li>\n<li>Cuerpo grueso con venas<\/li>\n<li>Utiliza 2 pilas AA<\/li>\n<li>Medidas: Largo: 21.25 cm\/ 8.5\u201d, Longitud de inserci\u00f3n: 15 cm\/ 7.5\u201d y Ancho: 4.35 cm\/1.74<\/li>\n<\/ul>\n","protected":false},"excerpt":{"rendered":"<p>Au Naturel Tomas es latino, moreno y muy sensual\u2026 Au Naturel Tomas es un vibrador perfectamente suave al tacto, mientras que su interior es firme para mantener su rigidez. Su dise\u00f1o permite que se sienta tal como un pene erecto. Si buscas un amante muy grueso, Au Naturel Tomas es para ti. Su cuerpo es [&hellip;]<\/p>\n","protected":false},"featured_media":3347,"comment_status":"open","ping_status":"closed","template":"","meta":[],"product_brand":[],"product_cat":[27],"product_tag":[],"class_list":{"0":"post-3346","1":"product","2":"type-product","3":"status-publish","4":"has-post-thumbnail","6":"product_cat-vibradores","8":"first","9":"instock","10":"shipping-taxable","11":"purchasable","12":"product-type-simple"},"_links":{"self":[{"href":"https:\/\/tiendasamor.com\/index.php\/wp-json\/wp\/v2\/product\/3346","targetHints":{"allow":["GET"]}}],"collection":[{"href":"https:\/\/tiendasamor.com\/index.php\/wp-json\/wp\/v2\/product"}],"about":[{"href":"https:\/\/tiendasamor.com\/index.php\/wp-json\/wp\/v2\/types\/product"}],"replies":[{"embeddable":true,"href":"https:\/\/tiendasamor.com\/index.php\/wp-json\/wp\/v2\/comments?post=3346"}],"wp:featuredmedia":[{"embeddable":true,"href":"https:\/\/tiendasamor.com\/index.php\/wp-json\/wp\/v2\/media\/3347"}],"wp:attachment":[{"href":"https:\/\/tiendasamor.com\/index.php\/wp-json\/wp\/v2\/media?parent=3346"}],"wp:term":[{"taxonomy":"product_brand","embeddable":true,"href":"https:\/\/tiendasamor.com\/index.php\/wp-json\/wp\/v2\/product_brand?post=3346"},{"taxonomy":"product_cat","embeddable":true,"href":"https:\/\/tiendasamor.com\/index.php\/wp-json\/wp\/v2\/product_cat?post=3346"},{"taxonomy":"product_tag","embeddable":true,"href":"https:\/\/tiendasamor.com\/index.php\/wp-json\/wp\/v2\/product_tag?post=3346"}],"curies":[{"name":"wp","href":"https:\/\/api.w.org\/{rel}","templated":true}]}}