{"id":3288,"date":"2024-09-18T17:59:38","date_gmt":"2024-09-18T22:59:38","guid":{"rendered":"https:\/\/tiendasamor.com\/?post_type=product&#038;p=3288"},"modified":"2024-09-18T17:59:38","modified_gmt":"2024-09-18T22:59:38","slug":"fantasy-x-tensions-mega-3","status":"publish","type":"product","link":"https:\/\/tiendasamor.com\/index.php\/producto\/fantasy-x-tensions-mega-3\/","title":{"rendered":"Fantasy X-tensions Mega 3"},"content":{"rendered":"<p>\u00a1Transforma tu pene en una fuente de placer con el incre\u00edble Fantasy X-tension!<\/p>\n<p>Experimente la m\u00e1xima virilidad y complazca a su pareja con este potenciador de la erecci\u00f3n f\u00e1cil de usar. D\u00edgale adi\u00f3s a las costosas soluciones m\u00e9dicas y p\u00edldoras, esta alternativa segura y asequible le brindar\u00e1 el placer masivo y satisfactorio que siempre ha so\u00f1ado. Ideal para hombres que enfrentan problemas de disfunci\u00f3n er\u00e9ctil y de rendimiento, este potenciador brindar\u00e1 resultados que los complacer\u00e1n a usted y a su pareja.<\/p>\n<p>Esta extensi\u00f3n personalizable se puede recortar para un ajuste perfecto, mientras que el material s\u00faper el\u00e1stico se adapta a la mayor\u00eda de los tama\u00f1os y te ayuda a durar m\u00e1s. A tu pareja le encantar\u00e1 la penetraci\u00f3n m\u00e1s profunda que brinda la extensi\u00f3n de 3 pulgadas en la punta, y el eje ultra realista te har\u00e1 un 66 % m\u00e1s grueso en todos los sentidos.<\/p>\n<p>Fabricada con el suave material Fanta Flesh, esta extensi\u00f3n se siente como una segunda piel, brind\u00e1ndole la longitud, el grosor y la confianza para satisfacer completamente a su amante.<\/p>\n<p><strong>Marca:<\/strong>\u00a0\u00a0Fantasy X-tensions de Pipedream.<br \/>\n<strong>Color:\u00a0<\/strong>\u00a0Negro \/ Tono de piel claro.<br \/>\n<strong>Tama\u00f1o:<\/strong>\u00a0Largo total 23 cm, di\u00e1metro 5 cm.<br \/>\n<strong>Material:<\/strong>\u00a0\u00a0TPE.<br \/>\n<strong>Resistente al agua:<\/strong>\u00a0\u00a0S\u00ed.<\/p>\n","protected":false},"excerpt":{"rendered":"<p>\u00a1Transforma tu pene en una fuente de placer con el incre\u00edble Fantasy X-tension! Experimente la m\u00e1xima virilidad y complazca a su pareja con este potenciador de la erecci\u00f3n f\u00e1cil de usar. D\u00edgale adi\u00f3s a las costosas soluciones m\u00e9dicas y p\u00edldoras, esta alternativa segura y asequible le brindar\u00e1 el placer masivo y satisfactorio que siempre ha [&hellip;]<\/p>\n","protected":false},"featured_media":3289,"comment_status":"open","ping_status":"closed","template":"","meta":[],"product_brand":[],"product_cat":[45],"product_tag":[],"class_list":{"0":"post-3288","1":"product","2":"type-product","3":"status-publish","4":"has-post-thumbnail","6":"product_cat-fundas-extensoras","8":"first","9":"instock","10":"shipping-taxable","11":"purchasable","12":"product-type-simple"},"_links":{"self":[{"href":"https:\/\/tiendasamor.com\/index.php\/wp-json\/wp\/v2\/product\/3288","targetHints":{"allow":["GET"]}}],"collection":[{"href":"https:\/\/tiendasamor.com\/index.php\/wp-json\/wp\/v2\/product"}],"about":[{"href":"https:\/\/tiendasamor.com\/index.php\/wp-json\/wp\/v2\/types\/product"}],"replies":[{"embeddable":true,"href":"https:\/\/tiendasamor.com\/index.php\/wp-json\/wp\/v2\/comments?post=3288"}],"wp:featuredmedia":[{"embeddable":true,"href":"https:\/\/tiendasamor.com\/index.php\/wp-json\/wp\/v2\/media\/3289"}],"wp:attachment":[{"href":"https:\/\/tiendasamor.com\/index.php\/wp-json\/wp\/v2\/media?parent=3288"}],"wp:term":[{"taxonomy":"product_brand","embeddable":true,"href":"https:\/\/tiendasamor.com\/index.php\/wp-json\/wp\/v2\/product_brand?post=3288"},{"taxonomy":"product_cat","embeddable":true,"href":"https:\/\/tiendasamor.com\/index.php\/wp-json\/wp\/v2\/product_cat?post=3288"},{"taxonomy":"product_tag","embeddable":true,"href":"https:\/\/tiendasamor.com\/index.php\/wp-json\/wp\/v2\/product_tag?post=3288"}],"curies":[{"name":"wp","href":"https:\/\/api.w.org\/{rel}","templated":true}]}}