{"id":3271,"date":"2024-09-18T17:45:53","date_gmt":"2024-09-18T22:45:53","guid":{"rendered":"https:\/\/tiendasamor.com\/?post_type=product&#038;p=3271"},"modified":"2024-09-18T17:45:53","modified_gmt":"2024-09-18T22:45:53","slug":"adonis-extension-clear","status":"publish","type":"product","link":"https:\/\/tiendasamor.com\/index.php\/producto\/adonis-extension-clear\/","title":{"rendered":"Adonis Extension clear"},"content":{"rendered":"<p>Tu pene puede ser hasta 5 cm m\u00e1s largo en cuesti\u00f3n de segundos con esta funda transparente de silicona. Un accesorio para la extensi\u00f3n de tu virilidad que te permitir\u00e1 de disfrutar de penetraciones m\u00e1s voluminosas y estimulantes.<\/p>\n<p>Suave, y sin embargo, excitante y realistico, esta funda para el pene te ofrecer\u00e1 eso y m\u00e1s.<\/p>\n<p>El cuerpo transparente de esta funda extensora para el pene est\u00e1 ribeteado y presenta excitantes irregularidades que le aportan a tu penetraci\u00f3n una textura muy particular, adem\u00e1s se adapta a penes de casi todos los tama\u00f1os.<\/p>\n<p>Haz que tu pareja sienta tus embestidas con m\u00e1s intensidad, con m\u00e1s volumen y, sobre todo, con m\u00e1s placer.<\/p>\n<p>Apollo es una funda c\u00f3moda, el\u00e1stica y texturizada con la que poner un toque original a tus encuentros \u00edntimos.<\/p>\n<p>\u00bfQu\u00e9 m\u00e1s podr\u00eda pedir tu pareja? Disfruta de un\u00a0<strong>\u00abextra\u00bb<\/strong>\u00a0en vuestras relaciones sexuales<\/p>\n","protected":false},"excerpt":{"rendered":"<p>Tu pene puede ser hasta 5 cm m\u00e1s largo en cuesti\u00f3n de segundos con esta funda transparente de silicona. Un accesorio para la extensi\u00f3n de tu virilidad que te permitir\u00e1 de disfrutar de penetraciones m\u00e1s voluminosas y estimulantes. Suave, y sin embargo, excitante y realistico, esta funda para el pene te ofrecer\u00e1 eso y m\u00e1s. [&hellip;]<\/p>\n","protected":false},"featured_media":3272,"comment_status":"open","ping_status":"closed","template":"","meta":[],"product_brand":[],"product_cat":[45],"product_tag":[],"class_list":{"0":"post-3271","1":"product","2":"type-product","3":"status-publish","4":"has-post-thumbnail","6":"product_cat-fundas-extensoras","8":"first","9":"instock","10":"shipping-taxable","11":"purchasable","12":"product-type-simple"},"_links":{"self":[{"href":"https:\/\/tiendasamor.com\/index.php\/wp-json\/wp\/v2\/product\/3271","targetHints":{"allow":["GET"]}}],"collection":[{"href":"https:\/\/tiendasamor.com\/index.php\/wp-json\/wp\/v2\/product"}],"about":[{"href":"https:\/\/tiendasamor.com\/index.php\/wp-json\/wp\/v2\/types\/product"}],"replies":[{"embeddable":true,"href":"https:\/\/tiendasamor.com\/index.php\/wp-json\/wp\/v2\/comments?post=3271"}],"wp:featuredmedia":[{"embeddable":true,"href":"https:\/\/tiendasamor.com\/index.php\/wp-json\/wp\/v2\/media\/3272"}],"wp:attachment":[{"href":"https:\/\/tiendasamor.com\/index.php\/wp-json\/wp\/v2\/media?parent=3271"}],"wp:term":[{"taxonomy":"product_brand","embeddable":true,"href":"https:\/\/tiendasamor.com\/index.php\/wp-json\/wp\/v2\/product_brand?post=3271"},{"taxonomy":"product_cat","embeddable":true,"href":"https:\/\/tiendasamor.com\/index.php\/wp-json\/wp\/v2\/product_cat?post=3271"},{"taxonomy":"product_tag","embeddable":true,"href":"https:\/\/tiendasamor.com\/index.php\/wp-json\/wp\/v2\/product_tag?post=3271"}],"curies":[{"name":"wp","href":"https:\/\/api.w.org\/{rel}","templated":true}]}}