{"id":3251,"date":"2024-08-28T18:24:56","date_gmt":"2024-08-28T23:24:56","guid":{"rendered":"https:\/\/tiendasamor.com\/?post_type=product&#038;p=3251"},"modified":"2024-08-28T18:27:57","modified_gmt":"2024-08-28T23:27:57","slug":"m-mello-pleasure-kiss-vibrating-bullet-purple","status":"publish","type":"product","link":"https:\/\/tiendasamor.com\/index.php\/producto\/m-mello-pleasure-kiss-vibrating-bullet-purple\/","title":{"rendered":"M-Mello Pleasure Kiss Vibrating Bullet-Purple"},"content":{"rendered":"<p>Dise\u00f1o y potencia se unen en esta peque\u00f1a joya del placer:<\/p>\n<p>Pleasure Kiss es un huevo vibrador de forma pr\u00e1ctica y moderna, dotado de una superficie suave al tacto y de un potente motor que lo hace ideal para irritar las zonas er\u00f3genas con vibraciones regulables seg\u00fan al deseo del momento.\u00a0Fabricado con materiales de alta calidad, el juguete tiene muchos modos de vibraci\u00f3n y una c\u00f3moda correa para retirarlo con seguridad.<\/p>\n<p>No solo ofrece momentos de extremo placer en solitario, sino que gracias al control remoto incluido, tambi\u00e9n puedes jugar juegos calientes con tu pareja en lugares p\u00fablicos y experimentar el placer en secreto.\u00a0Carga con el cable USB incluido.<\/p>\n<ul>\n<li>10 funciones de vibraci\u00f3n<\/li>\n<li>Con control remoto inal\u00e1mbrico<\/li>\n<li>Recargable por USB<\/li>\n<li>Impermeable IPX6<\/li>\n<li>Silicona + ABS<\/li>\n<li>Libre de ftalatos y l\u00e1tex<\/li>\n<\/ul>\n","protected":false},"excerpt":{"rendered":"<p>Dise\u00f1o y potencia se unen en esta peque\u00f1a joya del placer: Pleasure Kiss es un huevo vibrador de forma pr\u00e1ctica y moderna, dotado de una superficie suave al tacto y de un potente motor que lo hace ideal para irritar las zonas er\u00f3genas con vibraciones regulables seg\u00fan al deseo del momento.\u00a0Fabricado con materiales de alta [&hellip;]<\/p>\n","protected":false},"featured_media":3258,"comment_status":"open","ping_status":"closed","template":"","meta":[],"product_brand":[],"product_cat":[40,44,27],"product_tag":[],"class_list":{"0":"post-3251","1":"product","2":"type-product","3":"status-publish","4":"has-post-thumbnail","6":"product_cat-bolas-chinas","7":"product_cat-clitorales","8":"product_cat-vibradores","10":"first","11":"instock","12":"shipping-taxable","13":"purchasable","14":"product-type-simple"},"_links":{"self":[{"href":"https:\/\/tiendasamor.com\/index.php\/wp-json\/wp\/v2\/product\/3251","targetHints":{"allow":["GET"]}}],"collection":[{"href":"https:\/\/tiendasamor.com\/index.php\/wp-json\/wp\/v2\/product"}],"about":[{"href":"https:\/\/tiendasamor.com\/index.php\/wp-json\/wp\/v2\/types\/product"}],"replies":[{"embeddable":true,"href":"https:\/\/tiendasamor.com\/index.php\/wp-json\/wp\/v2\/comments?post=3251"}],"wp:featuredmedia":[{"embeddable":true,"href":"https:\/\/tiendasamor.com\/index.php\/wp-json\/wp\/v2\/media\/3258"}],"wp:attachment":[{"href":"https:\/\/tiendasamor.com\/index.php\/wp-json\/wp\/v2\/media?parent=3251"}],"wp:term":[{"taxonomy":"product_brand","embeddable":true,"href":"https:\/\/tiendasamor.com\/index.php\/wp-json\/wp\/v2\/product_brand?post=3251"},{"taxonomy":"product_cat","embeddable":true,"href":"https:\/\/tiendasamor.com\/index.php\/wp-json\/wp\/v2\/product_cat?post=3251"},{"taxonomy":"product_tag","embeddable":true,"href":"https:\/\/tiendasamor.com\/index.php\/wp-json\/wp\/v2\/product_tag?post=3251"}],"curies":[{"name":"wp","href":"https:\/\/api.w.org\/{rel}","templated":true}]}}