{"id":3239,"date":"2024-08-28T17:31:42","date_gmt":"2024-08-28T22:31:42","guid":{"rendered":"https:\/\/tiendasamor.com\/?post_type=product&#038;p=3239"},"modified":"2024-08-28T17:34:03","modified_gmt":"2024-08-28T22:34:03","slug":"electric-sucking-massager","status":"publish","type":"product","link":"https:\/\/tiendasamor.com\/index.php\/producto\/electric-sucking-massager\/","title":{"rendered":"Electric Sucking Massager"},"content":{"rendered":"<p>En el \u00faltimo a\u00f1o se dio a conocer una nueva tecnolog\u00eda para estimular el cl\u00edtoris sin contacto, gracias a unas ondas de presi\u00f3n que este Sucker ejerce sobre tu zona m\u00e1s sensible, la sensaci\u00f3n de hormigueo logra orgamos intensos en pocos minutos, lo mejor de todo es que puedes repetir la sesi\u00f3n cuando tu quieras!<\/p>\n<ul>\n<li>Material seguro silicona m\u00e9dica<\/li>\n<li>Succionador de 10 velocidades de vibraci\u00f3n<\/li>\n<li>Bater\u00eda USB recargable<\/li>\n<li>Modelo impermeable<\/li>\n<li>Largo total: 11.5 cm \u2013 Ancho: 3.5 cm \u2013 Boquilla: 1.2 cm.<\/li>\n<\/ul>\n","protected":false},"excerpt":{"rendered":"<p>En el \u00faltimo a\u00f1o se dio a conocer una nueva tecnolog\u00eda para estimular el cl\u00edtoris sin contacto, gracias a unas ondas de presi\u00f3n que este Sucker ejerce sobre tu zona m\u00e1s sensible, la sensaci\u00f3n de hormigueo logra orgamos intensos en pocos minutos, lo mejor de todo es que puedes repetir la sesi\u00f3n cuando tu quieras! [&hellip;]<\/p>\n","protected":false},"featured_media":3240,"comment_status":"open","ping_status":"closed","template":"","meta":[],"product_brand":[],"product_cat":[44,43,27],"product_tag":[],"class_list":{"0":"post-3239","1":"product","2":"type-product","3":"status-publish","4":"has-post-thumbnail","6":"product_cat-clitorales","7":"product_cat-rabbit","8":"product_cat-vibradores","10":"first","11":"instock","12":"shipping-taxable","13":"purchasable","14":"product-type-simple"},"_links":{"self":[{"href":"https:\/\/tiendasamor.com\/index.php\/wp-json\/wp\/v2\/product\/3239","targetHints":{"allow":["GET"]}}],"collection":[{"href":"https:\/\/tiendasamor.com\/index.php\/wp-json\/wp\/v2\/product"}],"about":[{"href":"https:\/\/tiendasamor.com\/index.php\/wp-json\/wp\/v2\/types\/product"}],"replies":[{"embeddable":true,"href":"https:\/\/tiendasamor.com\/index.php\/wp-json\/wp\/v2\/comments?post=3239"}],"wp:featuredmedia":[{"embeddable":true,"href":"https:\/\/tiendasamor.com\/index.php\/wp-json\/wp\/v2\/media\/3240"}],"wp:attachment":[{"href":"https:\/\/tiendasamor.com\/index.php\/wp-json\/wp\/v2\/media?parent=3239"}],"wp:term":[{"taxonomy":"product_brand","embeddable":true,"href":"https:\/\/tiendasamor.com\/index.php\/wp-json\/wp\/v2\/product_brand?post=3239"},{"taxonomy":"product_cat","embeddable":true,"href":"https:\/\/tiendasamor.com\/index.php\/wp-json\/wp\/v2\/product_cat?post=3239"},{"taxonomy":"product_tag","embeddable":true,"href":"https:\/\/tiendasamor.com\/index.php\/wp-json\/wp\/v2\/product_tag?post=3239"}],"curies":[{"name":"wp","href":"https:\/\/api.w.org\/{rel}","templated":true}]}}