{"id":3205,"date":"2024-08-28T16:38:15","date_gmt":"2024-08-28T21:38:15","guid":{"rendered":"https:\/\/tiendasamor.com\/?post_type=product&#038;p=3205"},"modified":"2024-08-28T16:38:15","modified_gmt":"2024-08-28T21:38:15","slug":"flirtation-latin-t-skin-real","status":"publish","type":"product","link":"https:\/\/tiendasamor.com\/index.php\/producto\/flirtation-latin-t-skin-real\/","title":{"rendered":"Flirtation Latin T skin ReaL"},"content":{"rendered":"<p>Un vibrador realista con protuberancias del cl\u00edtoris y base giratoria para controlar su velocidad. Su cabeza c\u00f3nica y su eje delgado se pueden insertar c\u00f3moda y f\u00e1cilmente. Creado para los principiantes y para los que se preocupan por los costos, est\u00e1 hecho de TPE sin ftalatos, que es c\u00f3modamente suave pero r\u00edgido para un juego vigoroso.<\/p>\n<p>vibraciones profundas y potentes controladas por un pr\u00e1ctico dial giratorio<br \/>\n\u2022 Cabezal c\u00f3nico y eje fino de excelente dise\u00f1o para una inserci\u00f3n f\u00e1cil y c\u00f3moda<br \/>\n\u2022 Sensaci\u00f3n suave y realista, con un cuerpo flexible.<\/p>\n<ul>\n<li>Material natural TPE no poroso<\/li>\n<li>F\u00e1cil uso y Limpieza<\/li>\n<li>No contiene fragancias, ftalatos, parafinas ni l\u00e1tex.<\/li>\n<li>Velocidad graduable mediante dial<\/li>\n<li>Requiere 2 pilas AA (No incluido)<\/li>\n<li>Medidas:<\/li>\n<li>Alto: 24<\/li>\n<li>Insertable: 21cm<\/li>\n<li>Ancho: 5.5cm<\/li>\n<li>Vibraciones Multi-speed<\/li>\n<\/ul>\n","protected":false},"excerpt":{"rendered":"<p>Un vibrador realista con protuberancias del cl\u00edtoris y base giratoria para controlar su velocidad. Su cabeza c\u00f3nica y su eje delgado se pueden insertar c\u00f3moda y f\u00e1cilmente. Creado para los principiantes y para los que se preocupan por los costos, est\u00e1 hecho de TPE sin ftalatos, que es c\u00f3modamente suave pero r\u00edgido para un juego [&hellip;]<\/p>\n","protected":false},"featured_media":3206,"comment_status":"open","ping_status":"closed","template":"","meta":[],"product_brand":[],"product_cat":[27],"product_tag":[],"class_list":{"0":"post-3205","1":"product","2":"type-product","3":"status-publish","4":"has-post-thumbnail","6":"product_cat-vibradores","8":"first","9":"instock","10":"shipping-taxable","11":"purchasable","12":"product-type-simple"},"_links":{"self":[{"href":"https:\/\/tiendasamor.com\/index.php\/wp-json\/wp\/v2\/product\/3205","targetHints":{"allow":["GET"]}}],"collection":[{"href":"https:\/\/tiendasamor.com\/index.php\/wp-json\/wp\/v2\/product"}],"about":[{"href":"https:\/\/tiendasamor.com\/index.php\/wp-json\/wp\/v2\/types\/product"}],"replies":[{"embeddable":true,"href":"https:\/\/tiendasamor.com\/index.php\/wp-json\/wp\/v2\/comments?post=3205"}],"wp:featuredmedia":[{"embeddable":true,"href":"https:\/\/tiendasamor.com\/index.php\/wp-json\/wp\/v2\/media\/3206"}],"wp:attachment":[{"href":"https:\/\/tiendasamor.com\/index.php\/wp-json\/wp\/v2\/media?parent=3205"}],"wp:term":[{"taxonomy":"product_brand","embeddable":true,"href":"https:\/\/tiendasamor.com\/index.php\/wp-json\/wp\/v2\/product_brand?post=3205"},{"taxonomy":"product_cat","embeddable":true,"href":"https:\/\/tiendasamor.com\/index.php\/wp-json\/wp\/v2\/product_cat?post=3205"},{"taxonomy":"product_tag","embeddable":true,"href":"https:\/\/tiendasamor.com\/index.php\/wp-json\/wp\/v2\/product_tag?post=3205"}],"curies":[{"name":"wp","href":"https:\/\/api.w.org\/{rel}","templated":true}]}}