{"id":2938,"date":"2024-05-24T19:08:37","date_gmt":"2024-05-25T00:08:37","guid":{"rendered":"https:\/\/tiendasamor.com\/?post_type=product&#038;p=2938"},"modified":"2024-05-24T19:08:37","modified_gmt":"2024-05-25T00:08:37","slug":"minilove-for-women","status":"publish","type":"product","link":"https:\/\/tiendasamor.com\/index.php\/producto\/minilove-for-women\/","title":{"rendered":"Minilove For Women"},"content":{"rendered":"<p>1. Se recomienda el uso de 5-10 minutos antes de las relaciones sexuales. Aplica la cantidad adecuada de gel en el cl\u00edtoris y en las partes privadas femeninas. En el curso del sexo evidente, puede tomar un frotis apropiado. Variar de persona diferente.<\/p>\n<p>2. MASAJE con pulpa de dedo en bucle, promueve su absorci\u00f3n completa, despu\u00e9s de unos minutos ser\u00e1 bueno.<\/p>\n<p data-spm-anchor-id=\"a2g0o.detail.1000023.i0.5a3b27d01LxpgO\">3. Despu\u00e9s de usarla aprieta la tapa, guarda en un lugar seco alejado de la luz.<\/p>\n<p data-spm-anchor-id=\"a2g0o.detail.1000023.i0.5a3b27d01LxpgO\">4. contenido 10ml<\/p>\n<ul class=\"a-unordered-list a-vertical a-spacing-mini\">\n<li><span class=\"a-list-item\">Los ingredientes del producto son de extractos de plantas naturales, sin ning\u00fan da\u00f1o al cuerpo, sin dependencia.<\/span><\/li>\n<li><span class=\"a-list-item\">Antes de usar, comprueba que el embalaje est\u00e1 intacto, si encuentras que el embalaje est\u00e1 da\u00f1ado, no debes utilizarlo.<\/span><\/li>\n<li><span class=\"a-list-item\">Evita el contacto con los ojos, utiliza este producto correctamente colocado en un lugar alejado de los ni\u00f1os<\/span><\/li>\n<li><span class=\"a-list-item\">MINILOVE pasa rigurosas pruebas cl\u00ednicas y confirma que es segura; por supuesto, no se recomienda a mujeres embarazadas y lactantes.<\/span><\/li>\n<\/ul>\n","protected":false},"excerpt":{"rendered":"<p>1. Se recomienda el uso de 5-10 minutos antes de las relaciones sexuales. Aplica la cantidad adecuada de gel en el cl\u00edtoris y en las partes privadas femeninas. En el curso del sexo evidente, puede tomar un frotis apropiado. Variar de persona diferente. 2. MASAJE con pulpa de dedo en bucle, promueve su absorci\u00f3n completa, [&hellip;]<\/p>\n","protected":false},"featured_media":2939,"comment_status":"open","ping_status":"closed","template":"","meta":[],"product_brand":[],"product_cat":[64],"product_tag":[],"class_list":{"0":"post-2938","1":"product","2":"type-product","3":"status-publish","4":"has-post-thumbnail","6":"product_cat-excitantes","8":"first","9":"instock","10":"shipping-taxable","11":"purchasable","12":"product-type-simple"},"_links":{"self":[{"href":"https:\/\/tiendasamor.com\/index.php\/wp-json\/wp\/v2\/product\/2938","targetHints":{"allow":["GET"]}}],"collection":[{"href":"https:\/\/tiendasamor.com\/index.php\/wp-json\/wp\/v2\/product"}],"about":[{"href":"https:\/\/tiendasamor.com\/index.php\/wp-json\/wp\/v2\/types\/product"}],"replies":[{"embeddable":true,"href":"https:\/\/tiendasamor.com\/index.php\/wp-json\/wp\/v2\/comments?post=2938"}],"wp:featuredmedia":[{"embeddable":true,"href":"https:\/\/tiendasamor.com\/index.php\/wp-json\/wp\/v2\/media\/2939"}],"wp:attachment":[{"href":"https:\/\/tiendasamor.com\/index.php\/wp-json\/wp\/v2\/media?parent=2938"}],"wp:term":[{"taxonomy":"product_brand","embeddable":true,"href":"https:\/\/tiendasamor.com\/index.php\/wp-json\/wp\/v2\/product_brand?post=2938"},{"taxonomy":"product_cat","embeddable":true,"href":"https:\/\/tiendasamor.com\/index.php\/wp-json\/wp\/v2\/product_cat?post=2938"},{"taxonomy":"product_tag","embeddable":true,"href":"https:\/\/tiendasamor.com\/index.php\/wp-json\/wp\/v2\/product_tag?post=2938"}],"curies":[{"name":"wp","href":"https:\/\/api.w.org\/{rel}","templated":true}]}}