{"id":2934,"date":"2024-05-24T18:56:03","date_gmt":"2024-05-24T23:56:03","guid":{"rendered":"https:\/\/tiendasamor.com\/?post_type=product&#038;p=2934"},"modified":"2024-05-24T18:56:03","modified_gmt":"2024-05-24T23:56:03","slug":"pro-x5","status":"publish","type":"product","link":"https:\/\/tiendasamor.com\/index.php\/producto\/pro-x5\/","title":{"rendered":"Pro X5"},"content":{"rendered":"<p>El PRO-X5 es un juguete de lujo moderno e innovador. Esta nueva tecnolog\u00eda de juguetes sexuales utiliza no solo la vibraci\u00f3n tradicional presente en la mayor\u00eda de los vibradores y la combina con una succi\u00f3n suave intermitente para estimular el cl\u00edtoris.<\/p>\n<p>Este juguete de placer proporcionar\u00e1 una estimulaci\u00f3n intensa con un contacto directo m\u00ednimo, tambi\u00e9n la presi\u00f3n negativa ejercida sobre el cl\u00edtoris atraer\u00e1 sangre adicional para hacerlo m\u00e1s sensible y proporcionar un orgasmo intenso.<\/p>\n<p>Tambi\u00e9n tiene un mango suave y liso que se puede usar como un vibrador tradicional. Est\u00e1 hecho con silicona de grado m\u00e9dico resistente al agua (no se puede usar bajo el agua) y es completamente recargable.<\/p>\n<p>Impermeable<br \/>\nNo t\u00f3xico seguro, y libre de ftalato y l\u00e1tex<br \/>\n10 modos de succi\u00f3n.<br \/>\n10 modos de vibraci\u00f3n.<br \/>\nCargador USB incluido<br \/>\nTiempo de carga de 2 horas, tiempo de ejecuci\u00f3n de 4 horas<\/p>\n","protected":false},"excerpt":{"rendered":"<p>El PRO-X5 es un juguete de lujo moderno e innovador. Esta nueva tecnolog\u00eda de juguetes sexuales utiliza no solo la vibraci\u00f3n tradicional presente en la mayor\u00eda de los vibradores y la combina con una succi\u00f3n suave intermitente para estimular el cl\u00edtoris. Este juguete de placer proporcionar\u00e1 una estimulaci\u00f3n intensa con un contacto directo m\u00ednimo, tambi\u00e9n [&hellip;]<\/p>\n","protected":false},"featured_media":2935,"comment_status":"open","ping_status":"closed","template":"","meta":[],"product_brand":[],"product_cat":[44,27],"product_tag":[],"class_list":{"0":"post-2934","1":"product","2":"type-product","3":"status-publish","4":"has-post-thumbnail","6":"product_cat-clitorales","7":"product_cat-vibradores","9":"first","10":"instock","11":"shipping-taxable","12":"purchasable","13":"product-type-simple"},"_links":{"self":[{"href":"https:\/\/tiendasamor.com\/index.php\/wp-json\/wp\/v2\/product\/2934","targetHints":{"allow":["GET"]}}],"collection":[{"href":"https:\/\/tiendasamor.com\/index.php\/wp-json\/wp\/v2\/product"}],"about":[{"href":"https:\/\/tiendasamor.com\/index.php\/wp-json\/wp\/v2\/types\/product"}],"replies":[{"embeddable":true,"href":"https:\/\/tiendasamor.com\/index.php\/wp-json\/wp\/v2\/comments?post=2934"}],"wp:featuredmedia":[{"embeddable":true,"href":"https:\/\/tiendasamor.com\/index.php\/wp-json\/wp\/v2\/media\/2935"}],"wp:attachment":[{"href":"https:\/\/tiendasamor.com\/index.php\/wp-json\/wp\/v2\/media?parent=2934"}],"wp:term":[{"taxonomy":"product_brand","embeddable":true,"href":"https:\/\/tiendasamor.com\/index.php\/wp-json\/wp\/v2\/product_brand?post=2934"},{"taxonomy":"product_cat","embeddable":true,"href":"https:\/\/tiendasamor.com\/index.php\/wp-json\/wp\/v2\/product_cat?post=2934"},{"taxonomy":"product_tag","embeddable":true,"href":"https:\/\/tiendasamor.com\/index.php\/wp-json\/wp\/v2\/product_tag?post=2934"}],"curies":[{"name":"wp","href":"https:\/\/api.w.org\/{rel}","templated":true}]}}