{"id":2873,"date":"2024-05-22T18:25:10","date_gmt":"2024-05-22T23:25:10","guid":{"rendered":"https:\/\/tiendasamor.com\/?post_type=product&#038;p=2873"},"modified":"2024-05-22T18:28:31","modified_gmt":"2024-05-22T23:28:31","slug":"prudence-gel-neutro-100g","status":"publish","type":"product","link":"https:\/\/tiendasamor.com\/index.php\/producto\/prudence-gel-neutro-100g\/","title":{"rendered":"Prudence Gel Neutro 100g"},"content":{"rendered":"<p>Los Geles Lubricantes Prudence est\u00e1n especialmente formulados para promover la lubricaci\u00f3n sexual o para el masaje corporal. A base de agua, proporcionan una lubricaci\u00f3n natural<\/p>\n<p>tubo de 100g<\/p>\n","protected":false},"excerpt":{"rendered":"<p>Los Geles Lubricantes Prudence est\u00e1n especialmente formulados para promover la lubricaci\u00f3n sexual o para el masaje corporal. A base de agua, proporcionan una lubricaci\u00f3n natural tubo de 100g<\/p>\n","protected":false},"featured_media":2874,"comment_status":"open","ping_status":"closed","template":"","meta":[],"product_brand":[],"product_cat":[23],"product_tag":[],"class_list":{"0":"post-2873","1":"product","2":"type-product","3":"status-publish","4":"has-post-thumbnail","6":"product_cat-lubricantes","8":"first","9":"instock","10":"shipping-taxable","11":"purchasable","12":"product-type-simple"},"_links":{"self":[{"href":"https:\/\/tiendasamor.com\/index.php\/wp-json\/wp\/v2\/product\/2873","targetHints":{"allow":["GET"]}}],"collection":[{"href":"https:\/\/tiendasamor.com\/index.php\/wp-json\/wp\/v2\/product"}],"about":[{"href":"https:\/\/tiendasamor.com\/index.php\/wp-json\/wp\/v2\/types\/product"}],"replies":[{"embeddable":true,"href":"https:\/\/tiendasamor.com\/index.php\/wp-json\/wp\/v2\/comments?post=2873"}],"wp:featuredmedia":[{"embeddable":true,"href":"https:\/\/tiendasamor.com\/index.php\/wp-json\/wp\/v2\/media\/2874"}],"wp:attachment":[{"href":"https:\/\/tiendasamor.com\/index.php\/wp-json\/wp\/v2\/media?parent=2873"}],"wp:term":[{"taxonomy":"product_brand","embeddable":true,"href":"https:\/\/tiendasamor.com\/index.php\/wp-json\/wp\/v2\/product_brand?post=2873"},{"taxonomy":"product_cat","embeddable":true,"href":"https:\/\/tiendasamor.com\/index.php\/wp-json\/wp\/v2\/product_cat?post=2873"},{"taxonomy":"product_tag","embeddable":true,"href":"https:\/\/tiendasamor.com\/index.php\/wp-json\/wp\/v2\/product_tag?post=2873"}],"curies":[{"name":"wp","href":"https:\/\/api.w.org\/{rel}","templated":true}]}}