{"id":2821,"date":"2024-05-20T18:20:50","date_gmt":"2024-05-20T23:20:50","guid":{"rendered":"https:\/\/tiendasamor.com\/?post_type=product&#038;p=2821"},"modified":"2024-05-20T18:20:50","modified_gmt":"2024-05-20T23:20:50","slug":"b-yours-vibe-7","status":"publish","type":"product","link":"https:\/\/tiendasamor.com\/index.php\/producto\/b-yours-vibe-7\/","title":{"rendered":"B Yours Vibe 7"},"content":{"rendered":"<p>Vibraciones de velocidad m\u00faltiple f\u00e1cilmente controladas por un giro del dial ubicado en la base<br \/>\n2. Resistente al agua para una f\u00e1cil limpieza y juego en la ducha.<br \/>\n3. Vibraciones profundas y fuertes<\/p>\n<p>Especificaciones:<br \/>\nLongitud insertable: 7 pulgadas.<br \/>\nCirferencia: 5 pulgadas<br \/>\nAncho: 1.60 pulgadas<br \/>\nLongitud: 8.5 pulgadas<br \/>\nPeso del producto: 8.8 onzas<br \/>\nLibre de ftalatos: S\u00ed<br \/>\nMaterial: PVC<br \/>\nBater\u00eda: AA<br \/>\nN\u00famero de bater\u00edas: 2<\/p>\n<p>Instrucciones y consejos:<br \/>\n1. Limpiar con agua y jab\u00f3n antes y despu\u00e9s de cada uso. Secar con un pa\u00f1o suave y limpio.<br \/>\n2. No almacene su producto con otros productos hechos de PVC o TPE que sean productos hechos de pl\u00e1sticos blandos distintos de la silicona.<\/p>\n","protected":false},"excerpt":{"rendered":"<p>Vibraciones de velocidad m\u00faltiple f\u00e1cilmente controladas por un giro del dial ubicado en la base 2. Resistente al agua para una f\u00e1cil limpieza y juego en la ducha. 3. Vibraciones profundas y fuertes Especificaciones: Longitud insertable: 7 pulgadas. Cirferencia: 5 pulgadas Ancho: 1.60 pulgadas Longitud: 8.5 pulgadas Peso del producto: 8.8 onzas Libre de ftalatos: [&hellip;]<\/p>\n","protected":false},"featured_media":2825,"comment_status":"open","ping_status":"closed","template":"","meta":[],"product_brand":[],"product_cat":[27],"product_tag":[],"class_list":{"0":"post-2821","1":"product","2":"type-product","3":"status-publish","4":"has-post-thumbnail","6":"product_cat-vibradores","8":"first","9":"instock","10":"shipping-taxable","11":"purchasable","12":"product-type-simple"},"_links":{"self":[{"href":"https:\/\/tiendasamor.com\/index.php\/wp-json\/wp\/v2\/product\/2821","targetHints":{"allow":["GET"]}}],"collection":[{"href":"https:\/\/tiendasamor.com\/index.php\/wp-json\/wp\/v2\/product"}],"about":[{"href":"https:\/\/tiendasamor.com\/index.php\/wp-json\/wp\/v2\/types\/product"}],"replies":[{"embeddable":true,"href":"https:\/\/tiendasamor.com\/index.php\/wp-json\/wp\/v2\/comments?post=2821"}],"wp:featuredmedia":[{"embeddable":true,"href":"https:\/\/tiendasamor.com\/index.php\/wp-json\/wp\/v2\/media\/2825"}],"wp:attachment":[{"href":"https:\/\/tiendasamor.com\/index.php\/wp-json\/wp\/v2\/media?parent=2821"}],"wp:term":[{"taxonomy":"product_brand","embeddable":true,"href":"https:\/\/tiendasamor.com\/index.php\/wp-json\/wp\/v2\/product_brand?post=2821"},{"taxonomy":"product_cat","embeddable":true,"href":"https:\/\/tiendasamor.com\/index.php\/wp-json\/wp\/v2\/product_cat?post=2821"},{"taxonomy":"product_tag","embeddable":true,"href":"https:\/\/tiendasamor.com\/index.php\/wp-json\/wp\/v2\/product_tag?post=2821"}],"curies":[{"name":"wp","href":"https:\/\/api.w.org\/{rel}","templated":true}]}}