{"id":2671,"date":"2024-05-06T18:30:28","date_gmt":"2024-05-06T23:30:28","guid":{"rendered":"https:\/\/tiendasamor.com\/?post_type=product&#038;p=2671"},"modified":"2024-05-06T18:31:12","modified_gmt":"2024-05-06T23:31:12","slug":"honey-finger-orlando","status":"publish","type":"product","link":"https:\/\/tiendasamor.com\/index.php\/producto\/honey-finger-orlando\/","title":{"rendered":"Honey Finger Orlando"},"content":{"rendered":"<p>S\u00f3lo un toque de tu amor es suficiente para dejarme inconsciente toda la semana, especialmente si es con este vibrador en la funda para el dedo. Utilice este juguete sexual para lograr orgasmos explosivos para usted y su pareja. El poder de tu juguete sexual est\u00e1 al alcance de tu mano y te provocar\u00e1 escalofr\u00edos en la columna vertebral tuya o de tu pareja y en cualquier otro lugar que elijas. Desliza tu dedo en el juguete peque\u00f1o y elegante para brindar emociones estimulantes dondequiera que las desees.<\/p>\n<ul>\n<li>Material: Silicona ABS<\/li>\n<li>10 Funciones de vibraci\u00f3n<\/li>\n<li>F\u00e1cil uso y limpieza<\/li>\n<li>Impermeable<\/li>\n<li>Requiere 1 pila AAA (No incluido)<\/li>\n<li>Largo total: 9 cm \u2013\u00a0 Ancho: 2.6 cm<\/li>\n<\/ul>\n","protected":false},"excerpt":{"rendered":"<p>S\u00f3lo un toque de tu amor es suficiente para dejarme inconsciente toda la semana, especialmente si es con este vibrador en la funda para el dedo. Utilice este juguete sexual para lograr orgasmos explosivos para usted y su pareja. El poder de tu juguete sexual est\u00e1 al alcance de tu mano y te provocar\u00e1 escalofr\u00edos [&hellip;]<\/p>\n","protected":false},"featured_media":2672,"comment_status":"open","ping_status":"closed","template":"","meta":[],"product_brand":[],"product_cat":[44,43,27],"product_tag":[],"class_list":{"0":"post-2671","1":"product","2":"type-product","3":"status-publish","4":"has-post-thumbnail","6":"product_cat-clitorales","7":"product_cat-rabbit","8":"product_cat-vibradores","10":"first","11":"instock","12":"shipping-taxable","13":"purchasable","14":"product-type-simple"},"_links":{"self":[{"href":"https:\/\/tiendasamor.com\/index.php\/wp-json\/wp\/v2\/product\/2671","targetHints":{"allow":["GET"]}}],"collection":[{"href":"https:\/\/tiendasamor.com\/index.php\/wp-json\/wp\/v2\/product"}],"about":[{"href":"https:\/\/tiendasamor.com\/index.php\/wp-json\/wp\/v2\/types\/product"}],"replies":[{"embeddable":true,"href":"https:\/\/tiendasamor.com\/index.php\/wp-json\/wp\/v2\/comments?post=2671"}],"wp:featuredmedia":[{"embeddable":true,"href":"https:\/\/tiendasamor.com\/index.php\/wp-json\/wp\/v2\/media\/2672"}],"wp:attachment":[{"href":"https:\/\/tiendasamor.com\/index.php\/wp-json\/wp\/v2\/media?parent=2671"}],"wp:term":[{"taxonomy":"product_brand","embeddable":true,"href":"https:\/\/tiendasamor.com\/index.php\/wp-json\/wp\/v2\/product_brand?post=2671"},{"taxonomy":"product_cat","embeddable":true,"href":"https:\/\/tiendasamor.com\/index.php\/wp-json\/wp\/v2\/product_cat?post=2671"},{"taxonomy":"product_tag","embeddable":true,"href":"https:\/\/tiendasamor.com\/index.php\/wp-json\/wp\/v2\/product_tag?post=2671"}],"curies":[{"name":"wp","href":"https:\/\/api.w.org\/{rel}","templated":true}]}}