{"id":2648,"date":"2024-05-06T17:53:46","date_gmt":"2024-05-06T22:53:46","guid":{"rendered":"https:\/\/tiendasamor.com\/?post_type=product&#038;p=2648"},"modified":"2024-05-14T22:19:17","modified_gmt":"2024-05-15T03:19:17","slug":"pretty-love-retractil-banana-geek","status":"publish","type":"product","link":"https:\/\/tiendasamor.com\/index.php\/producto\/pretty-love-retractil-banana-geek\/","title":{"rendered":"Pretty Love Retr\u00e1ctil Banana Geek"},"content":{"rendered":"<p><span>Una fuente saludable de orgasmos, el vibrador multifunci\u00f3n de silicona Banana Geek de Pretty Love tiene que ver con la diversi\u00f3n para sentirse bien! Para un poderoso placer del cl\u00edtoris y la vagina, con siete modos de vibraci\u00f3n satisfactorios y 3 modos de empuje, este lindo vibrador proporciona toda la nutrici\u00f3n traviesa que necesitas.<\/span><\/p>\n<p><span> Con un chorrito de lubricante a base de agua, el cuerpo ancho y curvil\u00edneo de Banana Geek penetra maravillosamente dentro de tu jard\u00edn mientras el tallo enfoca sus fuertes vibraciones para una estimulaci\u00f3n intensificada, directamente a tu punto ideal. Hecho de silicona sedosa para un deslizamiento sensacional, tambi\u00e9n es muy f\u00e1cil de mantener limpio y es recargable por USB.<\/span><\/p>\n<ul>\n<li>Material:\u00a0 Silicona m\u00e9dica<\/li>\n<li>7 Funciones de vibraci\u00f3n<\/li>\n<li>3 Funciones de empuje retr\u00e1ctil<\/li>\n<li>Recargable mediante USB (Incluido)<\/li>\n<li>Dise\u00f1o impermeable<\/li>\n<li>Textura para aumentar la estimulaci\u00f3n<\/li>\n<li>Largo total: 19.5 cm \u2013 Insertable: 12 cm \u2013 Ancho: 3.1 cm<\/li>\n<\/ul>\n<p>&nbsp;<\/p>\n","protected":false},"excerpt":{"rendered":"<p>Una fuente saludable de orgasmos, el vibrador multifunci\u00f3n de silicona Banana Geek de Pretty Love tiene que ver con la diversi\u00f3n para sentirse bien! Para un poderoso placer del cl\u00edtoris y la vagina, con siete modos de vibraci\u00f3n satisfactorios y 3 modos de empuje, este lindo vibrador proporciona toda la nutrici\u00f3n traviesa que necesitas. Con [&hellip;]<\/p>\n","protected":false},"featured_media":2649,"comment_status":"open","ping_status":"closed","template":"","meta":[],"product_brand":[],"product_cat":[44,43,27],"product_tag":[],"class_list":{"0":"post-2648","1":"product","2":"type-product","3":"status-publish","4":"has-post-thumbnail","6":"product_cat-clitorales","7":"product_cat-rabbit","8":"product_cat-vibradores","10":"first","11":"instock","12":"shipping-taxable","13":"purchasable","14":"product-type-simple"},"_links":{"self":[{"href":"https:\/\/tiendasamor.com\/index.php\/wp-json\/wp\/v2\/product\/2648","targetHints":{"allow":["GET"]}}],"collection":[{"href":"https:\/\/tiendasamor.com\/index.php\/wp-json\/wp\/v2\/product"}],"about":[{"href":"https:\/\/tiendasamor.com\/index.php\/wp-json\/wp\/v2\/types\/product"}],"replies":[{"embeddable":true,"href":"https:\/\/tiendasamor.com\/index.php\/wp-json\/wp\/v2\/comments?post=2648"}],"wp:featuredmedia":[{"embeddable":true,"href":"https:\/\/tiendasamor.com\/index.php\/wp-json\/wp\/v2\/media\/2649"}],"wp:attachment":[{"href":"https:\/\/tiendasamor.com\/index.php\/wp-json\/wp\/v2\/media?parent=2648"}],"wp:term":[{"taxonomy":"product_brand","embeddable":true,"href":"https:\/\/tiendasamor.com\/index.php\/wp-json\/wp\/v2\/product_brand?post=2648"},{"taxonomy":"product_cat","embeddable":true,"href":"https:\/\/tiendasamor.com\/index.php\/wp-json\/wp\/v2\/product_cat?post=2648"},{"taxonomy":"product_tag","embeddable":true,"href":"https:\/\/tiendasamor.com\/index.php\/wp-json\/wp\/v2\/product_tag?post=2648"}],"curies":[{"name":"wp","href":"https:\/\/api.w.org\/{rel}","templated":true}]}}