{"id":2614,"date":"2024-05-05T13:23:49","date_gmt":"2024-05-05T18:23:49","guid":{"rendered":"https:\/\/tiendasamor.com\/?post_type=product&#038;p=2614"},"modified":"2024-05-05T13:58:09","modified_gmt":"2024-05-05T18:58:09","slug":"consolador-real-flexible-burguess","status":"publish","type":"product","link":"https:\/\/tiendasamor.com\/index.php\/producto\/consolador-real-flexible-burguess\/","title":{"rendered":"Consolador Real Flexible Burguess"},"content":{"rendered":"<p>Esta belleza, que abre su propio camino, es una rebelde deslumbrante. Con una sensaci\u00f3n realista, \u00bfqu\u00e9 es lo que no te encanta de este consolador? Sin test\u00edculos pero a\u00fan aprovechable, este consolador es perfecto para los fan\u00e1ticos de la circunferencia. La ligera curva y la cabeza pronunciada lo hacen ideal para jugar con los puntos G y P.<\/p>\n<p>Con este consolador volar\u00e1s alto y sentir\u00e1s la necesidad de velocidad cuando tengas este juguete en tu mano. Presenta v\u00e9rtebras internas en el n\u00facleo del consolador. Presenta v\u00e9rtebras internas en el n\u00facleo del consolador.<\/p>\n<ul>\n<li>Material: TPR<\/li>\n<li>Impermeable<\/li>\n<li>F\u00e1cil uso y limpieza<\/li>\n<li>Ventosa fuerte para manos libres o arn\u00e9s<\/li>\n<li>Largo total: 25 cm \u2013 Insertable: 22. 5 cm \u2013\u00a0 Ancho: 4.2 cm<\/li>\n<\/ul>\n","protected":false},"excerpt":{"rendered":"<p>Esta belleza, que abre su propio camino, es una rebelde deslumbrante. Con una sensaci\u00f3n realista, \u00bfqu\u00e9 es lo que no te encanta de este consolador? Sin test\u00edculos pero a\u00fan aprovechable, este consolador es perfecto para los fan\u00e1ticos de la circunferencia. La ligera curva y la cabeza pronunciada lo hacen ideal para jugar con los puntos [&hellip;]<\/p>\n","protected":false},"featured_media":2616,"comment_status":"open","ping_status":"closed","template":"","meta":[],"product_brand":[],"product_cat":[17,29],"product_tag":[],"class_list":{"0":"post-2614","1":"product","2":"type-product","3":"status-publish","4":"has-post-thumbnail","6":"product_cat-sin-categorizar","7":"product_cat-consoladores-y-dildos","9":"first","10":"instock","11":"shipping-taxable","12":"purchasable","13":"product-type-simple"},"_links":{"self":[{"href":"https:\/\/tiendasamor.com\/index.php\/wp-json\/wp\/v2\/product\/2614","targetHints":{"allow":["GET"]}}],"collection":[{"href":"https:\/\/tiendasamor.com\/index.php\/wp-json\/wp\/v2\/product"}],"about":[{"href":"https:\/\/tiendasamor.com\/index.php\/wp-json\/wp\/v2\/types\/product"}],"replies":[{"embeddable":true,"href":"https:\/\/tiendasamor.com\/index.php\/wp-json\/wp\/v2\/comments?post=2614"}],"wp:featuredmedia":[{"embeddable":true,"href":"https:\/\/tiendasamor.com\/index.php\/wp-json\/wp\/v2\/media\/2616"}],"wp:attachment":[{"href":"https:\/\/tiendasamor.com\/index.php\/wp-json\/wp\/v2\/media?parent=2614"}],"wp:term":[{"taxonomy":"product_brand","embeddable":true,"href":"https:\/\/tiendasamor.com\/index.php\/wp-json\/wp\/v2\/product_brand?post=2614"},{"taxonomy":"product_cat","embeddable":true,"href":"https:\/\/tiendasamor.com\/index.php\/wp-json\/wp\/v2\/product_cat?post=2614"},{"taxonomy":"product_tag","embeddable":true,"href":"https:\/\/tiendasamor.com\/index.php\/wp-json\/wp\/v2\/product_tag?post=2614"}],"curies":[{"name":"wp","href":"https:\/\/api.w.org\/{rel}","templated":true}]}}