{"id":2462,"date":"2024-05-01T17:55:10","date_gmt":"2024-05-01T22:55:10","guid":{"rendered":"https:\/\/tiendasamor.com\/?post_type=product&#038;p=2462"},"modified":"2024-05-01T17:55:10","modified_gmt":"2024-05-01T22:55:10","slug":"bloody-mary-30-funciones","status":"publish","type":"product","link":"https:\/\/tiendasamor.com\/index.php\/producto\/bloody-mary-30-funciones\/","title":{"rendered":"Bloody Mary 30 funciones"},"content":{"rendered":"<p><span>Vibrador TPR color carne con dos motores. Uno en la punta del eje y el otro dentro del estimulador del cl\u00edtoris en forma de flor. Es un maravilloso vibrador con una punta de punto G de cabeza grande y un estimulador del cl\u00edtoris muy fuerte para estimulaci\u00f3n vaginal y del cl\u00edtoris simult\u00e1nea para duplicar la cantidad de placer. Es muy flexible y esto significa que siempre puede llegar al punto G o al cl\u00edtoris. Los 2 potentes motores tienen 30 modos de vibraci\u00f3n intensa y se pueden controlar f\u00e1cilmente con solo presionar un bot\u00f3n.<\/span><\/p>\n<ul class=\"goods_bnt_box goods_bnt_box_on\">\n<li class=\"clearfix\"><strong><span>Funci\u00f3n:<\/span><\/strong>\n<div>\n<div class=\"catt\"><a class=\"cattsel\" title=\"\" name=\"22320\"><\/a><span>30 funciones de vibraci\u00f3n<\/span><\/div>\n<\/div>\n<\/li>\n<li class=\"clearfix\"><strong><span>Fuerza:<\/span><\/strong>\n<div>\n<div class=\"catt\"><a class=\"cattsel\" title=\"\" name=\"22321\"><\/a><span>2 pilas AAA<\/span><\/div>\n<\/div>\n<\/li>\n<li class=\"clearfix\"><strong><span>Material:<\/span><\/strong>\n<div>\n<div class=\"catt\"><a class=\"cattsel\" title=\"\" name=\"22322\"><\/a><span><a title=\"\" name=\"22323\"><\/a>ABS\u00a0<a class=\"cattsel\" title=\"\" name=\"22322\"><\/a>TPR<\/span><\/div>\n<\/div>\n<\/li>\n<\/ul>\n","protected":false},"excerpt":{"rendered":"<p>Vibrador TPR color carne con dos motores. Uno en la punta del eje y el otro dentro del estimulador del cl\u00edtoris en forma de flor. Es un maravilloso vibrador con una punta de punto G de cabeza grande y un estimulador del cl\u00edtoris muy fuerte para estimulaci\u00f3n vaginal y del cl\u00edtoris simult\u00e1nea para duplicar la [&hellip;]<\/p>\n","protected":false},"featured_media":2463,"comment_status":"open","ping_status":"closed","template":"","meta":[],"product_brand":[],"product_cat":[44,43,27],"product_tag":[],"class_list":{"0":"post-2462","1":"product","2":"type-product","3":"status-publish","4":"has-post-thumbnail","6":"product_cat-clitorales","7":"product_cat-rabbit","8":"product_cat-vibradores","10":"first","11":"instock","12":"shipping-taxable","13":"purchasable","14":"product-type-simple"},"_links":{"self":[{"href":"https:\/\/tiendasamor.com\/index.php\/wp-json\/wp\/v2\/product\/2462","targetHints":{"allow":["GET"]}}],"collection":[{"href":"https:\/\/tiendasamor.com\/index.php\/wp-json\/wp\/v2\/product"}],"about":[{"href":"https:\/\/tiendasamor.com\/index.php\/wp-json\/wp\/v2\/types\/product"}],"replies":[{"embeddable":true,"href":"https:\/\/tiendasamor.com\/index.php\/wp-json\/wp\/v2\/comments?post=2462"}],"wp:featuredmedia":[{"embeddable":true,"href":"https:\/\/tiendasamor.com\/index.php\/wp-json\/wp\/v2\/media\/2463"}],"wp:attachment":[{"href":"https:\/\/tiendasamor.com\/index.php\/wp-json\/wp\/v2\/media?parent=2462"}],"wp:term":[{"taxonomy":"product_brand","embeddable":true,"href":"https:\/\/tiendasamor.com\/index.php\/wp-json\/wp\/v2\/product_brand?post=2462"},{"taxonomy":"product_cat","embeddable":true,"href":"https:\/\/tiendasamor.com\/index.php\/wp-json\/wp\/v2\/product_cat?post=2462"},{"taxonomy":"product_tag","embeddable":true,"href":"https:\/\/tiendasamor.com\/index.php\/wp-json\/wp\/v2\/product_tag?post=2462"}],"curies":[{"name":"wp","href":"https:\/\/api.w.org\/{rel}","templated":true}]}}