{"id":2401,"date":"2024-05-01T13:34:29","date_gmt":"2024-05-01T18:34:29","guid":{"rendered":"https:\/\/tiendasamor.com\/?post_type=product&#038;p=2401"},"modified":"2024-05-01T13:45:45","modified_gmt":"2024-05-01T18:45:45","slug":"funda-sloane-con-vibracion","status":"publish","type":"product","link":"https:\/\/tiendasamor.com\/index.php\/producto\/funda-sloane-con-vibracion\/","title":{"rendered":"Funda Sloane con vibraci\u00f3n"},"content":{"rendered":"<p>Divi\u00e9rtete mucho y sexy con esta funda para pene con forma de conejo vibrante. Esta funda para el pene que mejora la erecci\u00f3n y promete placer est\u00e1 hecha de TPR suave y se fija en su lugar mediante un lazo de bola. Un vibrador en la punta extiende la longitud de su pene y se activa al contacto. Al estimular la cabeza de su eje, tambi\u00e9n le proporciona estimulaci\u00f3n interna. Ll\u00e9vala a la felicidad clim\u00e1tica encendiendo el conejo para que env\u00ede vibraciones directamente a su cl\u00edtoris. La funda el\u00e1stica abraza tu pene para lograr una erecci\u00f3n m\u00e1s fuerte y duradera, \u00a1d\u00e1ndote m\u00e1s tiempo para disfrutar de las vibraciones!<\/p>\n<ul>\n<li>Material: TPR, ABS<\/li>\n<li>F\u00e1cil uso y limpieza<\/li>\n<li>Balita con 1 modo de vibraci\u00f3n<\/li>\n<li>Requiere 3 pilas LR41<\/li>\n<li>Largo externo: 18.7 cm \u2013 Ancho: 3.8 cm<\/li>\n<li>Largo interno: 12 cm \u2013 Ancho: 3 cm<\/li>\n<\/ul>\n","protected":false},"excerpt":{"rendered":"<p>Divi\u00e9rtete mucho y sexy con esta funda para pene con forma de conejo vibrante. Esta funda para el pene que mejora la erecci\u00f3n y promete placer est\u00e1 hecha de TPR suave y se fija en su lugar mediante un lazo de bola. Un vibrador en la punta extiende la longitud de su pene y se [&hellip;]<\/p>\n","protected":false},"featured_media":2402,"comment_status":"open","ping_status":"closed","template":"","meta":[],"product_brand":[],"product_cat":[45],"product_tag":[],"class_list":{"0":"post-2401","1":"product","2":"type-product","3":"status-publish","4":"has-post-thumbnail","6":"product_cat-fundas-extensoras","8":"first","9":"instock","10":"shipping-taxable","11":"purchasable","12":"product-type-simple"},"_links":{"self":[{"href":"https:\/\/tiendasamor.com\/index.php\/wp-json\/wp\/v2\/product\/2401","targetHints":{"allow":["GET"]}}],"collection":[{"href":"https:\/\/tiendasamor.com\/index.php\/wp-json\/wp\/v2\/product"}],"about":[{"href":"https:\/\/tiendasamor.com\/index.php\/wp-json\/wp\/v2\/types\/product"}],"replies":[{"embeddable":true,"href":"https:\/\/tiendasamor.com\/index.php\/wp-json\/wp\/v2\/comments?post=2401"}],"wp:featuredmedia":[{"embeddable":true,"href":"https:\/\/tiendasamor.com\/index.php\/wp-json\/wp\/v2\/media\/2402"}],"wp:attachment":[{"href":"https:\/\/tiendasamor.com\/index.php\/wp-json\/wp\/v2\/media?parent=2401"}],"wp:term":[{"taxonomy":"product_brand","embeddable":true,"href":"https:\/\/tiendasamor.com\/index.php\/wp-json\/wp\/v2\/product_brand?post=2401"},{"taxonomy":"product_cat","embeddable":true,"href":"https:\/\/tiendasamor.com\/index.php\/wp-json\/wp\/v2\/product_cat?post=2401"},{"taxonomy":"product_tag","embeddable":true,"href":"https:\/\/tiendasamor.com\/index.php\/wp-json\/wp\/v2\/product_tag?post=2401"}],"curies":[{"name":"wp","href":"https:\/\/api.w.org\/{rel}","templated":true}]}}