{"id":2304,"date":"2024-04-28T21:49:05","date_gmt":"2024-04-29T02:49:05","guid":{"rendered":"https:\/\/tiendasamor.com\/?post_type=product&#038;p=2304"},"modified":"2024-04-28T21:49:05","modified_gmt":"2024-04-29T02:49:05","slug":"intence-sucking-rabbit-vibrator-3-in-1-g-spot-clitoral","status":"publish","type":"product","link":"https:\/\/tiendasamor.com\/index.php\/producto\/intence-sucking-rabbit-vibrator-3-in-1-g-spot-clitoral\/","title":{"rendered":"Intence Sucking Rabbit Vibrator 3 in 1 G-SPOT Clitoral"},"content":{"rendered":"<p>El modelo dispone de\u00a0<strong>3 estimuladores<\/strong>\u00a0para una completa diversi\u00f3n estimulando el cl\u00edtoris, el canal vaginal y el ano. Tiene un mango firme con\u00a0<strong>7 modos de vibraci\u00f3n<\/strong>\u00a0y\u00a0<strong>3 modos de pulsaci\u00f3n<\/strong>\u00a0, un\u00a0<strong>estimulador anal<\/strong>\u00a0con 6 bolas y un\u00a0<strong>succionador de cl\u00edtoris<\/strong>\u00a0con\u00a0<strong>2 modos de succi\u00f3n<\/strong>\u00a0.<\/p>\n<p>Est\u00e1 recubierto de silicona s\u00faper\u00a0<strong>suave y aterciopelada<\/strong>\u00a0, tiene una bater\u00eda interna\u00a0<strong>recargable<\/strong>\u00a0mediante USB\/toma (carga magn\u00e9tica) y es\u00a0<strong>resistente al agua<\/strong>\u00a0. El juguete perfecto para una estimulaci\u00f3n completa. \u00a1Experimenta este triple placer!<\/p>\n<h4><strong>\u00bfCu\u00e1les son las dimensiones del Juguete Er\u00f3tico?<\/strong><\/h4>\n<p>El producto en total mide 21,5 cm de largo (siendo 13 cm penetrables) por 3,5 cm de di\u00e1metro. La boquilla del estimulador de cl\u00edtoris mide 1,5 cm de di\u00e1metro y el estimulador anal mide 10 cm de largo.<\/p>\n<p><strong>Nota:<\/strong>\u00a0Las dimensiones especificadas son las medidas est\u00e1ndar proporcionadas por el fabricante\/importador, sin embargo son aproximadas y pueden contener alguna ligera variaci\u00f3n en las dimensiones.<\/p>\n","protected":false},"excerpt":{"rendered":"<p>El modelo dispone de\u00a03 estimuladores\u00a0para una completa diversi\u00f3n estimulando el cl\u00edtoris, el canal vaginal y el ano. Tiene un mango firme con\u00a07 modos de vibraci\u00f3n\u00a0y\u00a03 modos de pulsaci\u00f3n\u00a0, un\u00a0estimulador anal\u00a0con 6 bolas y un\u00a0succionador de cl\u00edtoris\u00a0con\u00a02 modos de succi\u00f3n\u00a0. Est\u00e1 recubierto de silicona s\u00faper\u00a0suave y aterciopelada\u00a0, tiene una bater\u00eda interna\u00a0recargable\u00a0mediante USB\/toma (carga magn\u00e9tica) y es\u00a0resistente [&hellip;]<\/p>\n","protected":false},"featured_media":2305,"comment_status":"open","ping_status":"closed","template":"","meta":[],"product_brand":[],"product_cat":[44,18,43,27],"product_tag":[],"class_list":{"0":"post-2304","1":"product","2":"type-product","3":"status-publish","4":"has-post-thumbnail","6":"product_cat-clitorales","7":"product_cat-juguetes","8":"product_cat-rabbit","9":"product_cat-vibradores","11":"first","12":"instock","13":"shipping-taxable","14":"purchasable","15":"product-type-simple"},"_links":{"self":[{"href":"https:\/\/tiendasamor.com\/index.php\/wp-json\/wp\/v2\/product\/2304","targetHints":{"allow":["GET"]}}],"collection":[{"href":"https:\/\/tiendasamor.com\/index.php\/wp-json\/wp\/v2\/product"}],"about":[{"href":"https:\/\/tiendasamor.com\/index.php\/wp-json\/wp\/v2\/types\/product"}],"replies":[{"embeddable":true,"href":"https:\/\/tiendasamor.com\/index.php\/wp-json\/wp\/v2\/comments?post=2304"}],"wp:featuredmedia":[{"embeddable":true,"href":"https:\/\/tiendasamor.com\/index.php\/wp-json\/wp\/v2\/media\/2305"}],"wp:attachment":[{"href":"https:\/\/tiendasamor.com\/index.php\/wp-json\/wp\/v2\/media?parent=2304"}],"wp:term":[{"taxonomy":"product_brand","embeddable":true,"href":"https:\/\/tiendasamor.com\/index.php\/wp-json\/wp\/v2\/product_brand?post=2304"},{"taxonomy":"product_cat","embeddable":true,"href":"https:\/\/tiendasamor.com\/index.php\/wp-json\/wp\/v2\/product_cat?post=2304"},{"taxonomy":"product_tag","embeddable":true,"href":"https:\/\/tiendasamor.com\/index.php\/wp-json\/wp\/v2\/product_tag?post=2304"}],"curies":[{"name":"wp","href":"https:\/\/api.w.org\/{rel}","templated":true}]}}