{"id":2125,"date":"2024-04-24T17:25:11","date_gmt":"2024-04-24T22:25:11","guid":{"rendered":"https:\/\/tiendasamor.com\/?post_type=product&#038;p=2125"},"modified":"2024-04-24T17:25:11","modified_gmt":"2024-04-24T22:25:11","slug":"pretty-love-passionate-ring-ix","status":"publish","type":"product","link":"https:\/\/tiendasamor.com\/index.php\/producto\/pretty-love-passionate-ring-ix\/","title":{"rendered":"Pretty Love Passionate Ring Ix"},"content":{"rendered":"<p>Prep\u00e1rate para retumbar con el anillo para pene de 10 funciones de Pretty Love. Con vibraciones superpoderosas y fabricado con silicona suave, este anillo para el pene es el accesorio perfecto para tus juegos de dormitorio.<\/p>\n<p>M\u00e9tete en la cama con tu anillo vibratorio de mariposa para el pene. Dise\u00f1ado para mantenerte activo como una mariposa durante toda la noche, el dise\u00f1o doble se ajusta c\u00f3modamente alrededor de la base de tu pene y tus test\u00edculos.<\/p>\n<p>Como el flujo sangu\u00edneo se restringe suavemente, el resultado es una erecci\u00f3n m\u00e1s firme y completa y un placer m\u00e1s duradero.<\/p>\n<p>Lleva la diversi\u00f3n al siguiente nivel activando las vibraciones y dejando que la mariposa roce los puntos dulces de tu pareja.<\/p>\n<p>Especificaciones y caracter\u00edsticas:<\/p>\n<p>&#8211; Funci\u00f3n: 10 funciones de vibraci\u00f3n<\/p>\n<p>&#8211; Alimentaci\u00f3n: 1 pila AAA<\/p>\n<p>&#8211; Material: silicona\/ABS<\/p>\n<p>&#8211; Los anillos son muy el\u00e1sticos<\/p>\n<p>&#8211; Ancho del orificio del anillo: 3,2 cm<\/p>\n<p>el orificio peque\u00f1o. 3,8 cm el agujero grande<\/p>\n<p>&#8211; Color\uff1aNegro<\/p>\n","protected":false},"excerpt":{"rendered":"<p>Prep\u00e1rate para retumbar con el anillo para pene de 10 funciones de Pretty Love. Con vibraciones superpoderosas y fabricado con silicona suave, este anillo para el pene es el accesorio perfecto para tus juegos de dormitorio. M\u00e9tete en la cama con tu anillo vibratorio de mariposa para el pene. Dise\u00f1ado para mantenerte activo como una [&hellip;]<\/p>\n","protected":false},"featured_media":2126,"comment_status":"open","ping_status":"closed","template":"","meta":[],"product_brand":[],"product_cat":[36,44],"product_tag":[],"class_list":{"0":"post-2125","1":"product","2":"type-product","3":"status-publish","4":"has-post-thumbnail","6":"product_cat-anillos","7":"product_cat-clitorales","9":"first","10":"instock","11":"shipping-taxable","12":"purchasable","13":"product-type-simple"},"_links":{"self":[{"href":"https:\/\/tiendasamor.com\/index.php\/wp-json\/wp\/v2\/product\/2125","targetHints":{"allow":["GET"]}}],"collection":[{"href":"https:\/\/tiendasamor.com\/index.php\/wp-json\/wp\/v2\/product"}],"about":[{"href":"https:\/\/tiendasamor.com\/index.php\/wp-json\/wp\/v2\/types\/product"}],"replies":[{"embeddable":true,"href":"https:\/\/tiendasamor.com\/index.php\/wp-json\/wp\/v2\/comments?post=2125"}],"wp:featuredmedia":[{"embeddable":true,"href":"https:\/\/tiendasamor.com\/index.php\/wp-json\/wp\/v2\/media\/2126"}],"wp:attachment":[{"href":"https:\/\/tiendasamor.com\/index.php\/wp-json\/wp\/v2\/media?parent=2125"}],"wp:term":[{"taxonomy":"product_brand","embeddable":true,"href":"https:\/\/tiendasamor.com\/index.php\/wp-json\/wp\/v2\/product_brand?post=2125"},{"taxonomy":"product_cat","embeddable":true,"href":"https:\/\/tiendasamor.com\/index.php\/wp-json\/wp\/v2\/product_cat?post=2125"},{"taxonomy":"product_tag","embeddable":true,"href":"https:\/\/tiendasamor.com\/index.php\/wp-json\/wp\/v2\/product_tag?post=2125"}],"curies":[{"name":"wp","href":"https:\/\/api.w.org\/{rel}","templated":true}]}}