{"id":2052,"date":"2024-04-22T18:13:19","date_gmt":"2024-04-22T23:13:19","guid":{"rendered":"https:\/\/tiendasamor.com\/?post_type=product&#038;p=2052"},"modified":"2024-04-22T18:20:38","modified_gmt":"2024-04-22T23:20:38","slug":"rosa-succionadora-sube-y-baja","status":"publish","type":"product","link":"https:\/\/tiendasamor.com\/index.php\/producto\/rosa-succionadora-sube-y-baja\/","title":{"rendered":"Rosa Succionadora Sube y Baja"},"content":{"rendered":"<div class=\"detailmodule_text\" align=\"start\">\n<p class=\"detail-desc-decorate-content\">\u00a1El vibrador de cl\u00edtoris Rose es m\u00e1s que un juguete para chupar!<br \/>\nLa forma de este succionador de cl\u00edtoris est\u00e1 dise\u00f1ada como una hermosa rosa, que puede llevarse a cualquier lugar o como juego de decoraci\u00f3n en su mesa, \u00a1y nadie lo encontrar\u00e1 como un juguete sexual para adultos!<\/p>\n<\/div>\n<div class=\"detailmodule_text\" align=\"start\">\n<p class=\"detail-desc-decorate-title\">Descripci\u00f3n:<\/p>\n<p class=\"detail-desc-decorate-content\">Material: silicona, ABS<br \/>\nAlimentaci\u00f3n: carga USB<br \/>\nCarga de 120 minutos durante 1,5 horas.<br \/>\nTama\u00f1o: longitud total 2,6 pulgadas, longitud de la hebilla de succi\u00f3n 1,5 pulgadas<\/p>\n<p>10 modos de succion<\/p>\n<p>10 modos de telescopicos<\/p>\n<\/div>\n<div class=\"detailmodule_text\" align=\"start\">\n<p class=\"detail-desc-decorate-content\">1 x vibrador rosa<br \/>\n1 cargador.<\/p>\n<\/div>\n","protected":false},"excerpt":{"rendered":"<p>\u00a1El vibrador de cl\u00edtoris Rose es m\u00e1s que un juguete para chupar! La forma de este succionador de cl\u00edtoris est\u00e1 dise\u00f1ada como una hermosa rosa, que puede llevarse a cualquier lugar o como juego de decoraci\u00f3n en su mesa, \u00a1y nadie lo encontrar\u00e1 como un juguete sexual para adultos! Descripci\u00f3n: Material: silicona, ABS Alimentaci\u00f3n: carga [&hellip;]<\/p>\n","protected":false},"featured_media":2053,"comment_status":"open","ping_status":"closed","template":"","meta":[],"product_brand":[],"product_cat":[44,18,27],"product_tag":[],"class_list":{"0":"post-2052","1":"product","2":"type-product","3":"status-publish","4":"has-post-thumbnail","6":"product_cat-clitorales","7":"product_cat-juguetes","8":"product_cat-vibradores","10":"first","11":"instock","12":"shipping-taxable","13":"purchasable","14":"product-type-simple"},"_links":{"self":[{"href":"https:\/\/tiendasamor.com\/index.php\/wp-json\/wp\/v2\/product\/2052","targetHints":{"allow":["GET"]}}],"collection":[{"href":"https:\/\/tiendasamor.com\/index.php\/wp-json\/wp\/v2\/product"}],"about":[{"href":"https:\/\/tiendasamor.com\/index.php\/wp-json\/wp\/v2\/types\/product"}],"replies":[{"embeddable":true,"href":"https:\/\/tiendasamor.com\/index.php\/wp-json\/wp\/v2\/comments?post=2052"}],"wp:featuredmedia":[{"embeddable":true,"href":"https:\/\/tiendasamor.com\/index.php\/wp-json\/wp\/v2\/media\/2053"}],"wp:attachment":[{"href":"https:\/\/tiendasamor.com\/index.php\/wp-json\/wp\/v2\/media?parent=2052"}],"wp:term":[{"taxonomy":"product_brand","embeddable":true,"href":"https:\/\/tiendasamor.com\/index.php\/wp-json\/wp\/v2\/product_brand?post=2052"},{"taxonomy":"product_cat","embeddable":true,"href":"https:\/\/tiendasamor.com\/index.php\/wp-json\/wp\/v2\/product_cat?post=2052"},{"taxonomy":"product_tag","embeddable":true,"href":"https:\/\/tiendasamor.com\/index.php\/wp-json\/wp\/v2\/product_tag?post=2052"}],"curies":[{"name":"wp","href":"https:\/\/api.w.org\/{rel}","templated":true}]}}