{"id":1918,"date":"2024-01-13T12:37:25","date_gmt":"2024-01-13T17:37:25","guid":{"rendered":"https:\/\/tiendasamor.com\/?post_type=product&#038;p=1918"},"modified":"2024-05-15T12:56:16","modified_gmt":"2024-05-15T17:56:16","slug":"lubricante-pjur-analyse-me-30ml","status":"publish","type":"product","link":"https:\/\/tiendasamor.com\/index.php\/producto\/lubricante-pjur-analyse-me-30ml\/","title":{"rendered":"Lubricante Pjur Analyse Me! 30ml"},"content":{"rendered":"<p>PJUR ANALYSE ME GEL RELAJANTE ANAL 30 ML.<\/p>\n<p>Es un lubricante de base silicona especialmente desarrollado para el sexo anal.<\/p>\n<p>Valiosos extractos de Jojoba proporcionan relajaci\u00f3n y la nueva formulaci\u00f3n a base de silicona una lubricidad especialmente prolongada.<\/p>\n<p>Favorece la dilataci\u00f3n de la piel y los tejidos, y procura un placer libre de cuidados y con sensaci\u00f3n aut\u00e9ntica. Compatible con el uso de preservativos. Consiga un coito anal sin dolor.<\/p>\n<p>Un gel muy \u00fatil para realzar el placer de la penetraci\u00f3n anal, y una ayuda muy \u00fatil para los primerizos en este modalidad de penetraci\u00f3n.<\/p>\n<p>Es un lubricante de base silicona especialmente desarrollado para el sexo anal<\/p>\n<p>Valiosos extractos de Jojoba proporcionan relajaci\u00f3n y la nueva formulaci\u00f3n a base de silicona una lubricidad especialmente prolongada.<\/p>\n<p>Sus principales cualidades son;<\/p>\n<ul>\n<li>Consiga un coito anal sin dolor.<\/li>\n<li>Lubricante de altas prestaciones<\/li>\n<li>Favorece la dilataci\u00f3n de la piel y los tejidos, y procura un placer libre de cuidados y con sensaci\u00f3n aut\u00e9ntica.<\/li>\n<li>Relajante Anal<\/li>\n<li>Compatible con el uso de preservativos.<\/li>\n<\/ul>\n<p>Un gel muy \u00fatil para realzar el placer de la penetraci\u00f3n anal, y una ayuda muy \u00fatil para los primerizos en este modalidad de penetraci\u00f3n.<\/p>\n<p>Ingredientes: Dimethicone, Dimethiconol, Simmondsia Chinensis (Jojoba), Seed oil, Balsamiferam Bark Oil.<\/p>\n<p>Base de Silicona<\/p>\n<p>Pjur<strong>\u00ae<\/strong>\u00a0es L\u00edder mundial en la fabricaci\u00f3n de lubricantes anales y vaginales, as\u00ed como de retardantes y potenciadores, son de larga duraci\u00f3n, su fiabilidad y durabilidad es un referente en el sector.<\/p>\n<p>Envase de 30 ml.<\/p>\n","protected":false},"excerpt":{"rendered":"<p>PJUR ANALYSE ME GEL RELAJANTE ANAL 30 ML. Es un lubricante de base silicona especialmente desarrollado para el sexo anal. Valiosos extractos de Jojoba proporcionan relajaci\u00f3n y la nueva formulaci\u00f3n a base de silicona una lubricidad especialmente prolongada. Favorece la dilataci\u00f3n de la piel y los tejidos, y procura un placer libre de cuidados y [&hellip;]<\/p>\n","protected":false},"featured_media":1919,"comment_status":"open","ping_status":"closed","template":"","meta":[],"product_brand":[],"product_cat":[35,23],"product_tag":[],"class_list":{"0":"post-1918","1":"product","2":"type-product","3":"status-publish","4":"has-post-thumbnail","6":"product_cat-anales","7":"product_cat-lubricantes","9":"first","10":"instock","11":"shipping-taxable","12":"purchasable","13":"product-type-simple"},"_links":{"self":[{"href":"https:\/\/tiendasamor.com\/index.php\/wp-json\/wp\/v2\/product\/1918","targetHints":{"allow":["GET"]}}],"collection":[{"href":"https:\/\/tiendasamor.com\/index.php\/wp-json\/wp\/v2\/product"}],"about":[{"href":"https:\/\/tiendasamor.com\/index.php\/wp-json\/wp\/v2\/types\/product"}],"replies":[{"embeddable":true,"href":"https:\/\/tiendasamor.com\/index.php\/wp-json\/wp\/v2\/comments?post=1918"}],"wp:featuredmedia":[{"embeddable":true,"href":"https:\/\/tiendasamor.com\/index.php\/wp-json\/wp\/v2\/media\/1919"}],"wp:attachment":[{"href":"https:\/\/tiendasamor.com\/index.php\/wp-json\/wp\/v2\/media?parent=1918"}],"wp:term":[{"taxonomy":"product_brand","embeddable":true,"href":"https:\/\/tiendasamor.com\/index.php\/wp-json\/wp\/v2\/product_brand?post=1918"},{"taxonomy":"product_cat","embeddable":true,"href":"https:\/\/tiendasamor.com\/index.php\/wp-json\/wp\/v2\/product_cat?post=1918"},{"taxonomy":"product_tag","embeddable":true,"href":"https:\/\/tiendasamor.com\/index.php\/wp-json\/wp\/v2\/product_tag?post=1918"}],"curies":[{"name":"wp","href":"https:\/\/api.w.org\/{rel}","templated":true}]}}