{"id":1880,"date":"2024-01-12T15:59:45","date_gmt":"2024-01-12T20:59:45","guid":{"rendered":"https:\/\/tiendasamor.com\/?post_type=product&#038;p=1880"},"modified":"2024-01-12T16:01:24","modified_gmt":"2024-01-12T21:01:24","slug":"penis-pump-men-con-reloj","status":"publish","type":"product","link":"https:\/\/tiendasamor.com\/index.php\/producto\/penis-pump-men-con-reloj\/","title":{"rendered":"Penis Pump Men Con Reloj"},"content":{"rendered":"<p><span class=\"a-list-item\">Trata las dificultades er\u00e9ctiles: la bomba de pene\u00a0 se puede utilizar para tratar la disfunci\u00f3n er\u00e9ctil ya que crea un ambiente de vac\u00edo alrededor de tu pene para promover el flujo sangu\u00edneo y fomentar la erecci\u00f3n,\u00a0<\/span><span class=\"a-list-item\">el dise\u00f1o de operaci\u00f3n manual, puedes controlar f\u00e1cilmente la potencia de succi\u00f3n dentro del tubo y trabajar hasta tu erecci\u00f3n y satisfacci\u00f3n deseadas,\u00a0<\/span><span class=\"a-list-item\">El tubo de la bomba de ampliaci\u00f3n del pene est\u00e1 hecho de poliestireno transparente, grueso y pesado y marcado con graduaciones m\u00e9tricas y est\u00e1ndar de Estados Unidos para medir tu crecimiento.<\/span><\/p>\n<p><span class=\"a-list-item\">Medidor de presi\u00f3n: podr\u00e1s controlar la cantidad de presi\u00f3n dentro del cilindro transparente de la bomba de pene leyendo el medidor en la parte superior, asegur\u00e1ndote de que puedes seguir el progreso que realizas.\u00a0<\/span><span class=\"a-list-item\">Manga de sellado ajustado: la funda suave y duradera forma un sello herm\u00e9tico contra la piel y permite un potente vac\u00edo dentro de la c\u00e1mara, animando a tu erecci\u00f3n a expandirse r\u00e1pidamente.<\/span><\/p>\n<ul class=\"a-unordered-list a-vertical a-spacing-mini\">\n<li><span class=\"a-list-item\">Seguro y saludable, es un tubo de ABS, anti tiro y grietas.<\/span><\/li>\n<li><span class=\"a-list-item\">F\u00e1cil de usar, operaci\u00f3n manual, control de placer por ti mismo.<\/span><\/li>\n<li><span class=\"a-list-item\">Escala precisa, sienta con precisi\u00f3n el efecto de aumentar<\/span><\/li>\n<li><span class=\"a-list-item\">V\u00e1lvula de purga de aire, puedes liberar la v\u00e1lvula cuando sientas placer.<\/span><\/li>\n<li><span class=\"a-list-item\">Privacidad empaquetada y env\u00edo ultra discreto, mantenga su privacidad en la m\u00e1s estricta confianza.<\/span><\/li>\n<li><span class=\"a-list-item\">Medidor de presi\u00f3n<\/span><\/li>\n<\/ul>\n","protected":false},"excerpt":{"rendered":"<p>Trata las dificultades er\u00e9ctiles: la bomba de pene\u00a0 se puede utilizar para tratar la disfunci\u00f3n er\u00e9ctil ya que crea un ambiente de vac\u00edo alrededor de tu pene para promover el flujo sangu\u00edneo y fomentar la erecci\u00f3n,\u00a0el dise\u00f1o de operaci\u00f3n manual, puedes controlar f\u00e1cilmente la potencia de succi\u00f3n dentro del tubo y trabajar hasta tu erecci\u00f3n [&hellip;]<\/p>\n","protected":false},"featured_media":1883,"comment_status":"open","ping_status":"closed","template":"","meta":[],"product_brand":[],"product_cat":[38,39],"product_tag":[],"class_list":{"0":"post-1880","1":"product","2":"type-product","3":"status-publish","4":"has-post-thumbnail","6":"product_cat-bomba-de-succion","7":"product_cat-desarrolladores","9":"first","10":"instock","11":"shipping-taxable","12":"purchasable","13":"product-type-simple"},"_links":{"self":[{"href":"https:\/\/tiendasamor.com\/index.php\/wp-json\/wp\/v2\/product\/1880","targetHints":{"allow":["GET"]}}],"collection":[{"href":"https:\/\/tiendasamor.com\/index.php\/wp-json\/wp\/v2\/product"}],"about":[{"href":"https:\/\/tiendasamor.com\/index.php\/wp-json\/wp\/v2\/types\/product"}],"replies":[{"embeddable":true,"href":"https:\/\/tiendasamor.com\/index.php\/wp-json\/wp\/v2\/comments?post=1880"}],"wp:featuredmedia":[{"embeddable":true,"href":"https:\/\/tiendasamor.com\/index.php\/wp-json\/wp\/v2\/media\/1883"}],"wp:attachment":[{"href":"https:\/\/tiendasamor.com\/index.php\/wp-json\/wp\/v2\/media?parent=1880"}],"wp:term":[{"taxonomy":"product_brand","embeddable":true,"href":"https:\/\/tiendasamor.com\/index.php\/wp-json\/wp\/v2\/product_brand?post=1880"},{"taxonomy":"product_cat","embeddable":true,"href":"https:\/\/tiendasamor.com\/index.php\/wp-json\/wp\/v2\/product_cat?post=1880"},{"taxonomy":"product_tag","embeddable":true,"href":"https:\/\/tiendasamor.com\/index.php\/wp-json\/wp\/v2\/product_tag?post=1880"}],"curies":[{"name":"wp","href":"https:\/\/api.w.org\/{rel}","templated":true}]}}