{"id":1606,"date":"2023-12-09T16:14:33","date_gmt":"2023-12-09T21:14:33","guid":{"rendered":"https:\/\/tiendasamor.com\/?post_type=product&#038;p=1606"},"modified":"2023-12-09T16:14:33","modified_gmt":"2023-12-09T21:14:33","slug":"hercules-penis-sheath-iii","status":"publish","type":"product","link":"https:\/\/tiendasamor.com\/index.php\/producto\/hercules-penis-sheath-iii\/","title":{"rendered":"HERCULES PENIS SHEATH III"},"content":{"rendered":"<p>Este anillo vibrador para el pene de 10 funciones brindar\u00e1 erecciones asistidas m\u00e1s largas y firmes y retrasar\u00e1 la eyaculaci\u00f3n para una satisfacci\u00f3n prolongada. Dise\u00f1ado con todos los atributos de un anillo para el pene, que restringe el flujo sangu\u00edneo para mantener su pene congestionado, tambi\u00e9n cuenta con el extra adicional de un estante para pene resistente y vibrante.<\/p>\n<p>El hermoso acabado de silicona se sentir\u00e1 incre\u00edble durante las sesiones de sexo prolongadas tanto para usted como para su pareja, ya que lo mantendr\u00e1 m\u00e1s duro durante m\u00e1s tiempo. Tener diez funciones de vibraci\u00f3n le brinda la oportunidad de experimentar con pulsos y velocidades, cada configuraci\u00f3n con la capacidad de llevarlo a un cl\u00edmax alucinante.<\/p>\n<ul>\n<li>Alto: 15.3cm<\/li>\n<li>Ancho: 6.5cm<\/li>\n<li>Circunferencia: 7.2cm<\/li>\n<li>Material: Silicona<\/li>\n<li>10 modos de vibraci\u00f3n<\/li>\n<li>Bater\u00eda 1 AAA ( no incluye<\/li>\n<\/ul>\n","protected":false},"excerpt":{"rendered":"<p>Este anillo vibrador para el pene de 10 funciones brindar\u00e1 erecciones asistidas m\u00e1s largas y firmes y retrasar\u00e1 la eyaculaci\u00f3n para una satisfacci\u00f3n prolongada. Dise\u00f1ado con todos los atributos de un anillo para el pene, que restringe el flujo sangu\u00edneo para mantener su pene congestionado, tambi\u00e9n cuenta con el extra adicional de un estante para [&hellip;]<\/p>\n","protected":false},"featured_media":1607,"comment_status":"open","ping_status":"closed","template":"","meta":[],"product_brand":[],"product_cat":[35,36,44],"product_tag":[],"class_list":{"0":"post-1606","1":"product","2":"type-product","3":"status-publish","4":"has-post-thumbnail","6":"product_cat-anales","7":"product_cat-anillos","8":"product_cat-clitorales","10":"first","11":"instock","12":"shipping-taxable","13":"purchasable","14":"product-type-simple"},"_links":{"self":[{"href":"https:\/\/tiendasamor.com\/index.php\/wp-json\/wp\/v2\/product\/1606","targetHints":{"allow":["GET"]}}],"collection":[{"href":"https:\/\/tiendasamor.com\/index.php\/wp-json\/wp\/v2\/product"}],"about":[{"href":"https:\/\/tiendasamor.com\/index.php\/wp-json\/wp\/v2\/types\/product"}],"replies":[{"embeddable":true,"href":"https:\/\/tiendasamor.com\/index.php\/wp-json\/wp\/v2\/comments?post=1606"}],"wp:featuredmedia":[{"embeddable":true,"href":"https:\/\/tiendasamor.com\/index.php\/wp-json\/wp\/v2\/media\/1607"}],"wp:attachment":[{"href":"https:\/\/tiendasamor.com\/index.php\/wp-json\/wp\/v2\/media?parent=1606"}],"wp:term":[{"taxonomy":"product_brand","embeddable":true,"href":"https:\/\/tiendasamor.com\/index.php\/wp-json\/wp\/v2\/product_brand?post=1606"},{"taxonomy":"product_cat","embeddable":true,"href":"https:\/\/tiendasamor.com\/index.php\/wp-json\/wp\/v2\/product_cat?post=1606"},{"taxonomy":"product_tag","embeddable":true,"href":"https:\/\/tiendasamor.com\/index.php\/wp-json\/wp\/v2\/product_tag?post=1606"}],"curies":[{"name":"wp","href":"https:\/\/api.w.org\/{rel}","templated":true}]}}