{"id":1545,"date":"2023-12-09T14:22:21","date_gmt":"2023-12-09T19:22:21","guid":{"rendered":"https:\/\/tiendasamor.com\/?post_type=product&#038;p=1545"},"modified":"2023-12-09T14:22:22","modified_gmt":"2023-12-09T19:22:22","slug":"furry-anal-plug","status":"publish","type":"product","link":"https:\/\/tiendasamor.com\/index.php\/producto\/furry-anal-plug\/","title":{"rendered":"Furry Anal Plug"},"content":{"rendered":"<p>Una cola de zorro totalmente sexy ideal para demostrar ese lado salvaje y atrevido que est\u00e1 dentro de ti, est\u00e1 compuesto por un plug de silicona y con una cola de zorro sint\u00e9tica de un suave y agradable<\/p>\n<p>Tap\u00f3n anal de piel<br \/>\nMaterial: Aleaci\u00f3n de aluminio + Fibra animal<br \/>\nTama\u00f1o del producto: 43 cm, ?3,5 cm<br \/>\nPeso del producto: 0,089 kg<\/p>\n","protected":false},"excerpt":{"rendered":"<p>Una cola de zorro totalmente sexy ideal para demostrar ese lado salvaje y atrevido que est\u00e1 dentro de ti, est\u00e1 compuesto por un plug de silicona y con una cola de zorro sint\u00e9tica de un suave y agradable Tap\u00f3n anal de piel Material: Aleaci\u00f3n de aluminio + Fibra animal Tama\u00f1o del producto: 43 cm, ?3,5 [&hellip;]<\/p>\n","protected":false},"featured_media":1546,"comment_status":"open","ping_status":"closed","template":"","meta":[],"product_brand":[],"product_cat":[35],"product_tag":[],"class_list":{"0":"post-1545","1":"product","2":"type-product","3":"status-publish","4":"has-post-thumbnail","6":"product_cat-anales","8":"first","9":"instock","10":"shipping-taxable","11":"purchasable","12":"product-type-simple"},"_links":{"self":[{"href":"https:\/\/tiendasamor.com\/index.php\/wp-json\/wp\/v2\/product\/1545","targetHints":{"allow":["GET"]}}],"collection":[{"href":"https:\/\/tiendasamor.com\/index.php\/wp-json\/wp\/v2\/product"}],"about":[{"href":"https:\/\/tiendasamor.com\/index.php\/wp-json\/wp\/v2\/types\/product"}],"replies":[{"embeddable":true,"href":"https:\/\/tiendasamor.com\/index.php\/wp-json\/wp\/v2\/comments?post=1545"}],"wp:featuredmedia":[{"embeddable":true,"href":"https:\/\/tiendasamor.com\/index.php\/wp-json\/wp\/v2\/media\/1546"}],"wp:attachment":[{"href":"https:\/\/tiendasamor.com\/index.php\/wp-json\/wp\/v2\/media?parent=1545"}],"wp:term":[{"taxonomy":"product_brand","embeddable":true,"href":"https:\/\/tiendasamor.com\/index.php\/wp-json\/wp\/v2\/product_brand?post=1545"},{"taxonomy":"product_cat","embeddable":true,"href":"https:\/\/tiendasamor.com\/index.php\/wp-json\/wp\/v2\/product_cat?post=1545"},{"taxonomy":"product_tag","embeddable":true,"href":"https:\/\/tiendasamor.com\/index.php\/wp-json\/wp\/v2\/product_tag?post=1545"}],"curies":[{"name":"wp","href":"https:\/\/api.w.org\/{rel}","templated":true}]}}