{"id":1528,"date":"2023-12-09T13:39:33","date_gmt":"2023-12-09T18:39:33","guid":{"rendered":"https:\/\/tiendasamor.com\/?post_type=product&#038;p=1528"},"modified":"2023-12-09T13:42:32","modified_gmt":"2023-12-09T18:42:32","slug":"her-her-overlap-01","status":"publish","type":"product","link":"https:\/\/tiendasamor.com\/index.php\/producto\/her-her-overlap-01\/","title":{"rendered":"HER \u2013 HER OVERLAP 01"},"content":{"rendered":"<p>Debido a que ya tiene la forma de una conveniente \u00abU\u00bb, est\u00e1 listo para usarse nada m\u00e1s sacarlo de la caja.\u00a0F\u00e1cil de usar, en solo dos pasos, lubrique el portaobjetos. Cada cent\u00edmetro tiene una textura venosa para tentar todas las \u00e1reas sensibles.\u00a0Y esas cabezas f\u00e1licas est\u00e1n coloreadas con material 100% seguro para el cuerpo para que parezcan tan realistas. Hecho de material de PVC de alta calidad que no contiene ftalatos ni l\u00e1tex, es hipoalerg\u00e9nico y resistente a las bacterias.\u00a0F\u00e1cil de limpiar despu\u00e9s de su uso con agua tibia y un jab\u00f3n suave, evitando cepillos abrasivos que puedan da\u00f1ar el material liso y suave.<\/p>\n<p>Cuando los consumidores no est\u00e9n de humor para llenarse por completo, utilice cualquiera de los ejes por s\u00ed solo para disfrutar de una experiencia de consolador m\u00e1s tradicional.\u00a0O util\u00edcelo como profesionales para probar el eje m\u00e1s grande por v\u00eda vaginal o el eje m\u00e1s peque\u00f1o por v\u00eda anal.<\/p>\n<p>Consejo profesional: agregue siempre lubricante para proteger las \u00e1reas sensibles y para un mejor contacto.<\/p>\n<p>Trabajamos con materiales de PVC, TPE, silicona, ABS, etc. desde que nuestras instalaciones comenzaron a operar en 2012 y lo estamos haciendo bastante bien.\u00a0Encontramos f\u00f3rmulas mejores y estables miles de veces y de ah\u00ed proviene nuestra confianza.\u00a0Menor olor, mejor ductilidad, no es f\u00e1cil de deformar, transparente como el cristal, controla bastante bien el problema de las burbujas de aire, estas son todas nuestras preponderancias.<\/p>\n<p>\u25cf Doble pene en forma de U para dobles penetraciones.<\/p>\n<p>\u25cf Forma realista con venas y balanus pintado de rosa.<\/p>\n<p>\u25cf Flexible y suave<\/p>\n","protected":false},"excerpt":{"rendered":"<p>Debido a que ya tiene la forma de una conveniente \u00abU\u00bb, est\u00e1 listo para usarse nada m\u00e1s sacarlo de la caja.\u00a0F\u00e1cil de usar, en solo dos pasos, lubrique el portaobjetos. Cada cent\u00edmetro tiene una textura venosa para tentar todas las \u00e1reas sensibles.\u00a0Y esas cabezas f\u00e1licas est\u00e1n coloreadas con material 100% seguro para el cuerpo para [&hellip;]<\/p>\n","protected":false},"featured_media":1540,"comment_status":"open","ping_status":"closed","template":"","meta":[],"product_brand":[],"product_cat":[17,29],"product_tag":[],"class_list":{"0":"post-1528","1":"product","2":"type-product","3":"status-publish","4":"has-post-thumbnail","6":"product_cat-sin-categorizar","7":"product_cat-consoladores-y-dildos","9":"first","10":"instock","11":"shipping-taxable","12":"purchasable","13":"product-type-simple"},"_links":{"self":[{"href":"https:\/\/tiendasamor.com\/index.php\/wp-json\/wp\/v2\/product\/1528","targetHints":{"allow":["GET"]}}],"collection":[{"href":"https:\/\/tiendasamor.com\/index.php\/wp-json\/wp\/v2\/product"}],"about":[{"href":"https:\/\/tiendasamor.com\/index.php\/wp-json\/wp\/v2\/types\/product"}],"replies":[{"embeddable":true,"href":"https:\/\/tiendasamor.com\/index.php\/wp-json\/wp\/v2\/comments?post=1528"}],"wp:featuredmedia":[{"embeddable":true,"href":"https:\/\/tiendasamor.com\/index.php\/wp-json\/wp\/v2\/media\/1540"}],"wp:attachment":[{"href":"https:\/\/tiendasamor.com\/index.php\/wp-json\/wp\/v2\/media?parent=1528"}],"wp:term":[{"taxonomy":"product_brand","embeddable":true,"href":"https:\/\/tiendasamor.com\/index.php\/wp-json\/wp\/v2\/product_brand?post=1528"},{"taxonomy":"product_cat","embeddable":true,"href":"https:\/\/tiendasamor.com\/index.php\/wp-json\/wp\/v2\/product_cat?post=1528"},{"taxonomy":"product_tag","embeddable":true,"href":"https:\/\/tiendasamor.com\/index.php\/wp-json\/wp\/v2\/product_tag?post=1528"}],"curies":[{"name":"wp","href":"https:\/\/api.w.org\/{rel}","templated":true}]}}